000
CXUS55 KPSR 301005
CF6SDL
PRELIMINARY LOCAL CLIMATOLOGICAL DATA (WS FORM: F-6)

                                          STATION:   SCOTTSDALE AZ
                                          MONTH:     APRIL
                                          YEAR:      2016
                                          LATITUDE:   33 37 N
                                          LONGITUDE: 111 55 W

  TEMPERATURE IN F:       :PCPN:    SNOW:  WIND      :SUNSHINE: SKY     :PK WND
================================================================================
1   2   3   4   5  6A  6B    7    8   9   10  11  12  13   14  15   16   17  18
                                     12Z  AVG MX 2MIN
DY MAX MIN AVG DEP HDD CDD  WTR  SNW DPTH SPD SPD DIR MIN PSBL S-S WX    SPD DR
================================================================================

 1  77  52  65  -1   0   0 0.00  0.0    0  3.4 10 140   M    M   0        14 160
 2  82  53  68   2   0   3 0.00  0.0    0  3.6  9 220   M    M   0        14 170
 3  87  56  72   6   0   7 0.00  0.0    0  2.3 10 200   M    M   0 8      14 200
 4  90  55  73   6   0   8 0.00  0.0    0  2.2 15 240   M    M   0        22 200
 5  90  58  74   7   0   9 0.00  0.0    0  2.1 10 250   M    M   0        16 270
 6  97  66  82  15   0  17 0.00  0.0    0  5.5 18  50   M    M   0        23  50
 7  89  68  79  12   0  14    T  0.0    0  4.5 20 250   M    M   1 8      26 250
 8  80  61  71   3   0   6 0.27  0.0    0  5.9 18  50   M    M   4 1      23 200
 9  79  62  71   3   0   6 0.00  0.0    0  4.3 13 190   M    M   3        19 210
10  70  55  63  -5   2   0 0.20  0.0    0  3.9 26 240   M    M   4 1      36 240
11  76  53  65  -3   0   0 0.00  0.0    0  2.3 12 100   M    M   1        17 120
12  80  57  69   0   0   4 0.00  0.0    0  2.6 12 240   M    M   0        17 250
13  85  60  73   4   0   8 0.00  0.0    0  2.1 12 230   M    M   0        17 240
14  87  60  74   5   0   9 0.00  0.0    0  5.0 17 240   M    M   0        23 240
15  80  61  71   1   0   6 0.00  0.0    0  8.9 30 260   M    M   0        41 250
16  80  55  68  -2   0   3 0.00  0.0    0  5.8 17 260   M    M   0        22 260
17  81  64  73   3   0   8 0.00  0.0    0  7.6 18  30   M    M   0        23  40
18  84  58  71   1   0   6 0.00  0.0    0  5.1 15 290   M    M   0        23 270
19  89  58  74   3   0   9 0.00  0.0    0  2.7 13 260   M    M   0        19 220
20  92  61  77   6   0  12 0.00  0.0    0  3.3 12 250   M    M   0        17 230
21  94  62  78   7   0  13 0.00  0.0    0  2.9 10 230   M    M   0        13 230
22  94  65  80   8   0  15 0.00  0.0    0  4.7 17 250   M    M   0        23 240
23  85  66  76   4   0  11 0.00  0.0    0  5.3 20 240   M    M   0        26 240
24  86  59  73   1   0   8 0.00  0.0    0  5.1 15 230   M    M   0        19 240
25  78  66  72   0   0   7 0.00  0.0    0 12.5 29 230   M    M   0        41 230
26  75  56  66  -7   0   1 0.00  0.0    0  5.3 15 240   M    M   0        21 240
27  81  55  68  -5   0   3 0.00  0.0    0  4.4 17 240   M    M   0        25 230
28  73  61  67  -6   0   2 0.00  0.0    0  6.1 20 230   M    M   1        27 220
29  79  63  71  -3   0   6    T  0.0    0  5.8 17 230   M    M   5        22 230
================================================================================
SM 2420 1726         2 201  0.47     0.0 135.2          M       19
================================================================================
AV 83.4 59.5                               4.7 FASTST   M    M   1    MAX(MPH)
                                 MISC ---->  # 30 260               # 41  250
================================================================================
NOTES:
# LAST OF SEVERAL OCCURRENCES

COLUMN 17 PEAK WIND IN M.P.H.

PRELIMINARY LOCAL CLIMATOLOGICAL DATA (WS FORM: F-6) , PAGE 2

                                          STATION:  SCOTTSDALE AZ
                                          MONTH:    APRIL
                                          YEAR:     2016
                                          LATITUDE:   33 37 N
                                          LONGITUDE: 111 55 W

[TEMPERATURE DATA]      [PRECIPITATION DATA]       SYMBOLS USED IN COLUMN 16

AVERAGE MONTHLY: 71.5   TOTAL FOR MONTH:   0.47    1 = FOG OR MIST
DPTR FM NORMAL:   1.9   DPTR FM NORMAL:    0.02    2 = FOG REDUCING VISIBILITY
HIGHEST:    97 ON  6    GRTST 24HR  0.27 ON  8- 8      TO 1/4 MILE OR LESS
LOWEST:     52 ON  1                               3 = THUNDER
                        SNOW, ICE PELLETS, HAIL    4 = ICE PELLETS
                        TOTAL MONTH:   0.0 INCH    5 = HAIL
                        GRTST 24HR     0.0         6 = FREEZING RAIN OR DRIZZLE
                        GRTST DEPTH:   0           7 = DUSTSTORM OR SANDSTORM:
                                                       VSBY 1/2 MILE OR LESS
                                                   8 = SMOKE OR HAZE
[NO. OF DAYS WITH]      [WEATHER - DAYS WITH]      9 = BLOWING SNOW
                                                   X = TORNADO
MAX 32 OR BELOW:   0    0.01 INCH OR MORE:   2
MAX 90 OR ABOVE:   6    0.10 INCH OR MORE:   2
MIN 32 OR BELOW:   0    0.50 INCH OR MORE:   0
MIN  0 OR BELOW:   0    1.00 INCH OR MORE:   0

[HDD (BASE 65) ]
TOTAL THIS MO.     2    CLEAR  (SCALE 0-3)  26
DPTR FM NORMAL   -21    PTCLDY (SCALE 4-7)   3
TOTAL FM JUL 1  1094    CLOUDY (SCALE 8-10)  0
DPTR FM NORMAL  -101

[CDD (BASE 65) ]
TOTAL THIS MO.   201
DPTR FM NORMAL    44    [PRESSURE DATA]
TOTAL FM JAN 1   340    HIGHEST SLP M ON M
DPTR FM NORMAL   125    LOWEST  SLP 29.53 ON 15

[REMARKS]
