000
CXUS54 KFWD 270730
CF6SEP
PRELIMINARY LOCAL CLIMATOLOGICAL DATA (WS FORM: F-6)

                                          STATION:   STEPHENVILLE
                                          MONTH:     JULY
                                          YEAR:      2016
                                          LATITUDE:   32 13 N
                                          LONGITUDE:  98 11 W

  TEMPERATURE IN F:       :PCPN:    SNOW:  WIND      :SUNSHINE: SKY     :PK WND
================================================================================
1   2   3   4   5  6A  6B    7    8   9   10  11  12  13   14  15   16   17  18
                                     12Z  AVG MX 2MIN
DY MAX MIN AVG DEP HDD CDD  WTR  SNW DPTH SPD SPD DIR MIN PSBL S-S WX    SPD DR
================================================================================

 1  93  69  81   0   0  16 0.00  0.0    0  2.9  9 140   M    M   1         M  M
 2  96  72  84   3   0  19 0.00  0.0    0  5.8 13 180   M    M   0        18 170
 3  95  76  86   5   0  21 0.00  0.0    0 10.7 15 180   M    M   1        24 180
 4  97  73  85   4   0  20 0.00  0.0    0  8.8 16 110   M    M   5        22 140
 5  94  73  84   2   0  19 0.00  0.0    0  7.5 13 200   M    M   2        24 190
 6  98  75  87   5   0  22 0.00  0.0    0 11.9 16 160   M    M   0        25 200
 7  97  74  86   4   0  21 0.00  0.0    0 11.4 17 190   M    M   0        24 180
 8  96  73  85   3   0  20 0.00  0.0    0  9.0 15 210   M    M   0        22 190
 9  95  74  85   3   0  20 0.00  0.0    0  7.0 16  60   M    M   1        23  60
10  94  69  82   0   0  17 0.00  0.0    0  5.8 12 140   M    M   1        16 150
11  95  75  85   3   0  20 0.00  0.0    0 11.9 17 160   M    M   2        24 190
12  95  74  85   3   0  20 0.00  0.0    0 12.7 17 170   M    M   0        29 160
13  99  73  86   4   0  21 0.00  0.0    0 10.8 15 160   M    M   1        24 180
14  98  73  86   4   0  21 0.00  0.0    0  8.9 13 140   M    M   0        22 170
15  96  75  86   4   0  21 0.00  0.0    0  4.4 10 120   M    M   2         9 120
16  97  72  85   3   0  20 0.00  0.0    0  4.7  8 140   M    M   0        16 150
17  97  73  85   3   0  20 0.00  0.0    0  7.0 14 160   M    M   0        21 140
18  96  73  85   3   0  20 0.00  0.0    0  5.9 12 130   M    M   1        17 150
19  96  74  85   2   0  20 0.00  0.0    0  5.0 10 150   M    M   1        16 160
20  96  73  85   2   0  20 0.00  0.0    0  5.0 10 160   M    M   1        18 140
21  98  73  86   3   0  21 0.00  0.0    0  4.2 10 130   M    M   0        18 130
22  99  71  85   2   0  20 0.00  0.0    0  3.5  8 180   M    M   0         M  M
23 100  73  87   4   0  22 0.00  0.0    0  4.0  9 130   M    M   0        16 160
24 100  74  87   4   0  22 0.00  0.0    0  4.4 10 120   M    M   0         M  M
25 100  74  87   4   0  22 0.00  0.0    0  3.7 16  90   M    M   1        24  90
26  96  71  84   1   0  19 0.00  0.0    0  3.2  9  80   M    M   1         M  M
================================================================================
SM 2513 1899         0 524  0.00     0.0 180.1          M       21
================================================================================
AV 96.7 73.0                               6.9 FASTST   M    M   1    MAX(MPH)
                                 MISC ---->    17   M                 29    M
================================================================================
NOTES:
# LAST OF SEVERAL OCCURRENCES

COLUMN 17 PEAK WIND IN M.P.H.

PRELIMINARY LOCAL CLIMATOLOGICAL DATA (WS FORM: F-6) , PAGE 2

                                          STATION:  STEPHENVILLE
                                          MONTH:    JULY
                                          YEAR:     2016
                                          LATITUDE:   32 13 N
                                          LONGITUDE:  98 11 W

[TEMPERATURE DATA]      [PRECIPITATION DATA]       SYMBOLS USED IN COLUMN 16

AVERAGE MONTHLY: 84.8   TOTAL FOR MONTH:   0.00    1 = FOG OR MIST
DPTR FM NORMAL:   2.7   DPTR FM NORMAL:   -1.31    2 = FOG REDUCING VISIBILITY
HIGHEST:   100 ON 25,24 GRTST 24HR  0.00 ON 26-26      TO 1/4 MILE OR LESS
LOWEST:     69 ON 10, 1                            3 = THUNDER
                        SNOW, ICE PELLETS, HAIL    4 = ICE PELLETS
                        TOTAL MONTH:   0.0 INCH    5 = HAIL
                        GRTST 24HR     0.0         6 = FREEZING RAIN OR DRIZZLE
                        GRTST DEPTH:   0           7 = DUSTSTORM OR SANDSTORM:
                                                       VSBY 1/2 MILE OR LESS
                                                   8 = SMOKE OR HAZE
[NO. OF DAYS WITH]      [WEATHER - DAYS WITH]      9 = BLOWING SNOW
                                                   X = TORNADO
MAX 32 OR BELOW:   0    0.01 INCH OR MORE:   0
MAX 90 OR ABOVE:  26    0.10 INCH OR MORE:   0
MIN 32 OR BELOW:   0    0.50 INCH OR MORE:   0
MIN  0 OR BELOW:   0    1.00 INCH OR MORE:   0

[HDD (BASE 65) ]
TOTAL THIS MO.     0    CLEAR  (SCALE 0-3)  25
DPTR FM NORMAL     0    PTCLDY (SCALE 4-7)   1
TOTAL FM JUL 1     0    CLOUDY (SCALE 8-10)  0
DPTR FM NORMAL     0

[CDD (BASE 65) ]
TOTAL THIS MO.   524
DPTR FM NORMAL    78    [PRESSURE DATA]
TOTAL FM JAN 1  1297    HIGHEST SLP M ON M
DPTR FM NORMAL   119    LOWEST  SLP M ON M

[REMARKS]
