000
CXUS53 KSGF 260800
CF6SGF
PRELIMINARY LOCAL CLIMATOLOGICAL DATA (WS FORM: F-6)

                                          STATION:   SPRINGFIELD MO
                                          MONTH:     SEPTEMBER
                                          YEAR:      2016
                                          LATITUDE:   37 13 N
                                          LONGITUDE:  93 23 W

  TEMPERATURE IN F:       :PCPN:    SNOW:  WIND      :SUNSHINE: SKY     :PK WND
================================================================================
1   2   3   4   5  6A  6B    7    8   9   10  11  12  13   14  15   16   17  18
                                     12Z  AVG MX 2MIN
DY MAX MIN AVG DEP HDD CDD  WTR  SNW DPTH SPD SPD DIR MIN PSBL S-S WX    SPD DR
================================================================================

 1  81  64  73  -2   0   8 0.00  0.0    0  9.1 20  30   M    M   5        24  40
 2  78  59  69  -5   0   4 0.00  0.0    0  8.6 18  40   M    M   2        22  40
 3  80  60  70  -4   0   5 0.00  0.0    0  4.7 15 100   M    M   5        18 100
 4  86  57  72  -2   0   7 0.00  0.0    0  8.8 16 160   M    M   0        19 150
 5  93  68  81   8   0  16 0.00  0.0    0 12.4 18 190   M    M   1        24 200
 6  94  75  85  12   0  20 0.00  0.0    0 11.7 20 210   M    M   1 1      26 200
 7  94  72  83  10   0  18 0.00  0.0    0 12.7 22 210   M    M   1        26 200
 8  85  73  79   7   0  14 0.63  0.0    0  8.3 25 280   M    M   3 13     33 280
 9  86  71  79   7   0  14 0.12  0.0    0  8.0 26 310   M    M   3 13     36 300
10  76  56  66  -5   0   1 0.42  0.0    0  8.4 25 340   M    M   4 13     34 320
11  79  51  65  -6   0   0 0.00  0.0    0  4.9 12 160   M    M   0        18 160
12  85  59  72   1   0   7 0.00  0.0    0  9.7 17 150   M    M   0        22 140
13  88  67  78   8   0  13 0.00  0.0    0  7.1 12 240   M    M   1        14  40
14  87  68  78   8   0  13 0.22  0.0    0  5.2 21 350   M    M   1 3      24 340
15  87  68  78   9   0  13 0.09  0.0    0  8.2 25 340   M    M   2 3      33 340
16  77  66  72   3   0   7 2.22  0.0    0  9.0 26 340   M    M   5 13     33 330
17  83  64  74   6   0   9 0.00  0.0    0  3.2  8 340   M    M   5 12     11 340
18  86  62  74   6   0   9 0.00  0.0    0  5.6 15 130   M    M   2        19 120
19  89  64  77   9   0  12 0.00  0.0    0  6.8 12 160   M    M   2        14 190
20  92  69  81  14   0  16 0.00  0.0    0  6.2 10 160   M    M   1        14 150
21  88  68  78  11   0  13 0.00  0.0    0  7.1 13 150   M    M   0        16  80
22  89  65  77  11   0  12 0.00  0.0    0  6.9 13 190   M    M   0        16 190
23  88  65  77  11   0  12 0.00  0.0    0  6.6 13 140   M    M   0        17 190
24  91  69  80  15   0  15 0.00  0.0    0  9.0 18 160   M    M   1        24 150
25  86  60  73   8   0   8 0.12  0.0    0  7.9 22 340   M    M   4 13     26 330
================================================================================
SM 2148 1620         0 266  3.82     0.0 196.1          M       49
================================================================================
AV 85.9 64.8                               7.8 FASTST   M    M   2    MAX(MPH)
                                 MISC ---->  # 26 310               # 36  300
================================================================================
NOTES:
# LAST OF SEVERAL OCCURRENCES

COLUMN 17 PEAK WIND IN M.P.H.

PRELIMINARY LOCAL CLIMATOLOGICAL DATA (WS FORM: F-6) , PAGE 2

                                          STATION:  SPRINGFIELD MO
                                          MONTH:    SEPTEMBER
                                          YEAR:     2016
                                          LATITUDE:   37 13 N
                                          LONGITUDE:  93 23 W

[TEMPERATURE DATA]      [PRECIPITATION DATA]       SYMBOLS USED IN COLUMN 16

AVERAGE MONTHLY: 75.4   TOTAL FOR MONTH:   3.82    1 = FOG OR MIST
DPTR FM NORMAL:   5.3   DPTR FM NORMAL:   -0.05    2 = FOG REDUCING VISIBILITY
HIGHEST:    94 ON  7, 6 GRTST 24HR  2.22 ON 16-16      TO 1/4 MILE OR LESS
LOWEST:     51 ON 11                               3 = THUNDER
                        SNOW, ICE PELLETS, HAIL    4 = ICE PELLETS
                        TOTAL MONTH:   0.0 INCH    5 = HAIL
                        GRTST 24HR     0.0         6 = FREEZING RAIN OR DRIZZLE
                        GRTST DEPTH:   0           7 = DUSTSTORM OR SANDSTORM:
                                                       VSBY 1/2 MILE OR LESS
                                                   8 = SMOKE OR HAZE
[NO. OF DAYS WITH]      [WEATHER - DAYS WITH]      9 = BLOWING SNOW
                                                   X = TORNADO
MAX 32 OR BELOW:   0    0.01 INCH OR MORE:   7
MAX 90 OR ABOVE:   5    0.10 INCH OR MORE:   6
MIN 32 OR BELOW:   0    0.50 INCH OR MORE:   2
MIN  0 OR BELOW:   0    1.00 INCH OR MORE:   1

[HDD (BASE 65) ]
TOTAL THIS MO.     0    CLEAR  (SCALE 0-3)  18
DPTR FM NORMAL   -32    PTCLDY (SCALE 4-7)   7
TOTAL FM JUL 1     0    CLOUDY (SCALE 8-10)  0
DPTR FM NORMAL   -34

[CDD (BASE 65) ]
TOTAL THIS MO.   266
DPTR FM NORMAL   108    [PRESSURE DATA]
TOTAL FM JAN 1  1698    HIGHEST SLP M ON M
DPTR FM NORMAL   354    LOWEST  SLP 29.83 ON  9

[REMARKS]
