000
CXUS56 KMTR 211000
CF6SJC
PRELIMINARY LOCAL CLIMATOLOGICAL DATA (WS FORM: F-6)

                                          STATION:   SAN JOSE AIRPORT
                                          MONTH:     NOVEMBER
                                          YEAR:      2017
                                          LATITUDE:   37 21 N
                                          LONGITUDE: 121 55 W

  TEMPERATURE IN F:       :PCPN:    SNOW:  WIND      :SUNSHINE: SKY     :PK WND
================================================================================
1   2   3   4   5  6A  6B    7    8   9   10  11  12  13   14  15   16   17  18
                                     12Z  AVG MX 2MIN
DY MAX MIN AVG DEP HDD CDD  WTR  SNW DPTH SPD SPD DIR MIN PSBL S-S WX    SPD DR
================================================================================

 1  72  48  60   1   5   0 0.00  0.0    0  4.7 15 320   M    M   0        22 330
 2  70  49  60   1   5   0 0.00  0.0    0  4.8 13 160   M    M   5        16 160
 3  69  57  63   4   2   0 0.01  0.0    0  9.2 17 150   M    M   9 1      24 140
 4  62  45  54  -4  11   0 0.11  0.0    0  7.1 15 310   M    M   8 1      18 310
 5  62  44  53  -5  12   0 0.00  0.0    0  4.6 13 310   M    M   4        17 330
 6  66  46  56  -2   9   0 0.00  0.0    0  5.5 14 310   M    M   5        21 340
 7  70  41  56  -1   9   0 0.00  0.0    0  3.6 10 320   M    M   2        13 340
 8  69  51  60   3   5   0 0.01  0.0    0  8.6 17 160   M    M   7 1      22 140
 9  69  55  62   5   3   0 0.06  0.0    0  6.6 15 170   M    M   7 18     21 160
10  70  52  61   5   4   0 0.05  0.0    0  5.2 16 270   M    M   6 1      18 280
11  68  50  59   3   6   0 0.00  0.0    0  3.5 14 300   M    M   5        16 300
12  69  48  59   3   6   0 0.00  0.0    0  4.5 12 310   M    M   3        13 290
13  73  51  62   6   3   0 0.08  0.0    0  6.9 14 320   M    M   6 1      21  60
14  68  53  61   6   4   0 0.00  0.0    0  4.5 12 280   M    M   6        14 310
15  72  51  62   7   3   0    T  0.0    0  5.5 18 160   M    M   7 8      24 160
16  64  56  60   5   5   0 0.76  0.0    0  6.4 16 300   M    M  10 1      20  90
17  63  48  56   1   9   0 0.02    M    0  6.0 17 310   M    M   3 1      21 310
18  65  40  53  -1  12   0 0.00  0.0    0  3.6 10 300   M    M   3        13 290
19  65  42  54   0  11   0 0.00  0.0    0  2.3  9 130   M    M   5        12 360
20  71  56  64  10   1   0 0.00  0.0    0  3.8 10 130   M    M   9        13 130
================================================================================
SM 1357  983       125   0  1.10     0.0 106.9          M      110
================================================================================
AV 67.9 49.2                               5.3 FASTST   M    M   6    MAX(MPH)
                                 MISC ---->  # 18 160               # 24  140
================================================================================
NOTES:
# LAST OF SEVERAL OCCURRENCES

COLUMN 17 PEAK WIND IN M.P.H.

PRELIMINARY LOCAL CLIMATOLOGICAL DATA (WS FORM: F-6) , PAGE 2

                                          STATION:  SAN JOSE AIRPORT
                                          MONTH:    NOVEMBER
                                          YEAR:     2017
                                          LATITUDE:   37 21 N
                                          LONGITUDE: 121 55 W

[TEMPERATURE DATA]      [PRECIPITATION DATA]       SYMBOLS USED IN COLUMN 16

AVERAGE MONTHLY: 58.5   TOTAL FOR MONTH:   1.10    1 = FOG OR MIST
DPTR FM NORMAL:   2.1   DPTR FM NORMAL:    0.09    2 = FOG REDUCING VISIBILITY
HIGHEST:    73 ON 13    GRTST 24HR  0.76 ON 16-16      TO 1/4 MILE OR LESS
LOWEST:     40 ON 18                               3 = THUNDER
                        SNOW, ICE PELLETS, HAIL    4 = ICE PELLETS
                        TOTAL MONTH:   0.0 INCH    5 = HAIL
                        GRTST 24HR     0.0         6 = FREEZING RAIN OR DRIZZLE
                        GRTST DEPTH:   0           7 = DUSTSTORM OR SANDSTORM:
                                                       VSBY 1/2 MILE OR LESS
                                                   8 = SMOKE OR HAZE
[NO. OF DAYS WITH]      [WEATHER - DAYS WITH]      9 = BLOWING SNOW
                                                   X = TORNADO
MAX 32 OR BELOW:   0    0.01 INCH OR MORE:   8
MAX 90 OR ABOVE:   0    0.10 INCH OR MORE:   2
MIN 32 OR BELOW:   0    0.50 INCH OR MORE:   1
MIN  0 OR BELOW:   0    1.00 INCH OR MORE:   0

[HDD (BASE 65) ]
TOTAL THIS MO.   125    CLEAR  (SCALE 0-3)   4
DPTR FM NORMAL   -47    PTCLDY (SCALE 4-7)  13
TOTAL FM JUL 1   173    CLOUDY (SCALE 8-10)  3
DPTR FM NORMAL  -109

[CDD (BASE 65) ]
TOTAL THIS MO.     0
DPTR FM NORMAL     0    [PRESSURE DATA]
TOTAL FM JAN 1   990    HIGHEST SLP M ON M
DPTR FM NORMAL   354    LOWEST  SLP 29.81 ON 16

[REMARKS]
