000
CXUS53 KICT 270800
CF6SLN
PRELIMINARY LOCAL CLIMATOLOGICAL DATA (WS FORM: F-6)

                                          STATION:   SALINA KS
                                          MONTH:     MARCH
                                          YEAR:      2015
                                          LATITUDE:   38 47 N
                                          LONGITUDE:  97 39 W

  TEMPERATURE IN F:       :PCPN:    SNOW:  WIND      :SUNSHINE: SKY     :PK WND
================================================================================
1   2   3   4   5  6A  6B    7    8   9   10  11  12  13   14  15   16   17  18
                                     12Z  AVG MX 2MIN
DY MAX MIN AVG DEP HDD CDD  WTR  SNW DPTH SPD SPD DIR MIN PSBL S-S WX    SPD DR
================================================================================

 1  37  14  26 -14  39   0 0.00    M    M  4.1 13 360   M    M   4 18     18 360
 2  40  21  31 -10  34   0 0.00    M    M 10.5 24 160   M    M   1 18     29 170
 3  49  27  38  -3  27   0 0.00    M    M 18.9 35 200   M    M   2 18     41 200
 4  36  18  27 -14  38   0 0.00    M    M 12.7 29  10   M    M   5        35  20
 5  47  13  30 -12  35   0 0.00    M    M  7.3 14 120   M    M   0        18 190
 6  68  22  45   3  20   0 0.00    M    M 10.3 21 260   M    M   0        26 270
 7  74  30  52  10  13   0 0.00    M    M  5.9 14 320   M    M   0        17 320
 8  72  36  54  11  11   0 0.00    M    M  8.5 21  10   M    M   0        24 360
 9  66  31  49   6  16   0 0.00    M    M  5.5  9 200   M    M   0        14  50
10  77  30  54  10  11   0 0.00    M    M  5.6 16 340   M    M   1 128    21 230
11  77  33  55  11  10   0 0.00    M    M  4.8 12  80   M    M   0        14  50
12  76  38  57  13   8   0 0.00    M    M  9.2 22 200   M    M   0 8      27 160
13  79  34  57  12   8   0 0.00    M    M  8.8 30  10   M    M   0        34  20
14  66  33  50   5  15   0 0.00    M    M 10.4 20  20   M    M   0        24  20
15  78  28  53   8  12   0 0.00    M    M 12.0 23 200   M    M   0        34 210
16  88  44  66  20   0   1 0.00    M    M 17.0 32  30   M    M   0        41  30
17  60  37  49   3  16   0 0.00    M    M 18.4 33  20   M    M   0        42  10
18  47  40  44  -2  21   0    T    M    M  8.5 13 100   M    M   9 1      16  80
19  50  36  43  -3  22   0    T    M    M  5.6 13 350   M    M   8 1      16 350
20  74  29  52   5  13   0 0.00    M    M  6.7 16 220   M    M   1 128    20 220
21  77  33  55   8  10   0 0.00    M    M  5.2 15 220   M    M   0        19 190
22  76  38  57   9   8   0 0.00    M    M  8.3 23 350   M    M   0 8      28 350
23  61  34  48   0  17   0 0.00    M    M  9.5 21 350   M    M   1 8      23 100
24  63  38  51   3  14   0 0.00    M    M 10.2 21 110   M    M   6 18     28  90
25  58  37  48   0  17   0 0.05    M    M 12.0 29  20   M    M   4 18     35  20
26  61  27  44  -5  21   0    T    M    M  8.3 25  30   M    M   2 8      30  30
================================================================================
SM 1657  801       456   1  0.05    M    244.2          M       44
================================================================================
AV 63.7 30.8                               9.4 FASTST   M    M   2    MAX(MPH)
                                 MISC ---->  # 35 200               # 42   10
================================================================================
NOTES:
# LAST OF SEVERAL OCCURRENCES

COLUMN 17 PEAK WIND IN M.P.H.

PRELIMINARY LOCAL CLIMATOLOGICAL DATA (WS FORM: F-6) , PAGE 2

                                          STATION:  SALINA KS
                                          MONTH:    MARCH
                                          YEAR:     2015
                                          LATITUDE:   38 47 N
                                          LONGITUDE:  97 39 W

[TEMPERATURE DATA]      [PRECIPITATION DATA]       SYMBOLS USED IN COLUMN 16

AVERAGE MONTHLY: 47.3   TOTAL FOR MONTH:   0.05    1 = FOG OR MIST
DPTR FM NORMAL:   2.6   DPTR FM NORMAL:   -1.88    2 = FOG REDUCING VISIBILITY
HIGHEST:    88 ON 16    GRTST 24HR  0.05 ON 25-25      TO 1/4 MILE OR LESS
LOWEST:     13 ON  5                               3 = THUNDER
                        SNOW, ICE PELLETS, HAIL    4 = ICE PELLETS
                        TOTAL MONTH:    M          5 = HAIL
                        GRTST 24HR    M  ON   M    6 = FREEZING RAIN OR DRIZZLE
                        GRTST DEPTH:  M  ON   M    7 = DUSTSTORM OR SANDSTORM:
                                                       VSBY 1/2 MILE OR LESS
                                                   8 = SMOKE OR HAZE
[NO. OF DAYS WITH]      [WEATHER - DAYS WITH]      9 = BLOWING SNOW
                                                   X = TORNADO
MAX 32 OR BELOW:   0    0.01 INCH OR MORE:   1
MAX 90 OR ABOVE:   0    0.10 INCH OR MORE:   0
MIN 32 OR BELOW:  12    0.50 INCH OR MORE:   0
MIN  0 OR BELOW:   0    1.00 INCH OR MORE:   0

[HDD (BASE 65) ]
TOTAL THIS MO.   456    CLEAR  (SCALE 0-3)  20
DPTR FM NORMAL   -74    PTCLDY (SCALE 4-7)   5
TOTAL FM JUL 1  4285    CLOUDY (SCALE 8-10)  1
DPTR FM NORMAL   -86

[CDD (BASE 65) ]
TOTAL THIS MO.     1
DPTR FM NORMAL     1    [PRESSURE DATA]
TOTAL FM JAN 1     1    HIGHEST SLP M ON M
DPTR FM NORMAL     1    LOWEST  SLP 29.73 ON 24

[REMARKS]
