182
CXUS55 KLOX 241655
CF6SMO
PRELIMINARY LOCAL CLIMATOLOGICAL DATA (WS FORM: F-6)

                                          STATION:   SANTA MONICA AIRPORT CA
                                          MONTH:     APRIL
                                          YEAR:      2017
                                          LATITUDE:   34  0 N
                                          LONGITUDE: 118 27 W

  TEMPERATURE IN F:       :PCPN:    SNOW:  WIND      :SUNSHINE: SKY     :PK WND
================================================================================
1   2   3   4   5  6A  6B    7    8   9   10  11  12  13   14  15   16   17  18
                                     12Z  AVG MX 2MIN
DY MAX MIN AVG DEP HDD CDD  WTR  SNW DPTH SPD SPD DIR MIN PSBL S-S WX    SPD DR
================================================================================

 1  66  49  58   0   7   0 0.00  0.0    0  4.2 13 230   M    M   0        16 230
 2  70  53  62   4   3   0 0.00  0.0    0  4.4 13 210   M    M   2        16 220
 3  64  57  61   3   4   0 0.00  0.0    0  4.6 13 230   M    M   8        17 200
 4  66  56  61   3   4   0 0.00  0.0    0  4.4 15 230   M    M   3        19 260
 5  74  54  64   6   1   0 0.00  0.0    0  3.3 13 240   M    M   0        16 200
 6   M   M   M   M   M   M 0.00  0.0    0  4.6 13 240   M    M   4 128    17 220
 7  65  55  60   2   5   0 0.02  0.0    0  4.3 12 220   M    M   6 18     16 220
 8  64  54  59   1   6   0 0.20  0.0    0  8.7 20 360   M    M   3 1      32  20
 9  65  50  58   0   7   0 0.00  0.0    0  5.3 15 230   M    M   0        21 230
10  70  50  60   2   5   0 0.00  0.0    0  4.9 16 240   M    M   0        22 240
11  70  52  61   3   4   0 0.00  0.0    0  4.6 15 230   M    M   0        20 230
12  67  53  60   2   5   0 0.00  0.0    0  6.3 17 240   M    M   1        25 260
13  67  53  60   2   5   0 0.00  0.0    0  6.2 17 260   M    M   3        25 240
14  66  53  60   1   5   0 0.00  0.0    0  5.5 15 240   M    M   0        21 230
15  69  50  60   1   5   0 0.00  0.0    0  4.2 13 230   M    M   0        15 230
16  69  53  61   2   4   0 0.00  0.0    0  4.8 14 260   M    M   0        19 270
17  70  53  62   3   3   0 0.00  0.0    0  4.6 15 230   M    M   6 12     19 230
18  72  56  64   5   1   0    T  0.0    0  5.3 16 220   M    M   8 12     21 230
19  68  58  63   4   2   0    T  0.0    0  6.2 16 240   M    M   4 1      22 230
20  74  54  64   5   1   0 0.00  0.0    0  7.3 21 240   M    M   0 1      29 250
21  79  58  69  10   0   4 0.00  0.0    0  4.6 14 230   M    M   0        19 230
22  77  60  69  10   0   4 0.00  0.0    0  4.8 14 240   M    M   0        18 230
23  72  57  65   6   0   0 0.00  0.0    0  5.2 15 240   M    M   0        19 260
================================================================================
SM 1524 1188        77   8  0.22     0.0 118.3          M       48
================================================================================
AV 69.3 54.0                               5.1 FASTST   M    M   2    MAX(MPH)
                                 MISC ---->  # 21 240               # 32   20
================================================================================
NOTES:
# LAST OF SEVERAL OCCURRENCES

COLUMN 17 PEAK WIND IN M.P.H.

PRELIMINARY LOCAL CLIMATOLOGICAL DATA (WS FORM: F-6) , PAGE 2

                                          STATION:  SANTA MONICA AIRPORT CA
                                          MONTH:    APRIL
                                          YEAR:     2017
                                          LATITUDE:   34  0 N
                                          LONGITUDE: 118 27 W

[TEMPERATURE DATA]      [PRECIPITATION DATA]       SYMBOLS USED IN COLUMN 16

AVERAGE MONTHLY: 61.6   TOTAL FOR MONTH:   0.22    1 = FOG OR MIST
DPTR FM NORMAL:   3.2   DPTR FM NORMAL:   -0.37    2 = FOG REDUCING VISIBILITY
HIGHEST:    79 ON 21    GRTST 24HR  0.20 ON  8- 8      TO 1/4 MILE OR LESS
LOWEST:     49 ON  1                               3 = THUNDER
                        SNOW, ICE PELLETS, HAIL    4 = ICE PELLETS
                        TOTAL MONTH:   0.0 INCH    5 = HAIL
                        GRTST 24HR     0.0         6 = FREEZING RAIN OR DRIZZLE
                        GRTST DEPTH:   0           7 = DUSTSTORM OR SANDSTORM:
                                                       VSBY 1/2 MILE OR LESS
                                                   8 = SMOKE OR HAZE
[NO. OF DAYS WITH]      [WEATHER - DAYS WITH]      9 = BLOWING SNOW
                                                   X = TORNADO
MAX 32 OR BELOW:   0    0.01 INCH OR MORE:   2
MAX 90 OR ABOVE:   0    0.10 INCH OR MORE:   1
MIN 32 OR BELOW:   0    0.50 INCH OR MORE:   0
MIN  0 OR BELOW:   0    1.00 INCH OR MORE:   0

[HDD (BASE 65) ]
TOTAL THIS MO.    77    CLEAR  (SCALE 0-3)  15
DPTR FM NORMAL   -74    PTCLDY (SCALE 4-7)   7
TOTAL FM JUL 1  1064    CLOUDY (SCALE 8-10)  1
DPTR FM NORMAL  -309

[CDD (BASE 65) ]
TOTAL THIS MO.     8
DPTR FM NORMAL     8    [PRESSURE DATA]
TOTAL FM JAN 1    10    HIGHEST SLP M ON M
DPTR FM NORMAL   -10    LOWEST  SLP 29.77 ON 23

[REMARKS]
