000
CXUS55 KLOX 161655
CF6SMO
PRELIMINARY LOCAL CLIMATOLOGICAL DATA (WS FORM: F-6)

                                          STATION:   SANTA MONICA AIRPORT CA
                                          MONTH:     OCTOBER
                                          YEAR:      2017
                                          LATITUDE:   34  0 N
                                          LONGITUDE: 118 27 W

  TEMPERATURE IN F:       :PCPN:    SNOW:  WIND      :SUNSHINE: SKY     :PK WND
================================================================================
1   2   3   4   5  6A  6B    7    8   9   10  11  12  13   14  15   16   17  18
                                     12Z  AVG MX 2MIN
DY MAX MIN AVG DEP HDD CDD  WTR  SNW DPTH SPD SPD DIR MIN PSBL S-S WX    SPD DR
================================================================================

 1  74  65  70   3   0   5 0.00  0.0    0  4.6 13 240   M    M   6        16 230
 2  74  62  68   1   0   3 0.00  0.0    0  4.1 13 230   M    M   3        18 260
 3  71  61  66   0   0   1 0.00  0.0    0  3.8 14 230   M    M   5        19 270
 4  73  58  66   0   0   1 0.00  0.0    0  3.8 12 240   M    M   0        15 260
 5  76  56  66   0   0   1 0.00  0.0    0  4.0 12 240   M    M   0        15 230
 6  83  57  70   4   0   5 0.00  0.0    0  3.3  9 230   M    M   0        13 260
 7  85  63  74   8   0   9 0.00  0.0    0  4.3 13 240   M    M   0        15 230
 8  76  59  68   2   0   3 0.00  0.0    0  4.6 13 210   M    M   4 128    16 210
 9  85  63  74   8   0   9 0.00  0.0    0  3.1 13 210   M    M   3 8      16 210
10  75  58  67   1   0   2 0.00  0.0    0  4.9 12 240   M    M   1 1      16 240
11  70  60  65  -1   0   0 0.00  0.0    0  4.1 12 210   M    M   4 1      17 220
12  69  59  64  -2   1   0 0.00  0.0    0  3.8 15 240   M    M   2 8      21 240
13  71  57  64  -1   1   0 0.00  0.0    0  3.6 13 220   M    M   1 18     16 230
14  76  57  67   2   0   2 0.00  0.0    0  3.1 10 240   M    M   0 18     13 230
15  95  60  78  13   0  13 0.00  0.0    0  4.8 10 230   M    M   0        13 200
================================================================================
SM 1153  895         2  54  0.00     0.0  59.9          M       29
================================================================================
AV 76.9 59.7                               4.0 FASTST   M    M   2    MAX(MPH)
                                 MISC ---->  # 15 240               # 21  240
================================================================================
NOTES:
# LAST OF SEVERAL OCCURRENCES

COLUMN 17 PEAK WIND IN M.P.H.

PRELIMINARY LOCAL CLIMATOLOGICAL DATA (WS FORM: F-6) , PAGE 2

                                          STATION:  SANTA MONICA AIRPORT CA
                                          MONTH:    OCTOBER
                                          YEAR:     2017
                                          LATITUDE:   34  0 N
                                          LONGITUDE: 118 27 W

[TEMPERATURE DATA]      [PRECIPITATION DATA]       SYMBOLS USED IN COLUMN 16

AVERAGE MONTHLY: 68.3   TOTAL FOR MONTH:   0.00    1 = FOG OR MIST
DPTR FM NORMAL:   2.3   DPTR FM NORMAL:   -0.27    2 = FOG REDUCING VISIBILITY
HIGHEST:    95 ON 15    GRTST 24HR  0.00 ON 15-15      TO 1/4 MILE OR LESS
LOWEST:     56 ON  5                               3 = THUNDER
                        SNOW, ICE PELLETS, HAIL    4 = ICE PELLETS
                        TOTAL MONTH:   0.0 INCH    5 = HAIL
                        GRTST 24HR     0.0         6 = FREEZING RAIN OR DRIZZLE
                        GRTST DEPTH:   0           7 = DUSTSTORM OR SANDSTORM:
                                                       VSBY 1/2 MILE OR LESS
                                                   8 = SMOKE OR HAZE
[NO. OF DAYS WITH]      [WEATHER - DAYS WITH]      9 = BLOWING SNOW
                                                   X = TORNADO
MAX 32 OR BELOW:   0    0.01 INCH OR MORE:   0
MAX 90 OR ABOVE:   1    0.10 INCH OR MORE:   0
MIN 32 OR BELOW:   0    0.50 INCH OR MORE:   0
MIN  0 OR BELOW:   0    1.00 INCH OR MORE:   0

[HDD (BASE 65) ]
TOTAL THIS MO.     2    CLEAR  (SCALE 0-3)  10
DPTR FM NORMAL   -13    PTCLDY (SCALE 4-7)   5
TOTAL FM JUL 1     3    CLOUDY (SCALE 8-10)  0
DPTR FM NORMAL   -28

[CDD (BASE 65) ]
TOTAL THIS MO.    54
DPTR FM NORMAL    26    [PRESSURE DATA]
TOTAL FM JAN 1   745    HIGHEST SLP M ON M
DPTR FM NORMAL   286    LOWEST  SLP 29.66 ON  8

[REMARKS]
