000
CXUS55 KPIH 251200
CF6SNT

PRELIMINARY LOCAL CLIMATOLOGICAL DATA (WS FORM: F-6)

                                          STATION:   STANLEY_ID
                                          MONTH:     OCTOBER
                                          YEAR:      2014
                                          LATITUDE:   44 10 N
                                          LONGITUDE: 114 56 W

  TEMPERATURE IN F:       :PCPN:    SNOW:  WIND      :SUNSHINE: SKY     :PK WND
================================================================================
1   2   3   4   5  6A  6B    7    8   9   10  11  12  13   14  15   16   17  18
                                     12Z  AVG MX 2MIN
DY MAX MIN AVG DEP HDD CDD  WTR  SNW DPTH SPD SPD DIR MIN PSBL S-S WX    SPD DR
================================================================================

 1  53  28  41  -3  24   0 0.00    M    M  2.8 12 330   M    M   0        19 320
 2  56  25  41  -2  24   0 0.00    M    M  3.1 14 270   M    M   0        21 280
 3  65  22  44   1  21   0 0.00    M    M  3.3 10  30   M    M   0        16  30
 4  68  24  46   3  19   0 0.00    M    M  3.1 14 340   M    M   0        19 350
 5  70  31  51   9  14   0 0.00    M    M  2.3 13 340   M    M   0        18 340
 6  73  29  51   9  14   0 0.00    M    M  2.7 10  30   M    M   0        13  30
 7  71  27  49   7  16   0 0.00    M    M  2.8 12 290   M    M   0        16 300
 8  73  22  48   6  17   0 0.00    M    M  3.4 13 320   M    M   0        24 300
 9  67  24  46   5  19   0 0.00    M    M  3.2 13 320   M    M   0        19 250
10  65  22  44   3  21   0 0.00    M    M  3.2 12 320   M    M   0        17 340
11  63  26  45   4  20   0 0.02    M    M  3.1 17 250   M    M   0        26 290
12  52  25  39  -1  26   0 0.02    M    M  4.0 14 330   M    M   0        23 300
13  65  22  44   4  21   0 0.00    M    M  3.8 20 160   M    M   0        24 160
14  66  32  49   9  16   0 0.00    M    M  7.8 17 170   M    M   0        29 190
15  57  31  44   5  21   0 0.13    M    M  5.8 20 270   M    M   0        28 260
16  49  24  37  -2  28   0 0.00    M    M  2.4  8 340   M    M   0        10 350
17  64  17  41   3  24   0 0.00    M    M  2.5 10 160   M    M   0        16 120
18  65  25  45   7  20   0 0.00    M    M  2.8 10 350   M    M   0        15 360
19  69  20  45   7  20   0 0.00    M    M  3.2 13 160   M    M   0        18 150
20  69  24  47  10  18   0 0.01    M    M  4.0 16 200   M    M   0        25 140
21  48  29  39   2  26   0 0.38    M    M  3.0 13 350   M    M   0        17 360
22  49  26  38   2  27   0 0.00    M    M  4.2 14 150   M    M   0        22 150
23  53  40  47  11  18   0 0.23    M    M  5.6 17 160   M    M   0        24 160
24  60  30  45   9  20   0 0.11    M    M  3.6 13 230   M    M   0        19 200
================================================================================
SM 1490  625       494   0  0.90    M     85.7          M        0
================================================================================
AV 62.1 26.0                               3.6 FASTST   M    M   0    MAX(MPH)
                                 MISC ---->  # 20 160               # 29  190
================================================================================
NOTES:
# LAST OF SEVERAL OCCURRENCES

COLUMN 17 PEAK WIND IN M.P.H.

PRELIMINARY LOCAL CLIMATOLOGICAL DATA (WS FORM: F-6) , PAGE 2

                                          STATION:  STANLEY_ID
                                          MONTH:    OCTOBER
                                          YEAR:     2014
                                          LATITUDE:   44 10 N
                                          LONGITUDE: 114 56 W

[TEMPERATURE DATA]      [PRECIPITATION DATA]       SYMBOLS USED IN COLUMN 16

AVERAGE MONTHLY: 44.1   TOTAL FOR MONTH:   0.90    1 = FOG OR MIST
DPTR FM NORMAL:   4.1   DPTR FM NORMAL:   -0.05    2 = FOG REDUCING VISIBILITY
HIGHEST:    73 ON  8, 6 GRTST 24HR  0.39 ON 20-21      TO 1/4 MILE OR LESS
LOWEST:     17 ON 17                               3 = THUNDER
                        SNOW, ICE PELLETS, HAIL    4 = ICE PELLETS
                        TOTAL MONTH:    M          5 = HAIL
                        GRTST 24HR    M  ON   M    6 = FREEZING RAIN OR DRIZZLE
                        GRTST DEPTH:  M  ON   M    7 = DUSTSTORM OR SANDSTORM:
                                                       VSBY 1/2 MILE OR LESS
                                                   8 = SMOKE OR HAZE
[NO. OF DAYS WITH]      [WEATHER - DAYS WITH]      9 = BLOWING SNOW
                                                   X = TORNADO
MAX 32 OR BELOW:   0    0.01 INCH OR MORE:   7
MAX 90 OR ABOVE:   0    0.10 INCH OR MORE:   4
MIN 32 OR BELOW:  23    0.50 INCH OR MORE:   0
MIN  0 OR BELOW:   0    1.00 INCH OR MORE:   0

[HDD (BASE 65) ]
TOTAL THIS MO.   494    CLEAR  (SCALE 0-3)  24
DPTR FM NORMAL  -109    PTCLDY (SCALE 4-7)   0
TOTAL FM JUL 1  1245    CLOUDY (SCALE 8-10)  0
DPTR FM NORMAL  -399

[CDD (BASE 65) ]
TOTAL THIS MO.     0
DPTR FM NORMAL     0    [PRESSURE DATA]
TOTAL FM JAN 1    16    HIGHEST SLP M ON M
DPTR FM NORMAL    13    LOWEST  SLP 29.62 ON 21

[REMARKS]
