000
CXUS55 KPIH 291200
CF6SNT

PRELIMINARY LOCAL CLIMATOLOGICAL DATA (WS FORM: F-6)

                                          STATION:   STANLEY_ID
                                          MONTH:     JUNE
                                          YEAR:      2017
                                          LATITUDE:   44 10 N
                                          LONGITUDE: 114 56 W

  TEMPERATURE IN F:       :PCPN:    SNOW:  WIND      :SUNSHINE: SKY     :PK WND
================================================================================
1   2   3   4   5  6A  6B    7    8   9   10  11  12  13   14  15   16   17  18
                                     12Z  AVG MX 2MIN
DY MAX MIN AVG DEP HDD CDD  WTR  SNW DPTH SPD SPD DIR MIN PSBL S-S WX    SPD DR
================================================================================

 1  65  37  51   4  14   0 0.01    M    M  3.9 18 240   M    M   0        26 260
 2  69  36  53   6  12   0 0.00    M    M  3.4 15 210   M    M   0        26 200
 3  77  32  55   8  10   0 0.00    M    M  4.6 18 180   M    M   0        24 170
 4  79  36  58  11   7   0 0.02    M    M  6.0 20 360   M    M   0        27 350
 5  69  35  52   4  13   0 0.00    M    M  3.9 12  10   M    M   0        15  10
 6  78  29  54   6  11   0 0.00    M    M  3.8 12 260   M    M   0        15 260
 7  84  36  60  12   5   0 0.00    M    M  4.2 16 160   M    M   0        26 170
 8  71  40  56   8   9   0 0.00    M    M  5.2 16 260   M    M   0        27 180
 9  60  34  47  -1  18   0 0.00    M    M  4.7 15 280   M    M   0        23 270
10  50  29  40  -8  25   0 0.21    M    M  3.7 16 360   M    M   0        23  40
11  63  24  44  -5  21   0 0.03    M    M  3.7 15 100   M    M   0        22  80
12  50  33  42  -7  23   0 0.04    M    M  3.9 13 150   M    M   0        20 150
13  52  33  43  -6  22   0 0.29    M    M  4.2 13  20   M    M   0        17  10
14  62  30  46  -3  19   0 0.00    M    M  4.3 12 170   M    M   0        17 190
15  67  36  52   2  13   0 0.00    M    M  3.9 14 180   M    M   0        22 170
16  61  45  53   3  12   0 0.22    M    M  4.1 15 230   M    M   0        22 220
17  66  38  52   2  13   0 0.00    M    M  3.9 13 320   M    M   0        19 340
18  73  37  55   5  10   0 0.00    M    M  5.1 15 350   M    M   0        21 360
19  82  37  60  10   5   0 0.00    M    M  3.5 13 270   M    M   0        17 270
20  83  50  67  16   0   2 0.00    M    M  5.1 21 330   M    M   0        34 320
21  79  44  62  11   3   0 0.00    M    M  5.0 16 320   M    M   0        22 330
22  74  34  54   3  11   0 0.00    M    M  4.3 18 360   M    M   0        23  10
23  76  29  53   1  12   0 0.00    M    M  4.2 12 260   M    M   0        17 270
24  80  32  56   4   9   0 0.00    M    M  4.2 12 260   M    M   0        18 260
25  85  34  60   8   5   0 0.00    M    M  4.1 10  30   M    M   0        14  10
26  87  38  63  11   2   0 0.03    M    M  4.7 24 200   M    M   0        36 210
27  74  45  60   7   5   0 0.00    M    M  4.2 15 210   M    M   0        20 220
28  69  39  54   1  11   0 0.21    M    M  5.9 15 230   M    M   0        24 250
================================================================================
SM 1985 1002       320   2  1.06    M    121.7          M        0
================================================================================
AV 70.9 35.8                               4.3 FASTST   M    M   0    MAX(MPH)
                                 MISC ---->  # 24 200               # 36  210
================================================================================
NOTES:
# LAST OF SEVERAL OCCURRENCES
PRECIPITATION SUSPECT DURING FREEZING/FROZEN EVENTS

COLUMN 17 PEAK WIND IN M.P.H.

PRELIMINARY LOCAL CLIMATOLOGICAL DATA (WS FORM: F-6) , PAGE 2

                                          STATION:  STANLEY_ID
                                          MONTH:    JUNE
                                          YEAR:     2017
                                          LATITUDE:   44 10 N
                                          LONGITUDE: 114 56 W

[TEMPERATURE DATA]      [PRECIPITATION DATA]       SYMBOLS USED IN COLUMN 16

AVERAGE MONTHLY: 53.3   TOTAL FOR MONTH:   1.06    1 = FOG OR MIST
DPTR FM NORMAL:   3.7   DPTR FM NORMAL:   -0.25    2 = FOG REDUCING VISIBILITY
HIGHEST:    87 ON 26    GRTST 24HR  0.29 ON 13-13      TO 1/4 MILE OR LESS
LOWEST:     24 ON 11                               3 = THUNDER
                        SNOW, ICE PELLETS, HAIL    4 = ICE PELLETS
                        TOTAL MONTH:    M          5 = HAIL
                        GRTST 24HR    M  ON   M    6 = FREEZING RAIN OR DRIZZLE
                        GRTST DEPTH:  M  ON   M    7 = DUSTSTORM OR SANDSTORM:
                                                       VSBY 1/2 MILE OR LESS
                                                   8 = SMOKE OR HAZE
[NO. OF DAYS WITH]      [WEATHER - DAYS WITH]      9 = BLOWING SNOW
                                                   X = TORNADO
MAX 32 OR BELOW:   0    0.01 INCH OR MORE:   9
MAX 90 OR ABOVE:   0    0.10 INCH OR MORE:   4
MIN 32 OR BELOW:   7    0.50 INCH OR MORE:   0
MIN  0 OR BELOW:   0    1.00 INCH OR MORE:   0

[HDD (BASE 65) ]
TOTAL THIS MO.   320    CLEAR  (SCALE 0-3)  28
DPTR FM NORMAL  -111    PTCLDY (SCALE 4-7)   0
TOTAL FM JUL 1 10123    CLOUDY (SCALE 8-10)  0
DPTR FM NORMAL  -650

[CDD (BASE 65) ]
TOTAL THIS MO.     2
DPTR FM NORMAL     2    [PRESSURE DATA]
TOTAL FM JAN 1     2    HIGHEST SLP M ON M
DPTR FM NORMAL     2    LOWEST  SLP 29.48 ON 11

[REMARKS]
