000
CXUS56 KPQR 011230
CF6SPB
PRELIMINARY LOCAL CLIMATOLOGICAL DATA (WS FORM: F-6)

                                          STATION:   SCAPPOOSE OR
                                          MONTH:     SEPTEMBER
                                          YEAR:      2014
                                          LATITUDE:   45 46 N
                                          LONGITUDE: 122 50 W

  TEMPERATURE IN F:       :PCPN:    SNOW:  WIND      :SUNSHINE: SKY     :PK WND
================================================================================
1   2   3   4   5  6A  6B    7    8   9   10  11  12  13   14  15   16   17  18
                                     12Z  AVG MX 2MIN
DY MAX MIN AVG DEP HDD CDD  WTR  SNW DPTH SPD SPD DIR MIN PSBL S-S WX    SPD DR
================================================================================

 1  80  51  66   1   0   1 0.00  0.0    0  4.6 14 360   M    M   4        17 350
 2  75  56  66   1   0   1    T  0.0    0  5.8 18 280   M    M   4        24 260
 3  73  49  61  -4   4   0 0.00  0.0    0  4.2 13 360   M    M   4        16 350
 4  84  47  66   1   0   1 0.00  0.0    0  6.2 16  10   M    M   0 1      20 330
 5  91  48  70   5   0   5 0.00  0.0    0  4.6 15 110   M    M   0        22 100
 6  97  51  74  10   0   9 0.00  0.0    0  2.0 10  80   M    M   0        15  90
 7  89  49  69   5   0   4 0.00  0.0    0  3.0 14 360   M    M   0        17 350
 8  77  45  61  -3   4   0    T    M    0  4.6 15 340   M    M   4        21 350
 9  77  46  62  -2   3   0 0.00  0.0    0  4.6 10 360   M    M   3        14 130
10  77  48  63  -1   2   0 0.00  0.0    0  8.0 16 360   M    M   1        20  10
11  78  44  61  -2   4   0 0.00  0.0    0  7.5 17  80   M    M   0        22  70
12  86  46  66   3   0   1 0.00  0.0    0  5.8 12  10   M    M   0        15 360
13  90  46  68   5   0   3 0.00  0.0    0  3.2  9  10   M    M   0        12  20
14  90  46  68   5   0   3 0.00  0.0    0  1.5  8 170   M    M   0        10 200
15  94  46  70   8   0   5 0.00  0.0    0  1.2 12 360   M    M   0        15  10
16  75  49  62   0   3   0    T    M    0  1.2  9  60   M    M   2        13  70
17  80  54  67   5   0   2    T  0.0    0  3.2 13 360   M    M   1        18 320
18  72  58  65   3   0   0    T  0.0    0  2.8 10 330   M    M   8        13 140
19  83  56  70   9   0   5 0.00  0.0    0  4.6 15  10   M    M   3        20  10
20  95  60  78  17   0  13 0.00  0.0    0  4.9 13 340   M    M   0        17 340
21  88  54  71  10   0   6 0.00  0.0    0  4.6 13 360   M    M   0        17 350
22  74  56  65   5   0   0 0.02  0.0    0  2.9  9 120   M    M   7 1      12 130
23  68  56  62   2   3   0 0.66  0.0    0  1.8  9 140   M    M   7 1      11 140
24  67  60  64   4   1   0 0.25  0.0    0  5.9 18 130   M    M   9 1      23 120
25  72  56  64   5   1   0 0.14  0.0    0  2.8 24 220   M    M   7 1      31 210
26  73  55  64   5   1   0 0.04  0.0    0  4.7 10 140   M    M   8 1      16 150
27  71  53  62   4   3   0 0.00  0.0    0  7.2 16 330   M    M   5 1      22 330
28  76  53  65   7   0   0 0.00  0.0    0  6.4 14 360   M    M   0 1      19 330
29  61  49  55  -3  10   0 0.20    M    0  2.2  9 290   M    M   7 12     14 290
30  69  46  58   0   7   0    T    M    0  2.9 14 300   M    M   6 12     20 300
================================================================================
SM 2382 1533        46  59  1.31     0.0 124.9          M       90
================================================================================
AV 79.4 51.1                               4.2 FASTST   M    M   3    MAX(MPH)
                                 MISC ---->  # 24 220               # 31  210
================================================================================
NOTES:
# LAST OF SEVERAL OCCURRENCES

COLUMN 17 PEAK WIND IN M.P.H.

PRELIMINARY LOCAL CLIMATOLOGICAL DATA (WS FORM: F-6) , PAGE 2

                                          STATION:  SCAPPOOSE OR
                                          MONTH:    SEPTEMBER
                                          YEAR:     2014
                                          LATITUDE:   45 46 N
                                          LONGITUDE: 122 50 W

[TEMPERATURE DATA]      [PRECIPITATION DATA]       SYMBOLS USED IN COLUMN 16

AVERAGE MONTHLY: 65.2   TOTAL FOR MONTH:   1.31    1 = FOG OR MIST
DPTR FM NORMAL:   3.3   DPTR FM NORMAL:   -0.16    2 = FOG REDUCING VISIBILITY
HIGHEST:    97 ON  6    GRTST 24HR  0.90 ON 23-24      TO 1/4 MILE OR LESS
LOWEST:     44 ON 11                               3 = THUNDER
                        SNOW, ICE PELLETS, HAIL    4 = ICE PELLETS
                        TOTAL MONTH:   0.0 INCH    5 = HAIL
                        GRTST 24HR     0.0         6 = FREEZING RAIN OR DRIZZLE
                        GRTST DEPTH:   0           7 = DUSTSTORM OR SANDSTORM:
                                                       VSBY 1/2 MILE OR LESS
                                                   8 = SMOKE OR HAZE
[NO. OF DAYS WITH]      [WEATHER - DAYS WITH]      9 = BLOWING SNOW
                                                   X = TORNADO
MAX 32 OR BELOW:   0    0.01 INCH OR MORE:   6
MAX 90 OR ABOVE:   6    0.10 INCH OR MORE:   4
MIN 32 OR BELOW:   0    0.50 INCH OR MORE:   1
MIN  0 OR BELOW:   0    1.00 INCH OR MORE:   0

[HDD (BASE 65) ]
TOTAL THIS MO.    46    CLEAR  (SCALE 0-3)  17
DPTR FM NORMAL   -79    PTCLDY (SCALE 4-7)  11
TOTAL FM JUL 1    56    CLOUDY (SCALE 8-10)  2
DPTR FM NORMAL  -150

[CDD (BASE 65) ]
TOTAL THIS MO.    59
DPTR FM NORMAL    27    [PRESSURE DATA]
TOTAL FM JAN 1   458    HIGHEST SLP 30.23 ON 11
DPTR FM NORMAL   208    LOWEST  SLP 29.67 ON 17

[REMARKS]
#FINAL-09-14#
