000
CXUS54 KLZK 231130
CF6SRC
PRELIMINARY LOCAL CLIMATOLOGICAL DATA (WS FORM: F-6)

                                          STATION:   Searcy Airport
                                          MONTH:     FEBRUARY
                                          YEAR:      2018
                                          LATITUDE:   35 12 N
                                          LONGITUDE:  91 44 W

  TEMPERATURE IN F:       :PCPN:    SNOW:  WIND      :SUNSHINE: SKY     :PK WND
================================================================================
1   2   3   4   5  6A  6B    7    8   9   10  11  12  13   14  15   16   17  18
                                     12Z  AVG MX 2MIN
DY MAX MIN AVG DEP HDD CDD  WTR  SNW DPTH SPD SPD DIR MIN PSBL S-S WX    SPD DR
================================================================================

 1  52  33  43   4  22   0    T    M    M  7.4 18  20   M    M   5 1      24  20
 2  38  25  32  -7  33   0 0.00  0.0    0  7.5 16  10   M    M   0        22  10
 3  48  27  38  -1  27   0 0.21    M    0  4.2 14 180   M    M   5 1       M  M
 4  59  26  43   3  22   0 0.01    M    0  7.0 18 340   M    M   7 1      32 340
 5  43  19  31  -9  34   0 0.00  0.0    0  6.3 10 170   M    M   3         M  M
 6  41  32  37  -3  28   0 0.50    M    M 10.8 15  60   M    M  10 13     20  40
 7  39  24  32  -8  33   0 0.04    M    M  8.0 17  20   M    M   7 1      27  20
 8  51  21  36  -4  29   0 0.00    M    M  2.6  9 160   M    M   0 1       M  M
 9  65  26  46   5  19   0 0.44    M    M  3.5 10 160   M    M   5 1       M  M
10  53  36  45   4  20   0 0.15    M    M  6.0 13  40   M    M  10 1       M  M
11  36  30  33  -8  32   0 0.04    M    0  8.9 15  10   M    M  10 1       M  M
12  43  26  35  -6  30   0 0.00  0.0    0 11.9 17  30   M    M   4        21  20
13  47  30  39  -3  26   0 0.01    M    0  4.5  8  70   M    M   6 1       M  M
14  60  42  51   9  14   0 0.08    M    0  5.0 10 210   M    M  10 13      M  M
15  76  57  67  25   0   2 0.01  0.0    0  9.9 18 220   M    M   8 18     35 210
16  66  43  55  13  10   0 0.01    M    0  9.2 16 360   M    M   8        29 360
17  50  37  44   1  21   0 0.67    M    0  4.1 12  50   M    M   8 12      M  M
18   M   M   M   M   M   M    T    M    M  6.5 13 150   M    M   7 12      M  M
19  76  50  63  20   2   0 0.01  0.0    0 11.9 21 200   M    M   7 128    30 200
20  79  61  70  26   0   5 1.40  0.0    0 14.7 22 180   M    M   7 13     30 190
21  61  37  49   5  16   0 2.78    M    0 13.6 21  60   M    M  10 1      24  10
22   M   M   M   M   M   M 2.05    M    0  7.7 15  40   M    M  10 13      M  M
================================================================================
SM 1083  682       418   7  8.41     0.0 171.2          M      147
================================================================================
AV 54.2 34.1                               7.8 FASTST   M    M   7    MAX(MPH)
                                 MISC ---->  # 22 180               # 35  210
================================================================================
NOTES:
# LAST OF SEVERAL OCCURRENCES

COLUMN 17 PEAK WIND IN M.P.H.

PRELIMINARY LOCAL CLIMATOLOGICAL DATA (WS FORM: F-6) , PAGE 2

                                          STATION:  Searcy Airport
                                          MONTH:    FEBRUARY
                                          YEAR:     2018
                                          LATITUDE:   35 12 N
                                          LONGITUDE:  91 44 W

[TEMPERATURE DATA]      [PRECIPITATION DATA]       SYMBOLS USED IN COLUMN 16

AVERAGE MONTHLY: 44.1   TOTAL FOR MONTH:   8.41    1 = FOG OR MIST
DPTR FM NORMAL:   2.8   DPTR FM NORMAL:    5.65    2 = FOG REDUCING VISIBILITY
HIGHEST:    79 ON 20    GRTST 24HR  2.78 ON 21-21      TO 1/4 MILE OR LESS
LOWEST:     19 ON  5                               3 = THUNDER
                        SNOW, ICE PELLETS, HAIL    4 = ICE PELLETS
                        TOTAL MONTH:   0.0 INCH    5 = HAIL
                        GRTST 24HR     0.0         6 = FREEZING RAIN OR DRIZZLE
                        GRTST DEPTH:   0           7 = DUSTSTORM OR SANDSTORM:
                                                       VSBY 1/2 MILE OR LESS
                                                   8 = SMOKE OR HAZE
[NO. OF DAYS WITH]      [WEATHER - DAYS WITH]      9 = BLOWING SNOW
                                                   X = TORNADO
MAX 32 OR BELOW:   0    0.01 INCH OR MORE:  16
MAX 90 OR ABOVE:   0    0.10 INCH OR MORE:   8
MIN 32 OR BELOW:  11    0.50 INCH OR MORE:   5
MIN  0 OR BELOW:   0    1.00 INCH OR MORE:   3

[HDD (BASE 65) ]
TOTAL THIS MO.   418    CLEAR  (SCALE 0-3)   3
DPTR FM NORMAL  -102    PTCLDY (SCALE 4-7)  12
TOTAL FM JUL 1  2493    CLOUDY (SCALE 8-10)  7
DPTR FM NORMAL  -272

[CDD (BASE 65) ]
TOTAL THIS MO.     7
DPTR FM NORMAL     7    [PRESSURE DATA]
TOTAL FM JAN 1     7    HIGHEST SLP M ON M
DPTR FM NORMAL     7    LOWEST  SLP M ON M

[REMARKS]
