000
CXUS55 KTBW 011210
CF6SRQ
PRELIMINARY LOCAL CLIMATOLOGICAL DATA (WS FORM: F-6)

                                          STATION:   Sarasota Bradenton
                                          MONTH:     AUGUST
                                          YEAR:      2015
                                          LATITUDE:   27 23 N
                                          LONGITUDE:  82 33 W

  TEMPERATURE IN F:       :PCPN:    SNOW:  WIND      :SUNSHINE: SKY     :PK WND
================================================================================
1   2   3   4   5  6A  6B    7    8   9   10  11  12  13   14  15   16   17  18
                                     12Z  AVG MX 2MIN
DY MAX MIN AVG DEP HDD CDD  WTR  SNW DPTH SPD SPD DIR MIN PSBL S-S WX    SPD DR
================================================================================

 1  88  72  80  -2   0  15 0.48  0.0    0  8.8 24 280   M    M   5 1      31 290
 2  85  75  80  -2   0  15 0.06  0.0    0 12.2 30 270   M    M   4 1      38 260
 3  85  72  79  -3   0  14 1.06  0.0    0 10.3 22 310   M    M   5 13     29 310
 4  89  74  82   0   0  17 0.00  0.0    0  5.8 12 290   M    M   0        15 280
 5  90  74  82   0   0  17 0.00  0.0    0  5.0 13 260   M    M   1 13     16 260
 6  89  74  82   0   0  17 0.00  0.0    0  6.1 14 230   M    M   1        18 210
 7  89  82  86   4   0  21 0.00  0.0    0 10.1 16 250   M    M   3        21 240
 8  87  76  82   0   0  17 0.25  0.0    0  8.8 22 240   M    M   4 13     28 300
 9  89  74  82   0   0  17 0.07  0.0    0  5.7 14 280   M    M   3 13     18 260
10  89  75  82   0   0  17 1.03  0.0    0  8.4 25 310   M    M   5 13     32 310
11  89  75  82   0   0  17 0.00  0.0    0  7.3 12 270   M    M   1        16 260
12  90  80  85   3   0  20    T  0.0    0  8.5 15 260   M    M   2        20 260
13  90  75  83   1   0  18 0.12  0.0    0  7.5 18  60   M    M   1 138    24  60
14  90  73  82   0   0  17 0.00  0.0    0  7.2 20 100   M    M   0 3      22 100
15  90  72  81  -1   0  16 0.23  0.0    0  7.5 22 110   M    M   1 38     27  90
16  92  72  82   0   0  17 0.50  0.0    0  7.9 23 120   M    M   1 138    26 130
17  92  74  83   1   0  18 0.13  0.0    0  7.6 17 100   M    M   2 3      24 100
18  90  75  83   1   0  18 0.05  0.0    0  5.8 14  70   M    M   2 13     20  70
19  92  76  84   2   0  19 0.28  0.0    0  7.7 21  80   M    M   1 13     27 100
20  90  76  83   1   0  18 0.00  0.0    0  5.8 14 240   M    M   1 3      18 210
21  92  77  85   3   0  20    T  0.0    0  5.7 22 320   M    M   1 38     27 320
22  92  77  85   3   0  20    T  0.0    0  5.5 23  80   M    M   2 3      30  10
23  95  77  86   4   0  21    T  0.0    0  6.8 17 280   M    M   1        20 300
24  92  77  85   3   0  20 0.00  0.0    0  5.1 14 280   M    M   1 3      17 280
25  92  77  85   3   0  20    T  0.0    0  5.1 14 300   M    M   0 38     16 310
26  92  76  84   2   0  19    T  0.0    0  6.9 18 120   M    M   3 3      23 120
27  85  74  80  -2   0  15 0.12  0.0    0  6.6 16 120   M    M   1 13     19 120
28  87  73  80  -2   0  15    T  0.0    0  6.2 17 130   M    M   0 3      23 130
29  93  73  83   1   0  18 0.04  0.0    0  8.7 21  70   M    M   2 13     27  80
30  89  74  82   0   0  17 0.00  0.0    0  7.0 15 150   M    M   2 3      18 140
31  87  76  82   0   0  17 0.05  0.0    0  8.8 17 140   M    M   3 13     21 160
================================================================================
SM 2781 2327         0 547  4.47     0.0 226.4          M       59
================================================================================
AV 89.7 75.1                               7.3 FASTST   M    M   2    MAX(MPH)
                                 MISC ---->  # 30 270               # 38  260
================================================================================
NOTES:
# LAST OF SEVERAL OCCURRENCES

COLUMN 17 PEAK WIND IN M.P.H.

PRELIMINARY LOCAL CLIMATOLOGICAL DATA (WS FORM: F-6) , PAGE 2

                                          STATION:  Sarasota Bradenton
                                          MONTH:    AUGUST
                                          YEAR:     2015
                                          LATITUDE:   27 23 N
                                          LONGITUDE:  82 33 W

[TEMPERATURE DATA]      [PRECIPITATION DATA]       SYMBOLS USED IN COLUMN 16

AVERAGE MONTHLY: 82.4   TOTAL FOR MONTH:   4.47    1 = FOG OR MIST
DPTR FM NORMAL:   0.2   DPTR FM NORMAL:   -4.67    2 = FOG REDUCING VISIBILITY
HIGHEST:    95 ON 23    GRTST 24HR  1.06 ON  2- 3      TO 1/4 MILE OR LESS
LOWEST:     72 ON 16,15                            3 = THUNDER
                        SNOW, ICE PELLETS, HAIL    4 = ICE PELLETS
                        TOTAL MONTH:   0.0 INCH    5 = HAIL
                        GRTST 24HR     0.0         6 = FREEZING RAIN OR DRIZZLE
                        GRTST DEPTH:   0           7 = DUSTSTORM OR SANDSTORM:
                                                       VSBY 1/2 MILE OR LESS
                                                   8 = SMOKE OR HAZE
[NO. OF DAYS WITH]      [WEATHER - DAYS WITH]      9 = BLOWING SNOW
                                                   X = TORNADO
MAX 32 OR BELOW:   0    0.01 INCH OR MORE:  15
MAX 90 OR ABOVE:  17    0.10 INCH OR MORE:  10
MIN 32 OR BELOW:   0    0.50 INCH OR MORE:   3
MIN  0 OR BELOW:   0    1.00 INCH OR MORE:   2

[HDD (BASE 65) ]
TOTAL THIS MO.     0    CLEAR  (SCALE 0-3)  24
DPTR FM NORMAL     0    PTCLDY (SCALE 4-7)   7
TOTAL FM JUL 1     0    CLOUDY (SCALE 8-10)  0
DPTR FM NORMAL     0

[CDD (BASE 65) ]
TOTAL THIS MO.   547
DPTR FM NORMAL    12    [PRESSURE DATA]
TOTAL FM JAN 1  2635    HIGHEST SLP 30.10 ON  5
DPTR FM NORMAL   338    LOWEST  SLP 29.85 ON 24

[REMARKS]
#FINAL-08-15#
