000
CXUS54 KEWX 240910
CF6SSF
PRELIMINARY LOCAL CLIMATOLOGICAL DATA (WS FORM: F-6)

                                          STATION:   SAN ANTONIO STINSON FIELD
                                          MONTH:     SEPTEMBER
                                          YEAR:      2016
                                          LATITUDE:   29 19 N
                                          LONGITUDE:  98 29 W

  TEMPERATURE IN F:       :PCPN:    SNOW:  WIND      :SUNSHINE: SKY     :PK WND
================================================================================
1   2   3   4   5  6A  6B    7    8   9   10  11  12  13   14  15   16   17  18
                                     12Z  AVG MX 2MIN
DY MAX MIN AVG DEP HDD CDD  WTR  SNW DPTH SPD SPD DIR MIN PSBL S-S WX    SPD DR
================================================================================

 1  97  76  87   3   0  22 0.00    M    0  6.0 13 290   M    M   1        16  70
 2  93  76  85   1   0  20 0.09    M    0  5.4 18 310   M    M   3 13     25 320
 3  94  73  84   0   0  19    T  0.0    0  4.6 25 120   M    M   1 1      30 110
 4  93  75  84   1   0  19 0.11  0.0    0  6.1 23 170   M    M   5 138    30 160
 5  94  73  84   1   0  19 0.00  0.0    0  7.6 21 170   M    M   5        26 160
 6  94  78  86   3   0  21 0.02  0.0    0  8.8 20 140   M    M   5 13     25 140
 7  94  78  86   4   0  21 0.00  0.0    0  7.1 16 160   M    M   5        20 190
 8  94  76  85   3   0  20 0.00  0.0    0  6.5 14 140   M    M   4        20 160
 9  95  76  86   4   0  21 0.00  0.0    0  7.5 15 120   M    M   1        19 120
10  93  76  85   3   0  20    T  0.0    0  6.6 22  20   M    M   1        30  20
11  93  73  83   2   0  18 0.00  0.0    0  4.6 10 120   M    M   1        13 110
12  93  72  83   2   0  18 0.00  0.0    0  4.1 13 160   M    M   1        18 140
13  94  76  85   4   0  20 0.00  0.0    0  3.5 12  90   M    M   5        15  90
14  94  77  86   6   0  21 0.00  0.0    0  4.9 15 130   M    M   3        20 130
15  94  74  84   4   0  19 0.00  0.0    0  4.3 12  90   M    M   1        16 110
16  95  75  85   5   0  20 0.00  0.0    0  3.1 14 130   M    M   2        17 130
17  96  74  85   6   0  20    T  0.0    0  3.1 13 120   M    M   0        17 100
18  97  76  87   8   0  22 0.00    M    0  4.1 10 210   M    M   2 1      14 220
19  97  76  87   8   0  22 0.00    M    0  3.2 13 130   M    M   1 1      16 140
20  97  74  86   8   0  21    T    M    0  2.7 12 110   M    M   1        15 110
21  95  73  84   6   0  19 0.01    M    0  3.5 14 120   M    M   3 1      17 120
22  94  72  83   5   0  18    T  0.0    0  5.1 13 120   M    M   2        16 110
23  96  76  86   8   0  21 0.00  0.0    0  8.6 17 110   M    M   3        24 130
================================================================================
SM 2176 1725         0 461  0.23     0.0 121.0          M       56
================================================================================
AV 94.6 75.0                               5.3 FASTST   M    M   2    MAX(MPH)
                                 MISC ---->  # 25 120               # 30  110
================================================================================
NOTES:
# LAST OF SEVERAL OCCURRENCES

COLUMN 17 PEAK WIND IN M.P.H.

PRELIMINARY LOCAL CLIMATOLOGICAL DATA (WS FORM: F-6) , PAGE 2

                                          STATION:  SAN ANTONIO STINSON FIELD
                                          MONTH:    SEPTEMBER
                                          YEAR:     2016
                                          LATITUDE:   29 19 N
                                          LONGITUDE:  98 29 W

[TEMPERATURE DATA]      [PRECIPITATION DATA]       SYMBOLS USED IN COLUMN 16

AVERAGE MONTHLY: 84.8   TOTAL FOR MONTH:   0.23    1 = FOG OR MIST
DPTR FM NORMAL:   3.9   DPTR FM NORMAL:   -2.09    2 = FOG REDUCING VISIBILITY
HIGHEST:    97 ON 20,19 GRTST 24HR  0.11 ON  4- 4      TO 1/4 MILE OR LESS
LOWEST:     72 ON 22,12                            3 = THUNDER
                        SNOW, ICE PELLETS, HAIL    4 = ICE PELLETS
                        TOTAL MONTH:   0.0 INCH    5 = HAIL
                        GRTST 24HR     0.0         6 = FREEZING RAIN OR DRIZZLE
                        GRTST DEPTH:   0           7 = DUSTSTORM OR SANDSTORM:
                                                       VSBY 1/2 MILE OR LESS
                                                   8 = SMOKE OR HAZE
[NO. OF DAYS WITH]      [WEATHER - DAYS WITH]      9 = BLOWING SNOW
                                                   X = TORNADO
MAX 32 OR BELOW:   0    0.01 INCH OR MORE:   4
MAX 90 OR ABOVE:  23    0.10 INCH OR MORE:   1
MIN 32 OR BELOW:   0    0.50 INCH OR MORE:   0
MIN  0 OR BELOW:   0    1.00 INCH OR MORE:   0

[HDD (BASE 65) ]
TOTAL THIS MO.     0    CLEAR  (SCALE 0-3)  16
DPTR FM NORMAL     0    PTCLDY (SCALE 4-7)   7
TOTAL FM JUL 1     0    CLOUDY (SCALE 8-10)  0
DPTR FM NORMAL     0

[CDD (BASE 65) ]
TOTAL THIS MO.   461
DPTR FM NORMAL    95    [PRESSURE DATA]
TOTAL FM JAN 1  3180    HIGHEST SLP M ON M
DPTR FM NORMAL   370    LOWEST  SLP 29.83 ON M

[REMARKS]
