000
CXUS56 KMTR 311000
CF6STS
PRELIMINARY LOCAL CLIMATOLOGICAL DATA (WS FORM: F-6)

                                          STATION:   SANTA ROSA AIRPORT
                                          MONTH:     JULY
                                          YEAR:      2015
                                          LATITUDE:   38 30 N
                                          LONGITUDE: 122 49 W

  TEMPERATURE IN F:       :PCPN:    SNOW:  WIND      :SUNSHINE: SKY     :PK WND
================================================================================
1   2   3   4   5  6A  6B    7    8   9   10  11  12  13   14  15   16   17  18
                                     12Z  AVG MX 2MIN
DY MAX MIN AVG DEP HDD CDD  WTR  SNW DPTH SPD SPD DIR MIN PSBL S-S WX    SPD DR
================================================================================

 1  88  54  71   3   0   6 0.00  0.0    0  5.5 14 180   M    M   2        18 180
 2  81  56  69   1   0   4    T  0.0    0  7.0 18 180   M    M   3        23 170
 3  82  57  70   2   0   5 0.00  0.0    0  6.7 16 170   M    M   4 1      18 160
 4  82  56  69   1   0   4 0.00  0.0    0  6.8 18 140   M    M   3 1      21 140
 5  75  56  66  -2   0   1 0.00  0.0    0  5.7 17 180   M    M   6 18     23 170
 6  82  58  70   2   0   5 0.00  0.0    0  5.5 15 170   M    M   5        18 170
 7  79  53  66  -2   0   1 0.00  0.0    0  4.8 16 170   M    M   2        21 170
 8  76  54  65  -3   0   0 0.00  0.0    0  4.9 14 180   M    M   6 18     20 160
 9  63  59  61  -7   4   0 0.05  0.0    0  3.0  9 170   M    M  10        10 220
10  71  59  65  -3   0   0    T  0.0    0  3.2 13 240   M    M  10        15 270
11  80  58  69   1   0   4 0.00  0.0    0  4.6 15 240   M    M   6        20 240
12  80  55  68   0   0   3 0.00  0.0    0  4.6 15 180   M    M   3        21 210
13  88  53  71   3   0   6 0.00  0.0    0  4.4 15 150   M    M   3 128    20 130
14  87  54  71   3   0   6 0.00  0.0    0  4.6 18 140   M    M   2 1      22 140
15  84  53  69   1   0   4 0.00  0.0    0  5.8 15 170   M    M   2 18     18 150
16  78  56  67  -1   0   2    T  0.0    0  5.8 16 170   M    M   5 1      20 170
17  82  56  69   1   0   4 0.00  0.0    0  5.4 16 170   M    M   5 1      21 170
18  79  55  67  -1   0   2 0.00  0.0    0  4.6 15 180   M    M   4        20 190
19  93  53  73   5   0   8 0.00  0.0    0  4.1 16 250   M    M   3        22 240
20  95  59  77  10   0  12 0.00  0.0    0  5.9 20 140   M    M   1        22 140
21  81  57  69   2   0   4 0.00  0.0    0  7.2 18 140   M    M   5        22 170
22  79  56  68   1   0   3 0.00  0.0    0  7.2 16 170   M    M   6 18     22 140
23  81  55  68   1   0   3 0.00  0.0    0  5.2 15 130   M    M   5        20 130
24  84  48  66  -1   0   1 0.00    M    0  5.3 15 140   M    M   1 12     25 190
25  82  53  68   1   0   3 0.00  0.0    0  5.5 17 140   M    M   5 1      21 140
26  86  57  72   5   0   7 0.00  0.0    0  6.1 17 310   M    M   4 1      24 310
27  91  56  74   7   0   9 0.00  0.0    0  5.5 16 180   M    M   0        22 170
28 100  50  75   8   0  10 0.00  0.0    0  4.1 16 250   M    M   0 8      23 270
29  96  52  74   7   0   9    T  0.0    0  5.8 16 160   M    M   1 8      18 160
30  86  59  73   6   0   8 0.00  0.0    0  5.2 15 150   M    M   5        18 150
================================================================================
SM 2491 1657         4 134  0.05     0.0 160.0          M      117
================================================================================
AV 83.0 55.2                               5.3 FASTST   M    M   4    MAX(MPH)
                                 MISC ---->  # 20 140               # 25  190
================================================================================
NOTES:
# LAST OF SEVERAL OCCURRENCES

COLUMN 17 PEAK WIND IN M.P.H.

PRELIMINARY LOCAL CLIMATOLOGICAL DATA (WS FORM: F-6) , PAGE 2

                                          STATION:  SANTA ROSA AIRPORT
                                          MONTH:    JULY
                                          YEAR:     2015
                                          LATITUDE:   38 30 N
                                          LONGITUDE: 122 49 W

[TEMPERATURE DATA]      [PRECIPITATION DATA]       SYMBOLS USED IN COLUMN 16

AVERAGE MONTHLY: 69.1   TOTAL FOR MONTH:   0.05    1 = FOG OR MIST
DPTR FM NORMAL:   1.5   DPTR FM NORMAL:    0.04    2 = FOG REDUCING VISIBILITY
HIGHEST:   100 ON 28    GRTST 24HR  0.05 ON  9- 9      TO 1/4 MILE OR LESS
LOWEST:     48 ON 24                               3 = THUNDER
                        SNOW, ICE PELLETS, HAIL    4 = ICE PELLETS
                        TOTAL MONTH:   0.0 INCH    5 = HAIL
                        GRTST 24HR     0.0         6 = FREEZING RAIN OR DRIZZLE
                        GRTST DEPTH:   0           7 = DUSTSTORM OR SANDSTORM:
                                                       VSBY 1/2 MILE OR LESS
                                                   8 = SMOKE OR HAZE
[NO. OF DAYS WITH]      [WEATHER - DAYS WITH]      9 = BLOWING SNOW
                                                   X = TORNADO
MAX 32 OR BELOW:   0    0.01 INCH OR MORE:   1
MAX 90 OR ABOVE:   5    0.10 INCH OR MORE:   0
MIN 32 OR BELOW:   0    0.50 INCH OR MORE:   0
MIN  0 OR BELOW:   0    1.00 INCH OR MORE:   0

[HDD (BASE 65) ]
TOTAL THIS MO.     4    CLEAR  (SCALE 0-3)  12
DPTR FM NORMAL   -25    PTCLDY (SCALE 4-7)  16
TOTAL FM JUL 1     4    CLOUDY (SCALE 8-10)  2
DPTR FM NORMAL   -25

[CDD (BASE 65) ]
TOTAL THIS MO.   134
DPTR FM NORMAL    44    [PRESSURE DATA]
TOTAL FM JAN 1   232    HIGHEST SLP M ON M
DPTR FM NORMAL    48    LOWEST  SLP 29.78 ON 17

[REMARKS]
