000
CXUS54 KEPZ 011200
CF6SVC
PRELIMINARY LOCAL CLIMATOLOGICAL DATA (WS FORM: F-6)

                                          STATION:   SILVER CITY
                                          MONTH:     MAY
                                          YEAR:      2015
                                          LATITUDE:   32 37 N
                                          LONGITUDE: 108 10 W

  TEMPERATURE IN F:       :PCPN:    SNOW:  WIND      :SUNSHINE: SKY     :PK WND
================================================================================
1   2   3   4   5  6A  6B    7    8   9   10  11  12  13   14  15   16   17  18
                                     12Z  AVG MX 2MIN
DY MAX MIN AVG DEP HDD CDD  WTR  SNW DPTH SPD SPD DIR MIN PSBL S-S WX    SPD DR
================================================================================

 1  82  46  64   M   1   0 0.00  0.0    0  7.5 13 360   M    M   0        21 250
 2  82  46  64   M   1   0    T  0.0    0  9.2 23 210   M    M   0        32 210
 3  77  48  63   M   2   0 0.00  0.0    0  8.9 22 190   M    M   0        29 190
 4  73  50  62   M   3   0 0.00  0.0    0  9.7 20 320   M    M   0        23 200
 5  68  39  54   M  11   0 0.00  0.0    0 12.2 23 270   M    M   1        31 270
 6  73  45  59   M   6   0 0.00  0.0    0  9.6 16 270   M    M   0        24 250
 7  73  39  56   M   9   0 0.00  0.0    0 10.5 16 230   M    M   0        28 220
 8  73  39  56   M   9   0 0.00  0.0    0 13.9 25 220   M    M   0        38 220
 9  63  39  51   M  14   0 0.00  0.0    0 16.5 23 280   M    M   0        39 300
10  70  34  52   M  13   0 0.00  0.0    0  9.4 18 280   M    M   0        29 280
11  75  41  58   M   7   0 0.00  0.0    0  9.7 18 150   M    M   0        27 140
12  73  46  60   M   5   0 0.05    M    0 12.7 23 130   M    M   4        29 350
13  73  41  57   M   8   0 0.00  0.0    0  6.3 14 270   M    M   0        24 270
14  73  46  60   M   5   0 0.04    M    0 11.7 28 210   M    M   0 3      36 210
15  72  46  59   M   6   0 0.00  0.0    0 15.4 32 210   M    M   0 3      41 210
16  63  41  52   M  13   0 0.00  0.0    0 16.5 30 290   M    M   0        36 300
17  73  41  57   M   8   0 0.00  0.0    0  9.0 15 260   M    M   0        29 260
18  81  41  61   M   4   0 0.00  0.0    0 12.9 23 210   M    M   0        33 160
19  73  45  59   M   6   0 0.00  0.0    0 12.0 22 280   M    M   0        29 240
20  79  45  62   M   3   0 0.00  0.0    0  7.7 14 200   M    M   0        20 220
21  75  41  58   M   7   0 0.00  0.0    0 10.5 21 150   M    M   0        40 260
22  77  37  57   M   8   0 0.00  0.0    0 12.4 22 230   M    M   0        38 230
23  70  41  56   M   9   0 0.00  0.0    0 12.4 23 300   M    M   0        30 240
24  72  39  56   M   9   0 0.00  0.0    0 11.6 21 280   M    M   1        32 240
25  75  45  60   M   5   0 0.00  0.0    0 13.2 22 290   M    M   0        29 260
26  81  45  63   M   2   0 0.00  0.0    0  8.2 13 250   M    M   0        21 250
27  82  50  66   M   0   1 0.00  0.0    0  8.2 13 190   M    M   0        21 180
28  84  48  66   M   0   1 0.00  0.0    0 11.7 20 300   M    M   0        25 290
29  84  55  70   M   0   5 0.00  0.0    0 11.1 18 300   M    M   0        30 230
30  84  55  70   M   0   5 0.02  0.0    0  9.4 20  30   M    M   0 3      25 130
31  86  57  72   M   0   7    T  0.0    0  8.5 16 250   M    M   0 3      25 250
================================================================================
SM 2339 1371       174  19  0.11     0.0 338.5          M        6
================================================================================
AV 75.5 44.2                              10.9 FASTST   M    M   0    MAX(MPH)
                                 MISC ---->    32   M                 41    M
================================================================================
NOTES:
# LAST OF SEVERAL OCCURRENCES

COLUMN 17 PEAK WIND IN M.P.H.

PRELIMINARY LOCAL CLIMATOLOGICAL DATA (WS FORM: F-6) , PAGE 2

                                          STATION:  SILVER CITY
                                          MONTH:    MAY
                                          YEAR:     2015
                                          LATITUDE:   32 37 N
                                          LONGITUDE: 108 10 W

[TEMPERATURE DATA]      [PRECIPITATION DATA]       SYMBOLS USED IN COLUMN 16

AVERAGE MONTHLY: 59.8   TOTAL FOR MONTH:   0.11    1 = FOG OR MIST
DPTR FM NORMAL:     M   DPTR FM NORMAL:       M    2 = FOG REDUCING VISIBILITY
HIGHEST:    86 ON 31    GRTST 24HR  0.05 ON 12-12      TO 1/4 MILE OR LESS
LOWEST:     34 ON 10                               3 = THUNDER
                        SNOW, ICE PELLETS, HAIL    4 = ICE PELLETS
                        TOTAL MONTH:   0.0 INCH    5 = HAIL
                        GRTST 24HR     0.0         6 = FREEZING RAIN OR DRIZZLE
                        GRTST DEPTH:   0           7 = DUSTSTORM OR SANDSTORM:
                                                       VSBY 1/2 MILE OR LESS
                                                   8 = SMOKE OR HAZE
[NO. OF DAYS WITH]      [WEATHER - DAYS WITH]      9 = BLOWING SNOW
                                                   X = TORNADO
MAX 32 OR BELOW:   0    0.01 INCH OR MORE:   3
MAX 90 OR ABOVE:   0    0.10 INCH OR MORE:   0
MIN 32 OR BELOW:   0    0.50 INCH OR MORE:   0
MIN  0 OR BELOW:   0    1.00 INCH OR MORE:   0

[HDD (BASE 65) ]
TOTAL THIS MO.   174    CLEAR  (SCALE 0-3)  30
DPTR FM NORMAL     M    PTCLDY (SCALE 4-7)   1
TOTAL FM JUL 1  3501    CLOUDY (SCALE 8-10)  0
DPTR FM NORMAL     M

[CDD (BASE 65) ]
TOTAL THIS MO.    19
DPTR FM NORMAL     M    [PRESSURE DATA]
TOTAL FM JAN 1    19    HIGHEST SLP M ON M
DPTR FM NORMAL     M    LOWEST  SLP M ON M

[REMARKS]
#FINAL-05-15#
