000
CXUS54 KBMX 241216
CF6TCL
PRELIMINARY LOCAL CLIMATOLOGICAL DATA (WS FORM: F-6)

                                          STATION:   TUSCALOOSA
                                          MONTH:     NOVEMBER
                                          YEAR:      2017
                                          LATITUDE:   33 13 N
                                          LONGITUDE:  87 37 W

  TEMPERATURE IN F:       :PCPN:    SNOW:  WIND      :SUNSHINE: SKY     :PK WND
================================================================================
1   2   3   4   5  6A  6B    7    8   9   10  11  12  13   14  15   16   17  18
                                     12Z  AVG MX 2MIN
DY MAX MIN AVG DEP HDD CDD  WTR  SNW DPTH SPD SPD DIR MIN PSBL S-S WX    SPD DR
================================================================================

 1  66  51  59   0   6   0 0.01  0.0    0  4.6 12 140   M    M   5        16 140
 2  76  65  71  12   0   6 0.00  0.0    0  8.2 16 170   M    M   8        19 170
 3  81  63  72  13   0   7 0.03  0.0    0  2.4 21 300   M    M   6 13     29 260
 4  79  62  71  13   0   6 0.33  0.0    0  2.3 13 310   M    M   4 123    17 310
 5  80  58  69  11   0   4 0.00  0.0    0  4.2 15 180   M    M   3 12     19 190
 6  76  63  70  12   0   5    T  0.0    0  3.1  8 210   M    M   8 12     11 230
 7  77  62  70  12   0   5 0.03  0.0    0  4.2 13  10   M    M   8 12     15  10
 8  62  51  57   0   8   0 0.07  0.0    0  6.6 13 360   M    M  10 1      16 340
 9  64  44  54  -3  11   0 0.20  0.0    0  5.3 16 350   M    M   6 1      20  20
10  66  39  53  -4  12   0 0.00  0.0    0  6.6 16  30   M    M   0        21  60
11  68   M   M   M   M   M 0.00  0.0    0  4.6  9 120   M    M   1        17 160
12  70  54  62   6   3   0 0.00  0.0    0  3.6 10 120   M    M   7 12     17 100
13  68  43  56   0   9   0 0.00  0.0    0  5.0 15  50   M    M   1 12     19 330
14  68  38  53  -2  12   0 0.00  0.0    0  1.5  7  90   M    M   0 1      10 110
15  64  42  53  -2  12   0 0.00  0.0    0  3.3 14 140   M    M   4 1      19 150
16  67  45  56   1   9   0 0.00  0.0    0  1.5  7 350   M    M   6 128    11 320
17  71  40  56   2   9   0 0.00  0.0    0  4.2 12 170   M    M   0 1      16 140
18  76  51  64  10   1   0 0.19  0.0    0 13.0 31 310   M    M   8 13     40 330
19  57  34  46  -8  19   0 0.00  0.0    0  7.5 20 340   M    M   1        26 330
20  58  28  43 -11  22   0 0.00  0.0    0  1.0  7 260   M    M   0 1      10 130
21  66  31  49  -4  16   0 0.00  0.0    0  1.2  7 360   M    M   1 1      11 180
22  62  38  50  -3  15   0 0.00  0.0    0  7.2 18 360   M    M   0        24 360
23  62  28  45  -7  20   0 0.00  0.0    0  2.7 12  20   M    M   0        15 360
================================================================================
SM 1584 1030       184  33  0.86     0.0 103.8          M       87
================================================================================
AV 68.9 46.8                               4.5 FASTST   M    M   4    MAX(MPH)
                                 MISC ---->  # 31 310               # 40  330
================================================================================
NOTES:
# LAST OF SEVERAL OCCURRENCES

COLUMN 17 PEAK WIND IN M.P.H.

PRELIMINARY LOCAL CLIMATOLOGICAL DATA (WS FORM: F-6) , PAGE 2

                                          STATION:  TUSCALOOSA
                                          MONTH:    NOVEMBER
                                          YEAR:     2017
                                          LATITUDE:   33 13 N
                                          LONGITUDE:  87 37 W

[TEMPERATURE DATA]      [PRECIPITATION DATA]       SYMBOLS USED IN COLUMN 16

AVERAGE MONTHLY: 57.8   TOTAL FOR MONTH:   0.86    1 = FOG OR MIST
DPTR FM NORMAL:   1.9   DPTR FM NORMAL:   -2.79    2 = FOG REDUCING VISIBILITY
HIGHEST:    81 ON  3    GRTST 24HR  0.36 ON  3- 4      TO 1/4 MILE OR LESS
LOWEST:     28 ON 23,20                            3 = THUNDER
                        SNOW, ICE PELLETS, HAIL    4 = ICE PELLETS
                        TOTAL MONTH:   0.0 INCH    5 = HAIL
                        GRTST 24HR     0.0         6 = FREEZING RAIN OR DRIZZLE
                        GRTST DEPTH:   0           7 = DUSTSTORM OR SANDSTORM:
                                                       VSBY 1/2 MILE OR LESS
                                                   8 = SMOKE OR HAZE
[NO. OF DAYS WITH]      [WEATHER - DAYS WITH]      9 = BLOWING SNOW
                                                   X = TORNADO
MAX 32 OR BELOW:   0    0.01 INCH OR MORE:   7
MAX 90 OR ABOVE:   0    0.10 INCH OR MORE:   3
MIN 32 OR BELOW:   3    0.50 INCH OR MORE:   0
MIN  0 OR BELOW:   0    1.00 INCH OR MORE:   0

[HDD (BASE 65) ]
TOTAL THIS MO.   184    CLEAR  (SCALE 0-3)  11
DPTR FM NORMAL   -37    PTCLDY (SCALE 4-7)  10
TOTAL FM JUL 1   299    CLOUDY (SCALE 8-10)  2
DPTR FM NORMAL   -39

[CDD (BASE 65) ]
TOTAL THIS MO.    33
DPTR FM NORMAL    19    [PRESSURE DATA]
TOTAL FM JAN 1  2285    HIGHEST SLP M ON M
DPTR FM NORMAL   120    LOWEST  SLP 29.65 ON 18

[REMARKS]
