000
CXUS54 KFWD 010730
CF6TKI
PRELIMINARY LOCAL CLIMATOLOGICAL DATA (WS FORM: F-6)

                                          STATION:   MCKINNEY
                                          MONTH:     AUGUST
                                          YEAR:      2015
                                          LATITUDE:   33 10 N
                                          LONGITUDE:  96 35 W

  TEMPERATURE IN F:       :PCPN:    SNOW:  WIND      :SUNSHINE: SKY     :PK WND
================================================================================
1   2   3   4   5  6A  6B    7    8   9   10  11  12  13   14  15   16   17  18
                                     12Z  AVG MX 2MIN
DY MAX MIN AVG DEP HDD CDD  WTR  SNW DPTH SPD SPD DIR MIN PSBL S-S WX    SPD DR
================================================================================

 1  96  71  84  -1   0  19 0.00  0.0    0  3.1 12  70   M    M   2        16 160
 2  96  72  84  -1   0  19 0.00  0.0    0  4.3 14 140   M    M   2        21 190
 3  98  71  85   0   0  20 0.00  0.0    0  3.8 14 170   M    M   0        17 180
 4  98  76  87   2   0  22 0.00  0.0    0  6.8 18 180   M    M   1        25 150
 5 101  80  91   6   0  26 0.00  0.0    0 10.4 18 170   M    M   1        24 190
 6 103  82  93   8   0  28 0.00  0.0    0 11.7 18 150   M    M   0        24 230
 7 103  79  91   6   0  26 0.00  0.0    0  9.3 17 180   M    M   0        21 140
 8 100  77  89   4   0  24 0.00  0.0    0 10.1 18 140   M    M   0        23 150
 9 103  77  90   5   0  25 0.00  0.0    0  7.5 15 140   M    M   0        20 210
10 105  72  89   4   0  24 0.00  0.0    0  3.6 12 290   M    M   0        15  30
11 102  82  92   7   0  27 0.00  0.0    0  8.3 17  20   M    M   1        22  10
12  98  77  88   3   0  23 0.00  0.0    0  8.9 16  20   M    M   0        20  40
13  96  75  86   1   0  21 0.00  0.0    0  5.6 13 100   M    M   0        15 160
14  96  75  86   1   0  21 0.00  0.0    0  5.3 17 110   M    M   3        22 110
15  95  68  82  -3   0  17 0.00  0.0    0  5.0 14  40   M    M   0        18  30
16  96  66  81  -3   0  16 0.00  0.0    0  4.0 13 160   M    M   1        17 160
17  95  74  85   1   0  20 0.00  0.0    0  6.2 10 150   M    M   0        15 180
18  97  76  87   3   0  22 0.00  0.0    0 11.2 22 150   M    M   0        27 150
19  89  66  78  -6   0  13 0.07  0.0    0 13.0 26 360   M    M   6 38     33 360
20  75  65  70 -14   0   5    T  0.0    0  6.7 13 120   M    M  10 18     17 120
21  92  71  82  -2   0  17 0.00  0.0    0 10.6 21 160   M    M   4 1      26 150
22  96  76  86   2   0  21 0.00  0.0    0 12.2 21 170   M    M   4        27 170
23  95  77  86   3   0  21 0.01  0.0    0  8.2 33  50   M    M   1 3      40  30
24  98  74  86   3   0  21 0.05  0.0    0  5.5 32 190   M    M   0 38     39 200
25  90  75  83   0   0  18 0.00  0.0    0  5.3 13 140   M    M   4 3      16 130
26  93  71  82  -1   0  17 0.00  0.0    0  4.4 13 160   M    M   0 1      17 160
27  94  67  81  -1   0  16 0.00  0.0    0  4.8 12 140   M    M   0        16 150
28  94  69  82   0   0  17 0.00  0.0    0  7.3 14 140   M    M   0        19 140
29  95  73  84   2   0  19 0.03  0.0    0  9.3 20 160   M    M   2        24 150
30  96  72  84   2   0  19    T  0.0    0  9.0 17 140   M    M   1        23 220
31  94  71  83   2   0  18 0.00  0.0    0  7.3 17 160   M    M   1        21 170
================================================================================
SM 2979 2277         0 622  0.16     0.0 228.7          M       44
================================================================================
AV 96.1 73.5                               7.4 FASTST   M    M   1    MAX(MPH)
                                 MISC ---->  # 33  50               # 40   30
================================================================================
NOTES:
# LAST OF SEVERAL OCCURRENCES

COLUMN 17 PEAK WIND IN M.P.H.

PRELIMINARY LOCAL CLIMATOLOGICAL DATA (WS FORM: F-6) , PAGE 2

                                          STATION:  MCKINNEY
                                          MONTH:    AUGUST
                                          YEAR:     2015
                                          LATITUDE:   33 10 N
                                          LONGITUDE:  96 35 W

[TEMPERATURE DATA]      [PRECIPITATION DATA]       SYMBOLS USED IN COLUMN 16

AVERAGE MONTHLY: 84.8   TOTAL FOR MONTH:   0.16    1 = FOG OR MIST
DPTR FM NORMAL:   0.9   DPTR FM NORMAL:   -1.79    2 = FOG REDUCING VISIBILITY
HIGHEST:   105 ON 10    GRTST 24HR  0.07 ON 19-19      TO 1/4 MILE OR LESS
LOWEST:     65 ON 20                               3 = THUNDER
                        SNOW, ICE PELLETS, HAIL    4 = ICE PELLETS
                        TOTAL MONTH:   0.0 INCH    5 = HAIL
                        GRTST 24HR     0.0         6 = FREEZING RAIN OR DRIZZLE
                        GRTST DEPTH:   0           7 = DUSTSTORM OR SANDSTORM:
                                                       VSBY 1/2 MILE OR LESS
                                                   8 = SMOKE OR HAZE
[NO. OF DAYS WITH]      [WEATHER - DAYS WITH]      9 = BLOWING SNOW
                                                   X = TORNADO
MAX 32 OR BELOW:   0    0.01 INCH OR MORE:   4
MAX 90 OR ABOVE:  29    0.10 INCH OR MORE:   0
MIN 32 OR BELOW:   0    0.50 INCH OR MORE:   0
MIN  0 OR BELOW:   0    1.00 INCH OR MORE:   0

[HDD (BASE 65) ]
TOTAL THIS MO.     0    CLEAR  (SCALE 0-3)  25
DPTR FM NORMAL     0    PTCLDY (SCALE 4-7)   5
TOTAL FM JUL 1     0    CLOUDY (SCALE 8-10)  1
DPTR FM NORMAL     0

[CDD (BASE 65) ]
TOTAL THIS MO.   622
DPTR FM NORMAL    35    [PRESSURE DATA]
TOTAL FM JAN 1  2030    HIGHEST SLP M ON M
DPTR FM NORMAL   123    LOWEST  SLP 29.66 ON 18

[REMARKS]
#FINAL-08-15#
