000
CXUS52 KTAE 270800
CF6TLH
PRELIMINARY LOCAL CLIMATOLOGICAL DATA (WS FORM: F-6)

                                          STATION:   TALLAHASSEE
                                          MONTH:     AUGUST
                                          YEAR:      2015
                                          LATITUDE:   30 22 N
                                          LONGITUDE:  84 22 W

  TEMPERATURE IN F:       :PCPN:    SNOW:  WIND      :SUNSHINE: SKY     :PK WND
================================================================================
1   2   3   4   5  6A  6B    7    8   9   10  11  12  13   14  15   16   17  18
                                     12Z  AVG MX 2MIN
DY MAX MIN AVG DEP HDD CDD  WTR  SNW DPTH SPD SPD DIR MIN PSBL S-S WX    SPD DR
================================================================================

 1  91  78  85   3   0  20 0.36  0.0    0  3.6 17  10   M    M   6 13     22  10
 2  93  78  86   4   0  21    T  0.0    0  7.3 15  30   M    M   7        20  50
 3  97  77  87   5   0  22 0.00  0.0    0  5.8 16 200   M    M   4        20 190
 4  95  78  87   5   0  22 0.32  0.0    0  4.2 22 210   M    M   6 138    30 220
 5  93  76  85   3   0  20 0.53  0.0    0  3.5 18 220   M    M   5 138    23 240
 6  87  77  82   0   0  17 0.21  0.0    0  4.1 21 260   M    M   6 13     26 270
 7  97  74  86   4   0  21 0.27  0.0    0  7.5 28 250   M    M   7 138    36 250
 8  96  74  85   3   0  20 0.01  0.0    0  4.8 21 250   M    M   3        26 280
 9  97  74  86   4   0  21 0.00  0.0    0  3.7 16 100   M    M   4        20  80
10  98  77  88   6   0  23 0.00  0.0    0  4.8 10 120   M    M   3        13  30
11  96  76  86   4   0  21 0.00  0.0    0  4.5 20 260   M    M   5 38     20 260
12  97  76  87   5   0  22 0.06  0.0    0  4.2 13 170   M    M   4 13     16 160
13  98  75  87   5   0  22 0.00  0.0    0  4.1 12 300   M    M   4        15 320
14  94  74  84   2   0  19 1.36  0.0    0  6.2 29 160   M    M   4 13     35 170
15  93  73  83   1   0  18 0.00  0.0    0  4.8  M   M   M    M   4         M  M
16  90  74  82   0   0  17 0.00  0.0    0  7.4 20 100   M    M   5        22 100
17  90  76  83   1   0  18 0.10  0.0    0  5.6 15 250   M    M   7 13     18 260
18  92  74  83   1   0  18 0.01  0.0    0  2.3 12 230   M    M   5 138    12 230
19  92  76  84   2   0  19 0.32  0.0    0  2.8 15 250   M    M   6 3      17 260
20  92  77  85   3   0  20 1.63  0.0    0  2.7 17 150   M    M   6 13     22 150
21  97  76  87   5   0  22    T  0.0    0  3.1 14 230   M    M   7 1238   18 230
22  98  76  87   5   0  22 0.04  0.0    0  2.2 10 190   M    M   5 13     13 190
23  95  76  86   4   0  21 0.53  0.0    0  3.4 18  30   M    M   4 13     23  40
24  95  74  85   3   0  20 0.00  0.0    0  2.7 13 330   M    M   3 1      16 320
25  96  77  87   5   0  22 0.00  0.0    0  3.9 14 310   M    M   3        18 330
26  93  68  81  -1   0  16 0.00  0.0    0  5.0 13 270   M    M   3        16 270
================================================================================
SM 2452 1961         0 524  5.75     0.0 114.2          M      126
================================================================================
AV 94.3 75.4                               4.4 FASTST   M    M   5    MAX(MPH)
                                 MISC ---->  # 29 160               # 36  250
================================================================================
NOTES:
# LAST OF SEVERAL OCCURRENCES

COLUMN 17 PEAK WIND IN M.P.H.

PRELIMINARY LOCAL CLIMATOLOGICAL DATA (WS FORM: F-6) , PAGE 2

                                          STATION:  TALLAHASSEE
                                          MONTH:    AUGUST
                                          YEAR:     2015
                                          LATITUDE:   30 22 N
                                          LONGITUDE:  84 22 W

[TEMPERATURE DATA]      [PRECIPITATION DATA]       SYMBOLS USED IN COLUMN 16

AVERAGE MONTHLY: 84.9   TOTAL FOR MONTH:   5.75    1 = FOG OR MIST
DPTR FM NORMAL:   2.9   DPTR FM NORMAL:   -0.65    2 = FOG REDUCING VISIBILITY
HIGHEST:    98 ON 22,13 GRTST 24HR  1.63 ON 20-20      TO 1/4 MILE OR LESS
LOWEST:     68 ON 26                               3 = THUNDER
                        SNOW, ICE PELLETS, HAIL    4 = ICE PELLETS
                        TOTAL MONTH:   0.0 INCH    5 = HAIL
                        GRTST 24HR     0.0         6 = FREEZING RAIN OR DRIZZLE
                        GRTST DEPTH:   0           7 = DUSTSTORM OR SANDSTORM:
                                                       VSBY 1/2 MILE OR LESS
                                                   8 = SMOKE OR HAZE
[NO. OF DAYS WITH]      [WEATHER - DAYS WITH]      9 = BLOWING SNOW
                                                   X = TORNADO
MAX 32 OR BELOW:   0    0.01 INCH OR MORE:  14
MAX 90 OR ABOVE:  25    0.10 INCH OR MORE:  10
MIN 32 OR BELOW:   0    0.50 INCH OR MORE:   4
MIN  0 OR BELOW:   0    1.00 INCH OR MORE:   2

[HDD (BASE 65) ]
TOTAL THIS MO.     0    CLEAR  (SCALE 0-3)   4
DPTR FM NORMAL     0    PTCLDY (SCALE 4-7)  22
TOTAL FM JUL 1     0    CLOUDY (SCALE 8-10)  0
DPTR FM NORMAL     0

[CDD (BASE 65) ]
TOTAL THIS MO.   524
DPTR FM NORMAL    83    [PRESSURE DATA]
TOTAL FM JAN 1  2513    HIGHEST SLP M ON M
DPTR FM NORMAL   640    LOWEST  SLP 29.84 ON M

[REMARKS]
