000
CXUS54 KBMX 281216
CF6TOI
PRELIMINARY LOCAL CLIMATOLOGICAL DATA (WS FORM: F-6)

                                          STATION:   TROY
                                          MONTH:     AUGUST
                                          YEAR:      2014
                                          LATITUDE:   31 51 N
                                          LONGITUDE:  86  1 W

  TEMPERATURE IN F:       :PCPN:    SNOW:  WIND      :SUNSHINE: SKY     :PK WND
================================================================================
1   2   3   4   5  6A  6B    7    8   9   10  11  12  13   14  15   16   17  18
                                     12Z  AVG MX 2MIN
DY MAX MIN AVG DEP HDD CDD  WTR  SNW DPTH SPD SPD DIR MIN PSBL S-S WX    SPD DR
================================================================================

 1  88  68  78  -3   0  13 0.00  0.0    0  2.8 13  30   M    M   3 1      15  20
 2  91  72  82   1   0  17 0.00  0.0    0  5.3 12  30   M    M   1 1      19  50
 3  89  69  79  -2   0  14 0.25  0.0    0  5.0 18  40   M    M   6 13     26  30
 4  93  67  80  -1   0  15 0.00  0.0    0  3.3 15  40   M    M   0 1      20  20
 5  93  69  81   0   0  16 0.54  0.0    0  3.2 21  40   M    M   2 13     28  40
 6  93  70  82   1   0  17    T  0.0    0  2.7 12 250   M    M   2 13     15 250
 7  96  71  84   3   0  19 0.22  0.0    0  2.0 25  30   M    M   1 138    34  40
 8  94  72  83   2   0  18 0.00  0.0    0  3.9 18 220   M    M   1 18     24 230
 9  95  73  84   3   0  19 1.08  0.0    0  4.0 23 170   M    M   4 123    31 150
10  89  72  81   0   0  16 0.16  0.0    0  1.8 20  10   M    M   6 123    24  10
11  92  72  82   1   0  17    T  0.0    0  3.5 15 330   M    M   5 12     19 330
12  89  70  80  -1   0  15 0.00  0.0    0  3.3  9 210   M    M   3 1      12 280
13  91  67  79  -2   0  14 0.00  0.0    0  4.0 14 340   M    M   2 12     17 300
14  90  64  77  -3   0  12 0.00  0.0    0  2.6 10 330   M    M   0 1      13 320
15  91  63  77  -3   0  12 0.00  0.0    0  2.5 13 320   M    M   1 1      20 310
16  93  64  79  -1   0  14 0.00  0.0    0  2.7 12 230   M    M   1 1      17 210
17  90  70  80   0   0  15 0.10  0.0    0  3.9 16 210   M    M   1 13     20 210
18  93  71  82   2   0  17 0.28  0.0    0  4.8 29 300   M    M   3 13     39 300
19  88  71  80   0   0  15 0.24  0.0    0  4.4 24 310   M    M   3 13     34 320
20  94  70  82   2   0  17 0.00  0.0    0  2.7 10 210   M    M   1 1      14 280
21  96  72  84   4   0  19 0.00  0.0    0  2.5  9 290   M    M   1 1      15 280
22  97  72  85   5   0  20 0.00  0.0    0  3.0 14 330   M    M   1 1      18 340
23  98  73  86   6   0  21 0.00  0.0    0  3.2 12 310   M    M   1 1      17 340
24  98  73  86   6   0  21    T  0.0    0  4.4 16  20   M    M   1 13     22  20
25  90  66  78  -2   0  13 0.00  0.0    0  6.5 15  20   M    M   1        20  90
26  91  64  78  -2   0  13 0.00  0.0    0  5.5 14  20   M    M   1        18  20
27  93  63  78  -2   0  13 0.00  0.0    0  3.1 14  10   M    M   1        20  60
================================================================================
SM 2495 1868         0 432  2.87     0.0  96.6          M       53
================================================================================
AV 92.4 69.2                               3.6 FASTST   M    M   2    MAX(MPH)
                                 MISC ---->  # 29 300               # 39  300
================================================================================
NOTES:
# LAST OF SEVERAL OCCURRENCES

COLUMN 17 PEAK WIND IN M.P.H.

PRELIMINARY LOCAL CLIMATOLOGICAL DATA (WS FORM: F-6) , PAGE 2

                                          STATION:  TROY
                                          MONTH:    AUGUST
                                          YEAR:     2014
                                          LATITUDE:   31 51 N
                                          LONGITUDE:  86  1 W

[TEMPERATURE DATA]      [PRECIPITATION DATA]       SYMBOLS USED IN COLUMN 16

AVERAGE MONTHLY: 80.8   TOTAL FOR MONTH:   2.87    1 = FOG OR MIST
DPTR FM NORMAL:   0.3   DPTR FM NORMAL:   -1.34    2 = FOG REDUCING VISIBILITY
HIGHEST:    98 ON 24,23 GRTST 24HR  1.24 ON  9-10      TO 1/4 MILE OR LESS
LOWEST:     63 ON 27,15                            3 = THUNDER
                        SNOW, ICE PELLETS, HAIL    4 = ICE PELLETS
                        TOTAL MONTH:   0.0 INCH    5 = HAIL
                        GRTST 24HR     0.0         6 = FREEZING RAIN OR DRIZZLE
                        GRTST DEPTH:   0           7 = DUSTSTORM OR SANDSTORM:
                                                       VSBY 1/2 MILE OR LESS
                                                   8 = SMOKE OR HAZE
[NO. OF DAYS WITH]      [WEATHER - DAYS WITH]      9 = BLOWING SNOW
                                                   X = TORNADO
MAX 32 OR BELOW:   0    0.01 INCH OR MORE:   8
MAX 90 OR ABOVE:  22    0.10 INCH OR MORE:   8
MIN 32 OR BELOW:   0    0.50 INCH OR MORE:   2
MIN  0 OR BELOW:   0    1.00 INCH OR MORE:   1

[HDD (BASE 65) ]
TOTAL THIS MO.     0    CLEAR  (SCALE 0-3)  22
DPTR FM NORMAL     0    PTCLDY (SCALE 4-7)   5
TOTAL FM JUL 1     0    CLOUDY (SCALE 8-10)  0
DPTR FM NORMAL     0

[CDD (BASE 65) ]
TOTAL THIS MO.   432
DPTR FM NORMAL    12    [PRESSURE DATA]
TOTAL FM JAN 1  1647    HIGHEST SLP M ON M
DPTR FM NORMAL    67    LOWEST  SLP 29.86 ON 12

[REMARKS]
