000
CXUS55 KCYS 221000
CF6TOR
PRELIMINARY LOCAL CLIMATOLOGICAL DATA (WS FORM: F-6)

                                          STATION:   TORRINGTON WY AIRPORT
                                          MONTH:     MARCH
                                          YEAR:      2017
                                          LATITUDE:   42  3 N
                                          LONGITUDE: 104  9 W

  TEMPERATURE IN F:       :PCPN:    SNOW:  WIND      :SUNSHINE: SKY     :PK WND
================================================================================
1   2   3   4   5  6A  6B    7    8   9   10  11  12  13   14  15   16   17  18
                                     12Z  AVG MX 2MIN
DY MAX MIN AVG DEP HDD CDD  WTR  SNW DPTH SPD SPD DIR MIN PSBL S-S WX    SPD DR
================================================================================

 1  35  14  25  -9  40   0 0.00    M    M 17.3 35 280   M    M   0        44 290
 2  34  17  26  -8  39   0 0.00    M    M  7.2 28 290   M    M   0        37 300
 3  49  19  34  -1  31   0 0.00    M    M  8.6 28 270   M    M   0        35 260
 4  55  26  41   6  24   0 0.00    M    M  4.7 13 100   M    M   0        16 110
 5  57  24  41   6  24   0 0.00    M    M  4.3 14 270   M    M   1        18 150
 6  40  26  33  -2  32   0    T    M    M 19.2 41 280   M    M   3 1      53 280
 7  45  26  36   0  29   0 0.00    M    M 21.0 40 300   M    M   2        55 310
 8  59  31  45   9  20   0 0.00    M    M 21.3 39 280   M    M   0        51 280
 9  64  24  44   8  21   0 0.00    M    M 15.9 43 280   M    M   1        58 280
10  63  24  44   8  21   0 0.05    M    M 12.4 25  40   M    M   6 1      30  40
11  55  32  44   7  21   0 0.10    M    M  8.0 18 120   M    M   6 1      25 120
12  55  30  43   6  22   0    T    M    M 18.1 40 340   M    M   4 8      52 340
13  46  19  33  -4  32   0 0.00    M    M  7.3 12  90   M    M   7        15 130
14  62  33  48  11  17   0 0.00    M    M  6.9 17 360   M    M   5        23 330
15  74  29  52  14  13   0 0.00    M    M  3.7 14  10   M    M   0        19 270
16  76  34  55  17  10   0 0.00    M    M 13.7 38 300   M    M   0        51 310
17  61  36  49  11  16   0 0.00    M    M  6.6 15 360   M    M   0        18 360
18  82  33  58  20   7   0 0.00    M    M  6.9 17 160   M    M   0        19 150
19  78  40  59  20   6   0 0.00    M    M 12.6 44 270   M    M   0        55 270
20  62  42  52  13  13   0 0.01    M    M  8.7 17  90   M    M   3        21  90
21  59  32  46   7  19   0    T    M    M 15.1 24 150   M    M   4        31 150
================================================================================
SM 1211  591       457   0  0.16    M    239.5          M       42
================================================================================
AV 57.7 28.1                              11.4 FASTST   M    M   2    MAX(MPH)
                                 MISC ---->  # 44 270               # 58  280
================================================================================
NOTES:
# LAST OF SEVERAL OCCURRENCES

COLUMN 17 PEAK WIND IN M.P.H.

PRELIMINARY LOCAL CLIMATOLOGICAL DATA (WS FORM: F-6) , PAGE 2

                                          STATION:  TORRINGTON WY AIRPORT
                                          MONTH:    MARCH
                                          YEAR:     2017
                                          LATITUDE:   42  3 N
                                          LONGITUDE: 104  9 W

[TEMPERATURE DATA]      [PRECIPITATION DATA]       SYMBOLS USED IN COLUMN 16

AVERAGE MONTHLY: 42.9   TOTAL FOR MONTH:   0.16    1 = FOG OR MIST
DPTR FM NORMAL:   6.3   DPTR FM NORMAL:   -0.24    2 = FOG REDUCING VISIBILITY
HIGHEST:    82 ON 18    GRTST 24HR  0.10 ON 11-11      TO 1/4 MILE OR LESS
LOWEST:     14 ON  1                               3 = THUNDER
                        SNOW, ICE PELLETS, HAIL    4 = ICE PELLETS
                        TOTAL MONTH:    M          5 = HAIL
                        GRTST 24HR    M  ON   M    6 = FREEZING RAIN OR DRIZZLE
                        GRTST DEPTH:  M  ON   M    7 = DUSTSTORM OR SANDSTORM:
                                                       VSBY 1/2 MILE OR LESS
                                                   8 = SMOKE OR HAZE
[NO. OF DAYS WITH]      [WEATHER - DAYS WITH]      9 = BLOWING SNOW
                                                   X = TORNADO
MAX 32 OR BELOW:   0    0.01 INCH OR MORE:   3
MAX 90 OR ABOVE:   0    0.10 INCH OR MORE:   1
MIN 32 OR BELOW:  15    0.50 INCH OR MORE:   0
MIN  0 OR BELOW:   0    1.00 INCH OR MORE:   0

[HDD (BASE 65) ]
TOTAL THIS MO.   457    CLEAR  (SCALE 0-3)  15
DPTR FM NORMAL  -139    PTCLDY (SCALE 4-7)   6
TOTAL FM JUL 1  4937    CLOUDY (SCALE 8-10)  0
DPTR FM NORMAL  -503

[CDD (BASE 65) ]
TOTAL THIS MO.     0
DPTR FM NORMAL     0    [PRESSURE DATA]
TOTAL FM JAN 1     0    HIGHEST SLP M ON M
DPTR FM NORMAL     0    LOWEST  SLP 29.14 ON  6

[REMARKS]
