000
CXUS53 KOAX 260429
CF6TQE
PRELIMINARY LOCAL CLIMATOLOGICAL DATA (WS FORM: F-6)

                                          STATION:   TEKAMAH, NEBRASKA
                                          MONTH:     APRIL
                                          YEAR:      2017
                                          LATITUDE:   41 46 N
                                          LONGITUDE:  96 11 W

  TEMPERATURE IN F:       :PCPN:    SNOW:  WIND      :SUNSHINE: SKY     :PK WND
================================================================================
1   2   3   4   5  6A  6B    7    8   9   10  11  12  13   14  15   16   17  18
                                     12Z  AVG MX 2MIN
DY MAX MIN AVG DEP HDD CDD  WTR  SNW DPTH SPD SPD DIR MIN PSBL S-S WX    SPD DR
================================================================================

 1  54  38  46   1  19   0    T    M    M  6.4 17 150   M    M   6        20 140
 2  54  42  48   2  17   0 0.01    M    M  6.4 15 160   M    M   9 12     20 170
 3  60  42  51   5  14   0 0.23    M    M  9.6 20 360   M    M  10 12     23 360
 4  60  44  52   5  13   0    T    M    M 12.0 23 350   M    M   4 1      29 330
 5  59  42  51   4  14   0 0.01    M    M 14.5 28  10   M    M   4        35  20
 6  57  33  45  -2  20   0    T    M    M 11.8 22 340   M    M   0        28 340
 7  64  29  47  -1  18   0 0.00    M    M 12.6 28 160   M    M   0        31 160
 8  78  42  60  12   5   0 0.00    M    M 13.2 23 180   M    M   0        27 170
 9  79  48  64  16   1   0    T    M    M  9.0 23 330   M    M   2 1      29 200
10  51  33  42  -7  23   0    T    M    M 14.6 28 320   M    M   7        31 330
11  65  28  47  -2  18   0 0.00    M    M  6.4 14 160   M    M   0        19 190
12  70  41  56   6   9   0    T    M    M  9.1 20 120   M    M   6        23 130
13  78  49  64  14   1   0 0.00    M    M  8.6 16  80   M    M   5        19 120
14  68  53  61  11   4   0 0.25    M    M 13.2 26 280   M    M   8 13     31 280
15  77  56  67  16   0   2 0.84    M    M  9.3 37 290   M    M   6 13     45 290
16  70  44  57   6   8   0 0.00    M    M  6.6 20 360   M    M   0        23 360
17  73  43  58   6   7   0 0.00    M    M  6.2 14 140   M    M   1        18 190
18  76  53  65  13   0   0 0.23    M    M 11.5 22 170   M    M   4 13     28 160
19  62  47  55   3  10   0 0.84    M    M 12.4 29 340   M    M   7 13     32 320
20  58  41  50  -3  15   0 0.00    M    M 13.2 29 310   M    M   6        36 320
21  58  38  48  -5  17   0 0.00    M    M  8.4 17  50   M    M   0        23  40
22  67  39  53   0  12   0 0.00    M    M  7.4 15  50   M    M   0        19  50
23  74  39  57   3   8   0 0.00    M    M 12.4 28 190   M    M   0        33 180
24  76  46  61   7   4   0 0.00    M    M 18.0 35 170   M    M   2        43 160
================================================================================
SM 1588 1010       257   2  2.41    M    252.8          M       87
================================================================================
AV 66.2 42.1                              10.5 FASTST   M    M   4    MAX(MPH)
                                 MISC ---->  # 37 290               # 45  290
================================================================================
NOTES:
# LAST OF SEVERAL OCCURRENCES

COLUMN 17 PEAK WIND IN M.P.H.

PRELIMINARY LOCAL CLIMATOLOGICAL DATA (WS FORM: F-6) , PAGE 2

                                          STATION:  TEKAMAH, NEBRASKA
                                          MONTH:    APRIL
                                          YEAR:     2017
                                          LATITUDE:   41 46 N
                                          LONGITUDE:  96 11 W

[TEMPERATURE DATA]      [PRECIPITATION DATA]       SYMBOLS USED IN COLUMN 16

AVERAGE MONTHLY: 54.1   TOTAL FOR MONTH:   2.41    1 = FOG OR MIST
DPTR FM NORMAL:   4.3   DPTR FM NORMAL:    0.04    2 = FOG REDUCING VISIBILITY
HIGHEST:    79 ON  9    GRTST 24HR  0.84 ON 19-19      TO 1/4 MILE OR LESS
LOWEST:     28 ON 11                               3 = THUNDER
                        SNOW, ICE PELLETS, HAIL    4 = ICE PELLETS
                        TOTAL MONTH:    M          5 = HAIL
                        GRTST 24HR    M  ON   M    6 = FREEZING RAIN OR DRIZZLE
                        GRTST DEPTH:  M  ON   M    7 = DUSTSTORM OR SANDSTORM:
                                                       VSBY 1/2 MILE OR LESS
                                                   8 = SMOKE OR HAZE
[NO. OF DAYS WITH]      [WEATHER - DAYS WITH]      9 = BLOWING SNOW
                                                   X = TORNADO
MAX 32 OR BELOW:   0    0.01 INCH OR MORE:   7
MAX 90 OR ABOVE:   0    0.10 INCH OR MORE:   5
MIN 32 OR BELOW:   2    0.50 INCH OR MORE:   2
MIN  0 OR BELOW:   0    1.00 INCH OR MORE:   0

[HDD (BASE 65) ]
TOTAL THIS MO.   257    CLEAR  (SCALE 0-3)  11
DPTR FM NORMAL  -114    PTCLDY (SCALE 4-7)  11
TOTAL FM JUL 1  5162    CLOUDY (SCALE 8-10)  2
DPTR FM NORMAL -1107

[CDD (BASE 65) ]
TOTAL THIS MO.     2
DPTR FM NORMAL     2    [PRESSURE DATA]
TOTAL FM JAN 1     2    HIGHEST SLP M ON M
DPTR FM NORMAL     2    LOWEST  SLP 29.41 ON  9

[REMARKS]
