000
CXUS54 KMRX 301000
CF6TRI
PRELIMINARY LOCAL CLIMATOLOGICAL DATA (WS FORM: F-6)

                                          STATION:   TRI-CITIES      ASOS
                                          MONTH:     MARCH
                                          YEAR:      2015
                                          LATITUDE:   36 28 N
                                          LONGITUDE:  82 24 W

  TEMPERATURE IN F:       :PCPN:    SNOW:  WIND      :SUNSHINE: SKY     :PK WND
================================================================================
1   2   3   4   5  6A  6B    7    8   9   10  11  12  13   14  15   16   17  18
                                     12Z  AVG MX 2MIN
DY MAX MIN AVG DEP HDD CDD  WTR  SNW DPTH SPD SPD DIR MIN PSBL S-S WX    SPD DR
================================================================================

 1  56  32  44   1  21   0    T  0.0    0  1.7 10 270   M    M  10 1      12 280
 2  49  33  41  -2  24   0 0.51  0.0    0  2.8 10 320   M    M   8 1      14 350
 3  52  33  43   0  22   0 0.20  0.0    0  0.8  8 290   M    M  10 1       9 280
 4  73  43  58  15   7   0 0.31  0.0    0  6.5 35 240   M    M   9 1      42 240
 5  43  21  32 -12  33   0 0.87    T    0  7.3 15 340   M    M   9 1      21 330
 6  37  13  25 -19  40   0 0.00  0.0    0  4.4 12 280   M    M   4        16 310
 7  53  19  36  -8  29   0 0.00  0.0    0  4.3 18 240   M    M   0        23 250
 8  63  25  44   0  21   0 0.00  0.0    0  2.7 17 220   M    M   3        20 220
 9  59  43  51   6  14   0    T  0.0    0  3.4 16 220   M    M   M        20 220
10  71  46  59  14   6   0 0.06  0.0    0  4.0 22 220   M    M  10 1      27 220
11  63  48  56  11   9   0 0.73  0.0    0  3.6 10  10   M    M  10 1      13  50
12  70  38  54   8  11   0 0.00  0.0    0  5.5 15 110   M    M   8 12     19 100
13  58  47  53   7  12   0 0.19  0.0    0  6.9 15 120   M    M   9 1      21 110
14  57  48  53   7  12   0 0.35  0.0    0  4.4 17 230   M    M  10 1      20 230
15  67  38  53   7  12   0 0.00  0.0    0  4.6 16 280   M    M   4 1      23 260
16  73  34  54   7  11   0 0.00  0.0    0  4.1 18 220   M    M   4        24 220
17  74  37  56   9   9   0 0.00  0.0    0  6.7 21 330   M    M   3        29 320
18  54  33  44  -3  21   0 0.00  0.0    0  3.3 14 360   M    M   6        18  10
19  48  42  45  -3  20   0 0.27  0.0    0  4.1 10 130   M    M  10 1      14  60
20  51  44  48   0  17   0 0.12  0.0    0  3.2  9 310   M    M  10 1      13 210
21  64  46  55   7  10   0 0.00  0.0    0  4.3 13 210   M    M   9        15 220
22  68  42  55   7  10   0 0.00  0.0    0  2.1 10  20   M    M   9        15  20
23  70  43  57   8   8   0 0.00  0.0    0  3.5 13 240   M    M   3        17 210
24  71  42  57   8   8   0 0.00  0.0    0  2.4 16 220   M    M   6        20 200
25  76  48  62  13   3   0 0.00  0.0    0  5.6 23 220   M    M   5        30 230
26  74  44  59  10   6   0 0.17  0.0    0 10.3 28 230   M    M   M 1      34 260
27  49  35  42  -8  23   0 0.03  0.0    0  9.2 22 300   M    M   M        27 300
28  42  27  35 -15  30   0    T  0.0    0  9.2 17 310   M    M   M        24 300
29  56  18  37 -13  28   0 0.00  0.0    0  3.3 18 260   M    M   M        23 270
================================================================================
SM 1741 1062       477   0  3.81    T    134.2          M      169
================================================================================
AV 60.0 36.6                               4.6 FASTST   M    M   7    MAX(MPH)
                                 MISC ---->  # 35 240               # 42  240
================================================================================
NOTES:
# LAST OF SEVERAL OCCURRENCES

COLUMN 17 PEAK WIND IN M.P.H.

PRELIMINARY LOCAL CLIMATOLOGICAL DATA (WS FORM: F-6) , PAGE 2

                                          STATION:  TRI-CITIES      ASOS
                                          MONTH:    MARCH
                                          YEAR:     2015
                                          LATITUDE:   36 28 N
                                          LONGITUDE:  82 24 W

[TEMPERATURE DATA]      [PRECIPITATION DATA]       SYMBOLS USED IN COLUMN 16

AVERAGE MONTHLY: 48.3   TOTAL FOR MONTH:   3.81    1 = FOG OR MIST
DPTR FM NORMAL:   1.9   DPTR FM NORMAL:    0.59    2 = FOG REDUCING VISIBILITY
HIGHEST:    76 ON 25    GRTST 24HR  0.87 ON  5- 5      TO 1/4 MILE OR LESS
LOWEST:     13 ON  6                               3 = THUNDER
                        SNOW, ICE PELLETS, HAIL    4 = ICE PELLETS
                        TOTAL MONTH:    T          5 = HAIL
                        GRTST 24HR    T  ON  5- 5  6 = FREEZING RAIN OR DRIZZLE
                        GRTST DEPTH:   0           7 = DUSTSTORM OR SANDSTORM:
                                                       VSBY 1/2 MILE OR LESS
                                                   8 = SMOKE OR HAZE
[NO. OF DAYS WITH]      [WEATHER - DAYS WITH]      9 = BLOWING SNOW
                                                   X = TORNADO
MAX 32 OR BELOW:   0    0.01 INCH OR MORE:  12
MAX 90 OR ABOVE:   0    0.10 INCH OR MORE:  10
MIN 32 OR BELOW:   7    0.50 INCH OR MORE:   3
MIN  0 OR BELOW:   0    1.00 INCH OR MORE:   0

[HDD (BASE 65) ]
TOTAL THIS MO.   477    CLEAR  (SCALE 0-3)   3
DPTR FM NORMAL   -62    PTCLDY (SCALE 4-7)   9
TOTAL FM JUL 1  4104    CLOUDY (SCALE 8-10) 12
DPTR FM NORMAL   183

[CDD (BASE 65) ]
TOTAL THIS MO.     0
DPTR FM NORMAL     0    [PRESSURE DATA]
TOTAL FM JAN 1     0    HIGHEST SLP M ON M
DPTR FM NORMAL     0    LOWEST  SLP 29.71 ON 26

[REMARKS]
