000
CXUS54 KFWD 250730
CF6TRL
PRELIMINARY LOCAL CLIMATOLOGICAL DATA (WS FORM: F-6)

                                          STATION:   TERRELL
                                          MONTH:     JUNE
                                          YEAR:      2017
                                          LATITUDE:   32 42 N
                                          LONGITUDE:  96 16 W

  TEMPERATURE IN F:       :PCPN:    SNOW:  WIND      :SUNSHINE: SKY     :PK WND
================================================================================
1   2   3   4   5  6A  6B    7    8   9   10  11  12  13   14  15   16   17  18
                                     12Z  AVG MX 2MIN
DY MAX MIN AVG DEP HDD CDD  WTR  SNW DPTH SPD SPD DIR MIN PSBL S-S WX    SPD DR
================================================================================

 1  86  70  78   0   0  13 0.03  0.0    0  5.3 21 360   M    M   3 13     29  10
 2  85  68  77  -1   0  12 2.40  0.0    0  7.3 30 290   M    M   5 138    35 290
 3  83  67  75  -3   0  10 0.03  0.0    0  3.7 10 130   M    M   5 1      14 120
 4  87  68  78   0   0  13 2.97  0.0    0  2.9 29 240   M    M   4 13     36 230
 5  83  69  76  -2   0  11 0.08  0.0    0  5.3 12 350   M    M   6        20 110
 6  92  69  81   2   0  16 0.00  0.0    0  8.5 16  30   M    M   1        24  20
 7  88  67  78  -1   0  13 0.00  0.0    0  5.9 10  60   M    M   1        16  30
 8  86  67  77  -2   0  12 0.00  0.0    0  4.6 10  80   M    M   2        14 100
 9  74  65  70  -9   0   5 0.28  0.0    0  7.5 17 290   M    M   7 13     22 290
10  87  69  78  -2   0  13 0.00  0.0    0 10.1 21 160   M    M   2        25 170
11  89  72  81   1   0  16 0.00  0.0    0 10.7 21 170   M    M   2        27 170
12  92  74  83   3   0  18    T  0.0    0 10.5 18 170   M    M   3        23 180
13  91  77  84   4   0  19 0.00  0.0    0 11.4 23 170   M    M   5        28 180
14  91  76  84   4   0  19 0.00  0.0    0 10.4 20 180   M    M   4        26 180
15  91  75  83   3   0  18 0.00  0.0    0  9.7 17 190   M    M   2        22 190
16  92  76  84   3   0  19 0.00  0.0    0 10.8 18 180   M    M   1        26 160
17  91  76  84   3   0  19 0.00  0.0    0 11.5 21 170   M    M   1        26 160
18  93  77  85   4   0  20 0.00  0.0    0  9.4 18 180   M    M   4        26 190
19  88  68  78  -3   0  13 1.66  0.0    0  5.6 25 320   M    M   3 13     34 320
20  91  74  83   2   0  18 0.00  0.0    0  6.5 12  70   M    M   2 1      16  50
21  90  69  80  -2   0  15 0.00  0.0    0  7.8 15  40   M    M   1        20  80
22  89  75  82   0   0  17 0.00  0.0    0  7.4 16  30   M    M   7        20  20
23  95  70  83   1   0  18 0.31  0.0    0  7.2 35 360   M    M   2 13     56 340
24  82  70  76  -6   0  11 0.92  0.0    0  6.9 17  40   M    M   5 13     23  30
================================================================================
SM 2116 1708         0 358  8.68     0.0 186.9          M       78
================================================================================
AV 88.2 71.2                               7.8 FASTST   M    M   3    MAX(MPH)
                                 MISC ---->  # 35 360               # 56  340
================================================================================
NOTES:
# LAST OF SEVERAL OCCURRENCES

COLUMN 17 PEAK WIND IN M.P.H.

PRELIMINARY LOCAL CLIMATOLOGICAL DATA (WS FORM: F-6) , PAGE 2

                                          STATION:  TERRELL
                                          MONTH:    JUNE
                                          YEAR:     2017
                                          LATITUDE:   32 42 N
                                          LONGITUDE:  96 16 W

[TEMPERATURE DATA]      [PRECIPITATION DATA]       SYMBOLS USED IN COLUMN 16

AVERAGE MONTHLY: 79.7   TOTAL FOR MONTH:   8.68    1 = FOG OR MIST
DPTR FM NORMAL:  -0.3   DPTR FM NORMAL:    5.28    2 = FOG REDUCING VISIBILITY
HIGHEST:    95 ON 23    GRTST 24HR  3.04 ON  4- 5      TO 1/4 MILE OR LESS
LOWEST:     65 ON  9                               3 = THUNDER
                        SNOW, ICE PELLETS, HAIL    4 = ICE PELLETS
                        TOTAL MONTH:   0.0 INCH    5 = HAIL
                        GRTST 24HR     0.0         6 = FREEZING RAIN OR DRIZZLE
                        GRTST DEPTH:   0           7 = DUSTSTORM OR SANDSTORM:
                                                       VSBY 1/2 MILE OR LESS
                                                   8 = SMOKE OR HAZE
[NO. OF DAYS WITH]      [WEATHER - DAYS WITH]      9 = BLOWING SNOW
                                                   X = TORNADO
MAX 32 OR BELOW:   0    0.01 INCH OR MORE:   9
MAX 90 OR ABOVE:  11    0.10 INCH OR MORE:   6
MIN 32 OR BELOW:   0    0.50 INCH OR MORE:   4
MIN  0 OR BELOW:   0    1.00 INCH OR MORE:   3

[HDD (BASE 65) ]
TOTAL THIS MO.     0    CLEAR  (SCALE 0-3)  14
DPTR FM NORMAL     0    PTCLDY (SCALE 4-7)  10
TOTAL FM JUL 1  1497    CLOUDY (SCALE 8-10)  0
DPTR FM NORMAL  -858

[CDD (BASE 65) ]
TOTAL THIS MO.   358
DPTR FM NORMAL    -1    [PRESSURE DATA]
TOTAL FM JAN 1   835    HIGHEST SLP M ON M
DPTR FM NORMAL   100    LOWEST  SLP 29.59 ON 22

[REMARKS]
