000
CXUS55 KTWC 260855
CF6TUS
PRELIMINARY LOCAL CLIMATOLOGICAL DATA (WS FORM: F-6)

                                          STATION:   TUCSON AZ
                                          MONTH:     MAY
                                          YEAR:      2017
                                          LATITUDE:   32  7 N
                                          LONGITUDE: 110 56 W

  TEMPERATURE IN F:       :PCPN:    SNOW:  WIND      :SUNSHINE: SKY     :PK WND
================================================================================
1   2   3   4   5  6A  6B    7    8   9   10  11  12  13   14  15   16   17  18
                                     12Z  AVG MX 2MIN
DY MAX MIN AVG DEP HDD CDD  WTR  SNW DPTH SPD SPD DIR MIN PSBL S-S WX    SPD DR
================================================================================

 1  89  55  72   0   0   7 0.00  0.0    0  7.8 22 320   M    M   0        30 320
 2  92  58  75   3   0  10 0.00  0.0    0  6.7 18 290   M    M   0        28 330
 3  96  63  80   8   0  15 0.00  0.0    0  6.7 16 260   M    M   0        22 270
 4 100  63  82  10   0  17 0.00  0.0    0  5.9 16  20   M    M   0        23  30
 5 104  66  85  12   0  20 0.00  0.0    0  7.5 32 200   M    M   0        45 190
 6  94  70  82   9   0  17 0.00  0.0    0 15.4 31 200   M    M   0        42 210
 7  81  62  72  -1   0   7 0.00  0.0    0 12.3 25 200   M    M   5        32 180
 8  77  55  66  -8   0   1 0.01  0.0    0  7.5 23 280   M    M   5        27 290
 9  68  52  60 -14   5   0 0.01  0.0    0  7.2 21 180   M    M   4        39 300
10  74  49  62 -12   3   0 0.00  0.0    0  5.6 14 280   M    M   2        21 300
11  87  53  70  -4   0   5 0.00  0.0    0  5.0 14 340   M    M   0        24 310
12  96  61  79   4   0  14 0.00  0.0    0  8.8 17 290   M    M   0        24 310
13  97  63  80   5   0  15 0.00  0.0    0  8.5 22 230   M    M   0        46 280
14  91  62  77   2   0  12 0.00  0.0    0  8.8 21 200   M    M   M        28 210
15  87  62  75  -1   0  10 0.00  0.0    0 12.1 28 170   M    M   0        39 290
16  74  58  66 -10   0   1 0.00  0.0    0  7.6 24 290   M    M   3        43 260
17  86  52  69  -7   0   4 0.00  0.0    0  9.1 20 270   M    M   M        29 290
18  83  59  71  -6   0   6 0.00  0.0    0  7.3 22 310   M    M   0        32 240
19  83  58  71  -6   0   6 0.00  0.0    0  7.1 15 280   M    M   0        24 320
20  91  54  73  -4   0   8 0.00  0.0    0  5.0 15 350   M    M   0        27 340
21  97  59  78   0   0  13 0.00  0.0    0  7.4 17 320   M    M   M        23 300
22  99  64  82   4   0  17 0.00  0.0    0  7.5 20  10   M    M   0        30 360
23 101  67  84   6   0  19 0.00  0.0    0  7.0 18 310   M    M   0        27 320
24 103  68  86   8   0  21 0.00  0.0    0  8.3 20 270   M    M   0        26 260
25  96  76  86   7   0  21 0.00  0.0    0 11.7 23 230   M    M   0        35 280
================================================================================
SM 2246 1509         8 266  0.02     0.0 203.8          M       19
================================================================================
AV 89.8 60.4                               8.2 FASTST   M    M   1    MAX(MPH)
                                 MISC ---->  # 32 200               # 46  280
================================================================================
NOTES:
# LAST OF SEVERAL OCCURRENCES

COLUMN 17 PEAK WIND IN M.P.H.

PRELIMINARY LOCAL CLIMATOLOGICAL DATA (WS FORM: F-6) , PAGE 2

                                          STATION:  TUCSON AZ
                                          MONTH:    MAY
                                          YEAR:     2017
                                          LATITUDE:   32  7 N
                                          LONGITUDE: 110 56 W

[TEMPERATURE DATA]      [PRECIPITATION DATA]       SYMBOLS USED IN COLUMN 16

AVERAGE MONTHLY: 75.1   TOTAL FOR MONTH:   0.02    1 = FOG OR MIST
DPTR FM NORMAL:  -0.0   DPTR FM NORMAL:   -0.16    2 = FOG REDUCING VISIBILITY
HIGHEST:   104 ON  5    GRTST 24HR  0.01 ON  9- 9      TO 1/4 MILE OR LESS
LOWEST:     49 ON 10                               3 = THUNDER
                        SNOW, ICE PELLETS, HAIL    4 = ICE PELLETS
                        TOTAL MONTH:   0.0 INCH    5 = HAIL
                        GRTST 24HR     0.0         6 = FREEZING RAIN OR DRIZZLE
                        GRTST DEPTH:   0           7 = DUSTSTORM OR SANDSTORM:
                                                       VSBY 1/2 MILE OR LESS
                                                   8 = SMOKE OR HAZE
[NO. OF DAYS WITH]      [WEATHER - DAYS WITH]      9 = BLOWING SNOW
                                                   X = TORNADO
MAX 32 OR BELOW:   0    0.01 INCH OR MORE:   2
MAX 90 OR ABOVE:  14    0.10 INCH OR MORE:   0
MIN 32 OR BELOW:   0    0.50 INCH OR MORE:   0
MIN  0 OR BELOW:   0    1.00 INCH OR MORE:   0

[HDD (BASE 65) ]
TOTAL THIS MO.     8    CLEAR  (SCALE 0-3)  19
DPTR FM NORMAL     5    PTCLDY (SCALE 4-7)   3
TOTAL FM JUL 1   952    CLOUDY (SCALE 8-10)  0
DPTR FM NORMAL  -557

[CDD (BASE 65) ]
TOTAL THIS MO.   266
DPTR FM NORMAL     7    [PRESSURE DATA]
TOTAL FM JAN 1   625    HIGHEST SLP M ON M
DPTR FM NORMAL   212    LOWEST  SLP 29.56 ON M

[REMARKS]
