000
CXUS55 KTWC 210855
CF6TUS
PRELIMINARY LOCAL CLIMATOLOGICAL DATA (WS FORM: F-6)

                                          STATION:   TUCSON AZ
                                          MONTH:     OCTOBER
                                          YEAR:      2014
                                          LATITUDE:   32  7 N
                                          LONGITUDE: 110 56 W

  TEMPERATURE IN F:       :PCPN:    SNOW:  WIND      :SUNSHINE: SKY     :PK WND
================================================================================
1   2   3   4   5  6A  6B    7    8   9   10  11  12  13   14  15   16   17  18
                                     12Z  AVG MX 2MIN
DY MAX MIN AVG DEP HDD CDD  WTR  SNW DPTH SPD SPD DIR MIN PSBL S-S WX    SPD DR
================================================================================

 1  90  62  76  -1   0  11 0.00  0.0    0  6.8 15 340   M    M   0        20 290
 2  91  60  76   0   0  11 0.00  0.0    0  5.9 12 140   M    M   0        15 360
 3  97  58  78   2   0  13 0.00  0.0    0  6.8 24 140   M    M   0        30 150
 4  98  64  81   6   0  16 0.00  0.0    0  8.2 17 300   M    M   0        21 290
 5  94  65  80   5   0  15 0.00  0.0    0  6.5 14 270   M    M   0        18 280
 6  91  65  78   3   0  13 0.00  0.0    0  4.3 12 150   M    M   0        14 320
 7  92  70  81   7   0  16    T  0.0    0  7.3 17 180   M    M   3        21 340
 8  80  67  74   0   0   9 0.67  0.0    0  6.2 20 240   M    M   8 13     24 240
 9  76  64  70  -4   0   5 0.36  0.0    0  5.8 15 290   M    M   6 1      20 280
10  84  61  73   0   0   8 0.00  0.0    0  5.3 12 340   M    M   0        17  10
11  89  62  76   3   0  11 0.00  0.0    0  6.2 14 140   M    M   0        16 360
12  87  61  74   2   0   9 0.00  0.0    0  6.9 18 290   M    M   0        25 280
13  86  62  74   2   0   9 0.00  0.0    0  4.8 10 340   M    M   0        15 330
14  92  59  76   4   0  11 0.00  0.0    0  7.7 20 120   M    M   0        26 120
15  93  62  78   7   0  13 0.00  0.0    0  7.6 15 340   M    M   0 8      22 240
16  91  62  77   6   0  12 0.00  0.0    0  4.6 12 140   M    M   0        15 310
17  89  64  77   6   0  12    T  0.0    0  6.4 13 140   M    M   2        17 100
18  91  60  76   6   0  11 0.00  0.0    0  6.7 14 280   M    M   1        18 290
19  87  62  75   5   0  10 0.30  0.0    0  7.3 17  90   M    M   1 3      24 360
20  85  61  73   3   0   8 0.00  0.0    0  8.0 18 140   M    M   1        23 120
================================================================================
SM 1783 1251         0 223  1.33     0.0 129.3          M       22
================================================================================
AV 89.2 62.5                               6.5 FASTST   M    M   1    MAX(MPH)
                                 MISC ---->  # 24 140               # 30  150
================================================================================
NOTES:
# LAST OF SEVERAL OCCURRENCES

COLUMN 17 PEAK WIND IN M.P.H.

PRELIMINARY LOCAL CLIMATOLOGICAL DATA (WS FORM: F-6) , PAGE 2

                                          STATION:  TUCSON AZ
                                          MONTH:    OCTOBER
                                          YEAR:     2014
                                          LATITUDE:   32  7 N
                                          LONGITUDE: 110 56 W

[TEMPERATURE DATA]      [PRECIPITATION DATA]       SYMBOLS USED IN COLUMN 16

AVERAGE MONTHLY: 75.8   TOTAL FOR MONTH:   1.33    1 = FOG OR MIST
DPTR FM NORMAL:   2.8   DPTR FM NORMAL:    0.69    2 = FOG REDUCING VISIBILITY
HIGHEST:    98 ON  4    GRTST 24HR  0.92 ON  8- 9      TO 1/4 MILE OR LESS
LOWEST:     58 ON  3                               3 = THUNDER
                        SNOW, ICE PELLETS, HAIL    4 = ICE PELLETS
                        TOTAL MONTH:   0.0 INCH    5 = HAIL
                        GRTST 24HR     0.0         6 = FREEZING RAIN OR DRIZZLE
                        GRTST DEPTH:   0           7 = DUSTSTORM OR SANDSTORM:
                                                       VSBY 1/2 MILE OR LESS
                                                   8 = SMOKE OR HAZE
[NO. OF DAYS WITH]      [WEATHER - DAYS WITH]      9 = BLOWING SNOW
                                                   X = TORNADO
MAX 32 OR BELOW:   0    0.01 INCH OR MORE:   3
MAX 90 OR ABOVE:  11    0.10 INCH OR MORE:   3
MIN 32 OR BELOW:   0    0.50 INCH OR MORE:   1
MIN  0 OR BELOW:   0    1.00 INCH OR MORE:   0

[HDD (BASE 65) ]
TOTAL THIS MO.     0    CLEAR  (SCALE 0-3)  18
DPTR FM NORMAL    -6    PTCLDY (SCALE 4-7)   1
TOTAL FM JUL 1     0    CLOUDY (SCALE 8-10)  1
DPTR FM NORMAL    -6

[CDD (BASE 65) ]
TOTAL THIS MO.   223
DPTR FM NORMAL    56    [PRESSURE DATA]
TOTAL FM JAN 1  3456    HIGHEST SLP M ON M
DPTR FM NORMAL   382    LOWEST  SLP 29.70 ON M

[REMARKS]
