000
CXUS53 KAPX 270631
CF6TVC
PRELIMINARY LOCAL CLIMATOLOGICAL DATA (WS FORM: F-6)

                                          STATION:   TRAVERSE CITY MI
                                          MONTH:     FEBRUARY
                                          YEAR:      2017
                                          LATITUDE:   44 44 N
                                          LONGITUDE:  85 34 W

  TEMPERATURE IN F:       :PCPN:    SNOW:  WIND      :SUNSHINE: SKY     :PK WND
================================================================================
1   2   3   4   5  6A  6B    7    8   9   10  11  12  13   14  15   16   17  18
                                     12Z  AVG MX 2MIN
DY MAX MIN AVG DEP HDD CDD  WTR  SNW DPTH SPD SPD DIR MIN PSBL S-S WX    SPD DR
================================================================================

 1  31  22  27   6  38   0 0.03    M    M  9.0 21 300   M    M  10 18     27 270
 2  22  14  18  -3  47   0    T    M    M 13.0 22 280   M    M  10        28 300
 3  17  10  14  -7  51   0    T    M    M 10.0 20 280   M    M   8 8      26 290
 4  32  13  23   2  42   0 0.01    M    M  7.4 14 220   M    M   7        25 190
 5  31  17  24   3  41   0 0.02    M    6  8.6 20 310   M    M   9 18     26 310
 6  34  19  27   6  38   0 0.00    M    M  3.0 10  30   M    M  10        13  20
 7  35  29  32  10  33   0 0.40    M    M  8.5 23 320   M    M  10 18     30 320
 8  29  17  23   1  42   0    T    M    M 11.4 23 310   M    M  10        33 320
 9  17   7  12 -10  53   0    T    M    M  9.9 24 290   M    M   8 89     30 300
10  36   7  22   0  43   0    T    M    M  6.2 16 220   M    M   7 8      27 210
11  35  28  32  10  33   0 0.00    M    M  4.5 10  50   M    M   8 1      13  40
12  37  31  34  12  31   0 0.12    M    M 12.0 32 310   M    M  10 1      46 310
13  43  21  32  10  33   0 0.00    M    M  7.8 21 310   M    M   4        28 310
14  40  31  36  14  29   0 0.01    M    M 10.7 26 330   M    M   7        37 320
15  31  25  28   6  37   0 0.01    M    M 14.1 25 330   M    M  10 1      36 330
16  31  22  27   4  38   0 0.01    M    M  5.0 15 310   M    M   8 1      20 320
17  50  26  38  15  27   0 0.00    M    M  4.4 10 140   M    M   4        15 140
18  56  35  46  23  19   0 0.00    M    M  6.6 16 260   M    M   1        20 230
19  49  29  39  16  26   0 0.00    M    M  3.2 10 330   M    M   3        14 320
20  54  28  41  18  24   0 0.00    M    M  5.7 17 140   M    M   7        29 140
21  60  41  51  27  14   0 0.08    M    M  6.3 16 270   M    M   6 18     21 260
22  66  43  55  31  10   0 0.00    M    M  5.4 15 180   M    M   8 1      23 220
23  48  32  40  16  25   0 0.01    M    M  9.4 18 310   M    M  10 1      23 320
24  36  30  33   9  32   0 0.64    M    M  9.4 18  50   M    M  10 123469 25  50
25  34  23  29   5  36   0    T    M    M 13.7 23 280   M    M  10 189    27 270
26  38  16  27   2  38   0    T    M    M  7.7 18 200   M    M   6 189    31 190
================================================================================
SM  992  616       880   0  1.34    M    212.9          M      201
================================================================================
AV 38.2 23.7                               8.2 FASTST   M    M   8    MAX(MPH)
                                 MISC ---->  # 32 310               # 46  310
================================================================================
NOTES:
# LAST OF SEVERAL OCCURRENCES

COLUMN 17 PEAK WIND IN M.P.H.

PRELIMINARY LOCAL CLIMATOLOGICAL DATA (WS FORM: F-6) , PAGE 2

                                          STATION:  TRAVERSE CITY MI
                                          MONTH:    FEBRUARY
                                          YEAR:     2017
                                          LATITUDE:   44 44 N
                                          LONGITUDE:  85 34 W

[TEMPERATURE DATA]      [PRECIPITATION DATA]       SYMBOLS USED IN COLUMN 16

AVERAGE MONTHLY: 30.9   TOTAL FOR MONTH:   1.34    1 = FOG OR MIST
DPTR FM NORMAL:   8.5   DPTR FM NORMAL:   -0.05    2 = FOG REDUCING VISIBILITY
HIGHEST:    66 ON 22    GRTST 24HR  0.65 ON 23-24      TO 1/4 MILE OR LESS
LOWEST:      7 ON 10, 9                            3 = THUNDER
                        SNOW, ICE PELLETS, HAIL    4 = ICE PELLETS
                        TOTAL MONTH:    M          5 = HAIL
                        GRTST 24HR    M  ON   M    6 = FREEZING RAIN OR DRIZZLE
                        GRTST DEPTH:   6 ON  5     7 = DUSTSTORM OR SANDSTORM:
                                                       VSBY 1/2 MILE OR LESS
                                                   8 = SMOKE OR HAZE
[NO. OF DAYS WITH]      [WEATHER - DAYS WITH]      9 = BLOWING SNOW
                                                   X = TORNADO
MAX 32 OR BELOW:   9    0.01 INCH OR MORE:  11
MAX 90 OR ABOVE:   0    0.10 INCH OR MORE:   3
MIN 32 OR BELOW:  23    0.50 INCH OR MORE:   1
MIN  0 OR BELOW:   0    1.00 INCH OR MORE:   0

[HDD (BASE 65) ]
TOTAL THIS MO.   880    CLEAR  (SCALE 0-3)   2
DPTR FM NORMAL  -225    PTCLDY (SCALE 4-7)  12
TOTAL FM JUL 1  4115    CLOUDY (SCALE 8-10) 12
DPTR FM NORMAL -1146

[CDD (BASE 65) ]
TOTAL THIS MO.     0
DPTR FM NORMAL     0    [PRESSURE DATA]
TOTAL FM JAN 1     0    HIGHEST SLP M ON M
DPTR FM NORMAL     0    LOWEST  SLP 29.28 ON  7

[REMARKS]
