000
CXUS55 KREV 280836
CF6TVL
PRELIMINARY LOCAL CLIMATOLOGICAL DATA (WS FORM: F-6)

                                          STATION:   SOUTH LAKE TAHOE CA
                                          MONTH:     DECEMBER
                                          YEAR:      2014
                                          LATITUDE:   38 53 N
                                          LONGITUDE: 119 60 W

  TEMPERATURE IN F:       :PCPN:    SNOW:  WIND      :SUNSHINE: SKY     :PK WND
================================================================================
1   2   3   4   5  6A  6B    7    8   9   10  11  12  13   14  15   16   17  18
                                     12Z  AVG MX 2MIN
DY MAX MIN AVG DEP HDD CDD  WTR  SNW DPTH SPD SPD DIR MIN PSBL S-S WX    SPD DR
================================================================================

 1  50  27  39   7  26   0    T  0.0    0  7.2 18 190   M    M   M        25 200
 2  43  26  35   3  30   0 0.51  0.5    0  2.1 21 180   M    M   M 18     27 170
 3  46  38  42  11  23   0 0.46  0.0    0 10.6 25 180   M    M   M 1      32 200
 4  48  31  40   9  25   0 0.14  0.0    0  5.0 18 170   M    M   M 18     23 160
 5  50  30  40   9  25   0 0.03  0.0    0  3.0 16 180   M    M   M 18     22 190
 6  52  30  41  10  24   0    T  0.0    0  7.2 20 200   M    M   M        25 190
 7  52  27  40  10  25   0 0.00  0.0    0  1.7  7 200   M    M   M        10  30
 8  48  26  37   7  28   0 0.00  0.0    0  1.7  7  20   M    M   M 8       8  30
 9  51  28  40  10  25   0 0.00  0.0    0  0.9  8  30   M    M   M 18     11 200
10  58  29  44  14  21   0    T  0.0    0  6.9 28 190   M    M   M 18     51 180
11  53  40  47  17  18   0 0.12  0.0    0 19.4 47 190   M    M   M        69 190
12  40  30  35   5  30   0 0.29  0.4    T  5.7 18 190   M    M   M 1      26 190
13  43  23  33   3  32   0 0.00  0.0    0  1.5  9 180   M    M   M 8      11 180
14  43  19  31   1  34   0    T    T    0  2.3 15 210   M    M   M        21 180
15  42  28  35   5  30   0    T  0.2    0  6.6 22 200   M    M   M        32 190
16  41  29  35   5  30   0 0.04  0.1    T  5.8 17 200   M    M   M 1      26 210
17  40  28  34   5  31   0    T    T    T  5.6 18 190   M    M   M 8      23 180
18  45  27  36   7  29   0 0.00  0.0    0  3.4 15 200   M    M   M        19 180
19  44  35  40  11  25   0 0.32  0.3    0  6.8 22 180   M    M   M 1      28 200
20  44  35  40  11  25   0 0.09  0.3    T  8.8 18 200   M    M   M 1      26 190
21  55  31  43  14  22   0 0.00  0.0    0  6.8 20 200   M    M   M        27 220
22  58  29  44  15  21   0 0.00  0.0    0  3.2 10  30   M    M   M        13  30
23  56  26  41  12  24   0 0.00  0.0    0  1.8 10  40   M    M   M        13  40
24  50  27  39  10  26   0 0.41  0.7    0  8.8 24 200   M    M   M        36 220
25  31  16  24  -5  41   0    T    T    1  7.2 18  50   M    M   M        27  40
26  33  15  24  -5  41   0    T    T    1  5.7 16  80   M    M   M        24  80
27  44  11  28  -1  37   0 0.00  0.0    1  2.5  9  30   M    M   M        11  30
================================================================================
SM 1260  741       748   0  2.41     2.5 148.2          M        M
================================================================================
AV 46.7 27.4                               5.5 FASTST   M    M   0    MAX(MPH)
                                 MISC ---->  # 47 190               # 69  190
================================================================================
NOTES:
# LAST OF SEVERAL OCCURRENCES

COLUMN 17 PEAK WIND IN M.P.H.

PRELIMINARY LOCAL CLIMATOLOGICAL DATA (WS FORM: F-6) , PAGE 2

                                          STATION:  SOUTH LAKE TAHOE CA
                                          MONTH:    DECEMBER
                                          YEAR:     2014
                                          LATITUDE:   38 53 N
                                          LONGITUDE: 119 60 W

[TEMPERATURE DATA]      [PRECIPITATION DATA]       SYMBOLS USED IN COLUMN 16

AVERAGE MONTHLY: 37.1   TOTAL FOR MONTH:   2.41    1 = FOG OR MIST
DPTR FM NORMAL:   7.2   DPTR FM NORMAL:   -0.09    2 = FOG REDUCING VISIBILITY
HIGHEST:    58 ON 22,10 GRTST 24HR  0.78 ON  2- 3      TO 1/4 MILE OR LESS
LOWEST:     11 ON 27                               3 = THUNDER
                        SNOW, ICE PELLETS, HAIL    4 = ICE PELLETS
                        TOTAL MONTH:   2.5 INCHES  5 = HAIL
                        GRTST 24HR   0.7 ON   M    6 = FREEZING RAIN OR DRIZZLE
                        GRTST DEPTH:   1 ON 27,26  7 = DUSTSTORM OR SANDSTORM:
                                                       VSBY 1/2 MILE OR LESS
                                                   8 = SMOKE OR HAZE
[NO. OF DAYS WITH]      [WEATHER - DAYS WITH]      9 = BLOWING SNOW
                                                   X = TORNADO
MAX 32 OR BELOW:   1    0.01 INCH OR MORE:  10
MAX 90 OR ABOVE:   0    0.10 INCH OR MORE:   7
MIN 32 OR BELOW:  23    0.50 INCH OR MORE:   1
MIN  0 OR BELOW:   0    1.00 INCH OR MORE:   0

[HDD (BASE 65) ]
TOTAL THIS MO.   748    CLEAR  (SCALE 0-3)   0
DPTR FM NORMAL  -200    PTCLDY (SCALE 4-7)   0
TOTAL FM JUL 1  2186    CLOUDY (SCALE 8-10)  0
DPTR FM NORMAL  -855

[CDD (BASE 65) ]
TOTAL THIS MO.     0
DPTR FM NORMAL     0    [PRESSURE DATA]
TOTAL FM JAN 1    99    HIGHEST SLP M ON M
DPTR FM NORMAL    68    LOWEST  SLP 29.39 ON 11

[REMARKS]
