000
CXUS54 KJAN 251200
CF6TVR
PRELIMINARY LOCAL CLIMATOLOGICAL DATA (WS FORM: F-6)

                                          STATION:   VICKSBURG
                                          MONTH:     SEPTEMBER
                                          YEAR:      2017
                                          LATITUDE:   32 20 N
                                          LONGITUDE:  91  2 W

  TEMPERATURE IN F:       :PCPN:    SNOW:  WIND      :SUNSHINE: SKY     :PK WND
================================================================================
1   2   3   4   5  6A  6B    7    8   9   10  11  12  13   14  15   16   17  18
                                     12Z  AVG MX 2MIN
DY MAX MIN AVG DEP HDD CDD  WTR  SNW DPTH SPD SPD DIR MIN PSBL S-S WX    SPD DR
================================================================================

 1  86  67  77  -2   0  12 0.00  0.0    0  1.1  7  30   M    M   3 1      10  10
 2  88  66  77  -2   0  12 0.00  0.0    0  1.1  8  70   M    M   3 12     10  30
 3  90  67  79   1   0  14 0.00  0.0    0  1.7  7  60   M    M   1 12     10  70
 4  89  69  79   1   0  14 0.00  0.0    0  1.9 14 160   M    M   2 1      16 150
 5  92  67  80   2   0  15 1.24  0.0    0  4.1 25  20   M    M   3 13     29  30
 6  81  62  72  -6   0   7 0.00  0.0    0  6.4 14  20   M    M   3        19  10
 7  79  57  68 -10   0   3 0.00  0.0    0  4.2 14  30   M    M   0        16  20
 8  81  56  69  -8   0   4 0.00  0.0    0  5.2 14  30   M    M   0        19  10
 9  84  59  72  -5   0   7 0.00  0.0    0  7.0 14  50   M    M   1        18  60
10  85  62  74  -3   0   9 0.00  0.0    0  9.7 18  30   M    M   1        23  20
11  83  61  72  -5   0   7 0.00  0.0    0  8.5 21  20   M    M   0        26  20
12  64  58  61 -15   4   0 0.20  0.0    0  5.1 13 320   M    M   6 1      22 320
13  83  60  72  -4   0   7    T  0.0    0  2.7  9 280   M    M   6        14 290
14  88  63  76   0   0  11 0.00  0.0    0  2.0  8  40   M    M   2 128    10  70
15  89  65  77   2   0  12 0.00  0.0    0  2.6 10  70   M    M   1 18     13 180
16  90  69  80   5   0  15 0.00  0.0    0  3.6  9 170   M    M   3 1      15 170
17  92  68  80   5   0  15 0.00  0.0    0  1.1  8  90   M    M   3 12     11 210
18  91  70  81   6   0  16 0.28  0.0    0  1.0 12 290   M    M   2 1238   19 290
19  91  69  80   6   0  15 0.01  0.0    0  1.8  8 230   M    M   1 1      14 200
20  91  70  81   7   0  16 0.00  0.0    0  3.8 16 110   M    M   2 1      21  80
21  92  68  80   6   0  15 0.00  0.0    0  2.2  9  80   M    M   1 18     14 110
22  94  68  81   8   0  16 0.00  0.0    0  2.1 14 120   M    M   1 128    17 120
23  92  67  80   7   0  15 0.00  0.0    0  2.8 12  70   M    M   0 1      15  60
24  91  67  79   6   0  14 0.00  0.0    0  4.6 13 120   M    M   0 1      17  60
================================================================================
SM 2086 1555         4 271  1.73     0.0  86.3          M       45
================================================================================
AV 86.9 64.8                               3.6 FASTST   M    M   2    MAX(MPH)
                                 MISC ---->  # 25  20               # 29   30
================================================================================
NOTES:
# LAST OF SEVERAL OCCURRENCES

COLUMN 17 PEAK WIND IN M.P.H.

PRELIMINARY LOCAL CLIMATOLOGICAL DATA (WS FORM: F-6) , PAGE 2

                                          STATION:  VICKSBURG
                                          MONTH:    SEPTEMBER
                                          YEAR:     2017
                                          LATITUDE:   32 20 N
                                          LONGITUDE:  91  2 W

[TEMPERATURE DATA]      [PRECIPITATION DATA]       SYMBOLS USED IN COLUMN 16

AVERAGE MONTHLY: 75.9   TOTAL FOR MONTH:   1.73    1 = FOG OR MIST
DPTR FM NORMAL:  -0.2   DPTR FM NORMAL:   -0.61    2 = FOG REDUCING VISIBILITY
HIGHEST:    94 ON 22    GRTST 24HR  1.65 ON 31- 1      TO 1/4 MILE OR LESS
LOWEST:     56 ON  8                               3 = THUNDER
                        SNOW, ICE PELLETS, HAIL    4 = ICE PELLETS
                        TOTAL MONTH:   0.0 INCH    5 = HAIL
                        GRTST 24HR     0.0         6 = FREEZING RAIN OR DRIZZLE
                        GRTST DEPTH:   0           7 = DUSTSTORM OR SANDSTORM:
                                                       VSBY 1/2 MILE OR LESS
                                                   8 = SMOKE OR HAZE
[NO. OF DAYS WITH]      [WEATHER - DAYS WITH]      9 = BLOWING SNOW
                                                   X = TORNADO
MAX 32 OR BELOW:   0    0.01 INCH OR MORE:   4
MAX 90 OR ABOVE:  11    0.10 INCH OR MORE:   3
MIN 32 OR BELOW:   0    0.50 INCH OR MORE:   1
MIN  0 OR BELOW:   0    1.00 INCH OR MORE:   1

[HDD (BASE 65) ]
TOTAL THIS MO.     4    CLEAR  (SCALE 0-3)  22
DPTR FM NORMAL     4    PTCLDY (SCALE 4-7)   2
TOTAL FM JUL 1     4    CLOUDY (SCALE 8-10)  0
DPTR FM NORMAL     4

[CDD (BASE 65) ]
TOTAL THIS MO.   271
DPTR FM NORMAL     7    [PRESSURE DATA]
TOTAL FM JAN 1  2193    HIGHEST SLP M ON M
DPTR FM NORMAL   140    LOWEST  SLP 29.71 ON 12

[REMARKS]
