000
CXUS55 KBOI 161002
CF6TWF
PRELIMINARY LOCAL CLIMATOLOGICAL DATA (WS FORM: F-6)

                                          STATION:   TWIN FALLS ID
                                          MONTH:     JANUARY
                                          YEAR:      2017
                                          LATITUDE:   42 28 N
                                          LONGITUDE: 114 29 W

  TEMPERATURE IN F:       :PCPN:    SNOW:  WIND      :SUNSHINE: SKY     :PK WND
================================================================================
1   2   3   4   5  6A  6B    7    8   9   10  11  12  13   14  15   16   17  18
                                     12Z  AVG MX 2MIN
DY MAX MIN AVG DEP HDD CDD  WTR  SNW DPTH SPD SPD DIR MIN PSBL S-S WX    SPD DR
================================================================================

 1  26  14  20  -8  45   0    T    M    M  4.4 14 130   M    M  10 128    16 130
 2  26  14  20  -9  45   0    T    M    M  5.4 10 100   M    M   7 18     13 100
 3  23  14  19 -10  46   0 0.06    M    M  8.3 16  70   M    M  10 1      19  70
 4  22  13  18 -11  47   0 0.23    M    M 20.8 39  70   M    M  10 1289   46  70
 5  16  -9   4 -25  61   0 0.00    M    M 11.8 23  80   M    M   2        30  70
 6   3 -13  -5 -34  70   0 0.00    M    M  9.5 16 190   M    M   0        19 190
 7  20  -9   6 -23  59   0 0.12    M    M  9.2 16  60   M    M   6 128    19  50
 8  47  18  33   4  32   0 0.35    M    M 10.0 31 180   M    M   9 16     39 180
 9  45  28  37   8  28   0    T    M    M 11.6 38 260   M    M   8 1      48 250
10  43  30  37   8  28   0 0.01    M    M 17.3 37 230   M    M   9 1      45 220
11  43  25  34   5  31   0 0.01    M    M 12.7 35 240   M    M   7 1      44 240
12  32  17  25  -4  40   0 0.00    M    M  7.4 14 180   M    M   1        17 180
13  26  10  18 -12  47   0 0.00    M    M  4.6 12  20   M    M   0        14  70
14  23   8  16 -14  49   0 0.00    M    M  3.5  8 280   M    M   3        11 310
15  16   5  11 -19  54   0    T    M    M  2.7  9 300   M    M   8 128    11 300
================================================================================
SM  411  165       682   0  0.78    M    139.2          M       90
================================================================================
AV 27.4 11.0                               9.3 FASTST   M    M   6    MAX(MPH)
                                 MISC ---->  # 39  70               # 48  250
================================================================================
NOTES:
# LAST OF SEVERAL OCCURRENCES

COLUMN 17 PEAK WIND IN M.P.H.

PRELIMINARY LOCAL CLIMATOLOGICAL DATA (WS FORM: F-6) , PAGE 2

                                          STATION:  TWIN FALLS ID
                                          MONTH:    JANUARY
                                          YEAR:     2017
                                          LATITUDE:   42 28 N
                                          LONGITUDE: 114 29 W

[TEMPERATURE DATA]      [PRECIPITATION DATA]       SYMBOLS USED IN COLUMN 16

AVERAGE MONTHLY: 19.2   TOTAL FOR MONTH:   0.78    1 = FOG OR MIST
DPTR FM NORMAL:  -9.9   DPTR FM NORMAL:    0.17    2 = FOG REDUCING VISIBILITY
HIGHEST:    47 ON  8    GRTST 24HR  0.43 ON  7- 8      TO 1/4 MILE OR LESS
LOWEST:    -13 ON  6                               3 = THUNDER
                        SNOW, ICE PELLETS, HAIL    4 = ICE PELLETS
                        TOTAL MONTH:    M          5 = HAIL
                        GRTST 24HR    M  ON   M    6 = FREEZING RAIN OR DRIZZLE
                        GRTST DEPTH:  M  ON   M    7 = DUSTSTORM OR SANDSTORM:
                                                       VSBY 1/2 MILE OR LESS
                                                   8 = SMOKE OR HAZE
[NO. OF DAYS WITH]      [WEATHER - DAYS WITH]      9 = BLOWING SNOW
                                                   X = TORNADO
MAX 32 OR BELOW:  11    0.01 INCH OR MORE:   6
MAX 90 OR ABOVE:   0    0.10 INCH OR MORE:   3
MIN 32 OR BELOW:  15    0.50 INCH OR MORE:   0
MIN  0 OR BELOW:   3    1.00 INCH OR MORE:   0

[HDD (BASE 65) ]
TOTAL THIS MO.   682    CLEAR  (SCALE 0-3)   5
DPTR FM NORMAL   143    PTCLDY (SCALE 4-7)   5
TOTAL FM JUL 1  3242    CLOUDY (SCALE 8-10)  5
DPTR FM NORMAL   136

[CDD (BASE 65) ]
TOTAL THIS MO.     0
DPTR FM NORMAL     0    [PRESSURE DATA]
TOTAL FM JAN 1     0    HIGHEST SLP M ON M
DPTR FM NORMAL     0    LOWEST  SLP 29.43 ON 11

[REMARKS]
