000
CXUS54 KSHV 301300
CF6TXK
PRELIMINARY LOCAL CLIMATOLOGICAL DATA (WS FORM: F-6)

                                          STATION:   TEXARKANA
                                          MONTH:     AUGUST
                                          YEAR:      2015
                                          LATITUDE:   33 27 N
                                          LONGITUDE:  94  0 W

  TEMPERATURE IN F:       :PCPN:    SNOW:  WIND      :SUNSHINE: SKY     :PK WND
================================================================================
1   2   3   4   5  6A  6B    7    8   9   10  11  12  13   14  15   16   17  18
                                     12Z  AVG MX 2MIN
DY MAX MIN AVG DEP HDD CDD  WTR  SNW DPTH SPD SPD DIR MIN PSBL S-S WX    SPD DR
================================================================================

 1  96  66  81  -2   0  16 0.00  0.0    0  3.3 12 140   M    M   0        18 140
 2  97  66  82  -1   0  17 0.00  0.0    0  2.4 12  80   M    M   0        16  70
 3  99  69  84   1   0  19 0.00  0.0    0  3.8 12 150   M    M   0        14  60
 4  98  71  85   2   0  20 0.00  0.0    0  5.5 13 180   M    M   1        17 190
 5 100  79  90   7   0  25 0.00  0.0    0  9.3 17 230   M    M   0        22 250
 6 101  80  91   8   0  26 0.00  0.0    0 10.9 20 230   M    M   0        25 220
 7 102  79  91   8   0  26 0.00  0.0    0  9.1 17 240   M    M   0        23 230
 8 101  80  91   8   0  26 0.00  0.0    0  7.3 16 250   M    M   0        21 260
 9 104  79  92   9   0  27 0.00  0.0    0  6.1 14 220   M    M   0        18 200
10 106  75  91   8   0  26 0.00  0.0    0  6.2 16  10   M    M   0        22 300
11 101  78  90   7   0  25 0.00  0.0    0  5.6 14  10   M    M   1        18  20
12  96  74  85   2   0  20 0.00  0.0    0  5.8 13  40   M    M   3        21  20
13  93  66  80  -3   0  15 0.00  0.0    0  4.5 12  40   M    M   1        18  20
14  94  63  79  -4   0  14 0.00  0.0    0  5.2 15 360   M    M   0        20 360
15  94  64  79  -3   0  14 0.00  0.0    0  4.4 12  50   M    M   0        16  60
16  97  70  84   2   0  19 0.00  0.0    0  5.4 12 120   M    M   1        18 110
17  94  69  82   0   0  17 0.00  0.0    0  3.7 13 160   M    M   1        17 150
18  97  75  86   4   0  21 0.00  0.0    0  9.2 16 180   M    M   1        23 150
19  91  69  80  -2   0  15 0.19  0.0    0  8.6 23 320   M    M   4 3      30 320
20  71  66  69 -13   0   4 0.08  0.0    0  4.8 10  60   M    M  10        17  70
21  89  67  78  -4   0  13 0.00  0.0    0  3.7 12 150   M    M   6        20 160
22  92  74  83   1   0  18 0.03  0.0    0  7.4 20  10   M    M   5 3      28 360
23  88  73  81  -1   0  16    T  0.0    0  6.6 22  30   M    M   1        30  40
24  89  70  80  -1   0  15 0.47  0.0    0  3.6 10  60   M    M   3 3      16  30
25  88  65  77  -4   0  12 0.03  0.0    0  4.4 13  20   M    M   5 3      17  20
26  92  61  77  -4   0  12 0.00  0.0    0  2.2 12 320   M    M   0        15 320
27  87  63  75  -6   0  10 0.00  0.0    0  3.0 12 160   M    M   0        14 150
28  89  60  75  -5   0  10 0.00  0.0    0  3.7 10 150   M    M   0        14 140
29  90  67  79  -1   0  14    T  0.0    0  5.7 12 220   M    M   0        15 220
================================================================================
SM 2736 2038         0 512  0.80     0.0 161.4          M       43
================================================================================
AV 94.3 70.3                               5.6 FASTST   M    M   1    MAX(MPH)
                                 MISC ---->  # 23 320               # 30  320
================================================================================
NOTES:
# LAST OF SEVERAL OCCURRENCES

COLUMN 17 PEAK WIND IN M.P.H.

PRELIMINARY LOCAL CLIMATOLOGICAL DATA (WS FORM: F-6) , PAGE 2

                                          STATION:  TEXARKANA
                                          MONTH:    AUGUST
                                          YEAR:     2015
                                          LATITUDE:   33 27 N
                                          LONGITUDE:  94  0 W

[TEMPERATURE DATA]      [PRECIPITATION DATA]       SYMBOLS USED IN COLUMN 16

AVERAGE MONTHLY: 82.3   TOTAL FOR MONTH:   0.80    1 = FOG OR MIST
DPTR FM NORMAL:   0.1   DPTR FM NORMAL:   -1.89    2 = FOG REDUCING VISIBILITY
HIGHEST:   106 ON 10    GRTST 24HR  0.50 ON 24-25      TO 1/4 MILE OR LESS
LOWEST:     60 ON 28                               3 = THUNDER
                        SNOW, ICE PELLETS, HAIL    4 = ICE PELLETS
                        TOTAL MONTH:   0.0 INCH    5 = HAIL
                        GRTST 24HR     0.0         6 = FREEZING RAIN OR DRIZZLE
                        GRTST DEPTH:   0           7 = DUSTSTORM OR SANDSTORM:
                                                       VSBY 1/2 MILE OR LESS
                                                   8 = SMOKE OR HAZE
[NO. OF DAYS WITH]      [WEATHER - DAYS WITH]      9 = BLOWING SNOW
                                                   X = TORNADO
MAX 32 OR BELOW:   0    0.01 INCH OR MORE:   5
MAX 90 OR ABOVE:  22    0.10 INCH OR MORE:   2
MIN 32 OR BELOW:   0    0.50 INCH OR MORE:   0
MIN  0 OR BELOW:   0    1.00 INCH OR MORE:   0

[HDD (BASE 65) ]
TOTAL THIS MO.     0    CLEAR  (SCALE 0-3)  23
DPTR FM NORMAL     0    PTCLDY (SCALE 4-7)   5
TOTAL FM JUL 1     0    CLOUDY (SCALE 8-10)  1
DPTR FM NORMAL     0

[CDD (BASE 65) ]
TOTAL THIS MO.   512
DPTR FM NORMAL    13    [PRESSURE DATA]
TOTAL FM JAN 1  1936    HIGHEST SLP M ON M
DPTR FM NORMAL   177    LOWEST  SLP 29.75 ON 18

[REMARKS]
