000
CXUS54 KSHV 281300
CF6TXK
PRELIMINARY LOCAL CLIMATOLOGICAL DATA (WS FORM: F-6)

                                          STATION:   TEXARKANA
                                          MONTH:     MARCH
                                          YEAR:      2015
                                          LATITUDE:   33 27 N
                                          LONGITUDE:  94  0 W

  TEMPERATURE IN F:       :PCPN:    SNOW:  WIND      :SUNSHINE: SKY     :PK WND
================================================================================
1   2   3   4   5  6A  6B    7    8   9   10  11  12  13   14  15   16   17  18
                                     12Z  AVG MX 2MIN
DY MAX MIN AVG DEP HDD CDD  WTR  SNW DPTH SPD SPD DIR MIN PSBL S-S WX    SPD DR
================================================================================

 1  42  34  38 -14  27   0 0.42  0.0    0  6.4 13  40   M    M  10 1      16  50
 2  41  36  39 -13  26   0 0.05  0.0    0  6.6 15  50   M    M  10 1      21  70
 3  66  36  51  -1  14   0 0.05  0.0    0  4.6 16 330   M    M  10 12     20 330
 4  57  32  45  -8  20   0 2.43    T    0  9.2 24  40   M    M   8 123    35  20
 5  41  25  33 -20  32   0 0.25  1.0    1  9.7 22  30   M    M   3 14     31  40
 6  49  22  36 -17  29   0 0.00  0.0    0  2.1  7  70   M    M   0        11 270
 7  62  27  45  -9  20   0 0.00  0.0    0  4.1 10 250   M    M   1        16 260
 8  53  45  49  -5  16   0 0.74  0.0    0  5.1 13 210   M    M  10 18     17 170
 9  50  45  48  -6  17   0 2.04  0.0    0  6.3 14  70   M    M   8 18     20  70
10  57  48  53  -1  12   0 0.00  0.0    0  3.3 10 320   M    M  10 12     13 320
11  66  49  58   3   7   0 0.00  0.0    0  3.2 10 110   M    M   6 1      16  40
12  55  51  53  -2  12   0 0.63  0.0    0  7.4 13  60   M    M   9 1      19  70
13  64  54  59   4   6   0 0.33  0.0    0  6.8 13 250   M    M  10 1      17 250
14  62  56  59   3   6   0 0.01  0.0    0  4.5 12 220   M    M  10 18     13 230
15  64  53  59   3   6   0 0.02  0.0    0  4.7 10  50   M    M   8 1      13  50
16  72  50  61   5   4   0 0.00  0.0    0  3.9 12 230   M    M   5 12     15 250
17  82  54  68  12   0   3 0.00  0.0    0  4.6 15 240   M    M   2 18     19  60
18  64  49  57   1   8   0 0.15  0.0    0  5.8 14  60   M    M   9 1      20  60
19  53  47  50  -7  15   0 0.13  0.0    0  5.2  9  60   M    M  10 12     12  70
20  63  52  58   1   7   0 0.82  0.0    0  5.6 13  50   M    M  10 1      16  30
21  58  49  54  -3  11   0 0.25  0.0    0  4.7 12  50   M    M   7 1      18  60
22  60  49  55  -3  10   0 0.54  0.0    0  6.2 12 350   M    M  10 1      14 350
23  73  46  60   2   5   0 0.00  0.0    0  3.7  9  70   M    M   0 1      14  60
24  80  55  68  10   0   3 0.00  0.0    0 10.9 18 180   M    M   0        25 160
25  82  59  71  13   0   6 0.00  0.0    0  9.9 20 150   M    M   2        26 170
26  68  47  58  -1   7   0 0.15  0.0    0  8.2 21 360   M    M   6 13     28 340
27  66  39  53  -6  12   0 0.00  0.0    0  6.5 18 310   M    M   0 8      24 290
================================================================================
SM 1650 1209       329  12  9.01     1.0 159.2          M      174
================================================================================
AV 61.1 44.8                               5.9 FASTST   M    M   6    MAX(MPH)
                                 MISC ---->  # 24  40               # 35   20
================================================================================
NOTES:
# LAST OF SEVERAL OCCURRENCES

COLUMN 17 PEAK WIND IN M.P.H.

PRELIMINARY LOCAL CLIMATOLOGICAL DATA (WS FORM: F-6) , PAGE 2

                                          STATION:  TEXARKANA
                                          MONTH:    MARCH
                                          YEAR:     2015
                                          LATITUDE:   33 27 N
                                          LONGITUDE:  94  0 W

[TEMPERATURE DATA]      [PRECIPITATION DATA]       SYMBOLS USED IN COLUMN 16

AVERAGE MONTHLY: 52.9   TOTAL FOR MONTH:   9.01    1 = FOG OR MIST
DPTR FM NORMAL:  -2.5   DPTR FM NORMAL:    5.35    2 = FOG REDUCING VISIBILITY
HIGHEST:    82 ON 25,17 GRTST 24HR  2.43 ON  4- 4      TO 1/4 MILE OR LESS
LOWEST:     22 ON  6                               3 = THUNDER
                        SNOW, ICE PELLETS, HAIL    4 = ICE PELLETS
                        TOTAL MONTH:   1.0 INCH    5 = HAIL
                        GRTST 24HR   1.0 ON  5- 5  6 = FREEZING RAIN OR DRIZZLE
                        GRTST DEPTH:   1 ON  5     7 = DUSTSTORM OR SANDSTORM:
                                                       VSBY 1/2 MILE OR LESS
                                                   8 = SMOKE OR HAZE
[NO. OF DAYS WITH]      [WEATHER - DAYS WITH]      9 = BLOWING SNOW
                                                   X = TORNADO
MAX 32 OR BELOW:   0    0.01 INCH OR MORE:  17
MAX 90 OR ABOVE:   0    0.10 INCH OR MORE:  13
MIN 32 OR BELOW:   4    0.50 INCH OR MORE:   6
MIN  0 OR BELOW:   0    1.00 INCH OR MORE:   2

[HDD (BASE 65) ]
TOTAL THIS MO.   329    CLEAR  (SCALE 0-3)   7
DPTR FM NORMAL    55    PTCLDY (SCALE 4-7)   7
TOTAL FM JUL 1  2710    CLOUDY (SCALE 8-10) 13
DPTR FM NORMAL   242

[CDD (BASE 65) ]
TOTAL THIS MO.    12
DPTR FM NORMAL    -3    [PRESSURE DATA]
TOTAL FM JAN 1    12    HIGHEST SLP M ON M
DPTR FM NORMAL    -7    LOWEST  SLP 29.81 ON  4

[REMARKS]
