042
CXUS54 KSHV 301300
CF6TYR
PRELIMINARY LOCAL CLIMATOLOGICAL DATA (WS FORM: F-6)

                                          STATION:   TYLER
                                          MONTH:     APRIL
                                          YEAR:      2016
                                          LATITUDE:   32 22 N
                                          LONGITUDE:  95 24 W

  TEMPERATURE IN F:       :PCPN:    SNOW:  WIND      :SUNSHINE: SKY     :PK WND
================================================================================
1   2   3   4   5  6A  6B    7    8   9   10  11  12  13   14  15   16   17  18
                                     12Z  AVG MX 2MIN
DY MAX MIN AVG DEP HDD CDD  WTR  SNW DPTH SPD SPD DIR MIN PSBL S-S WX    SPD DR
================================================================================

 1  62  46  54  -6  11   0 0.11  0.0    0  7.6 20  30   M    M   5        27  30
 2  69  42  56  -5   9   0 0.00  0.0    0  5.4 20 310   M    M   0        25 310
 3  75  40  58  -3   7   0 0.00  0.0    0  5.8 15 240   M    M   0        21 210
 4  83  48  66   5   0   1 0.00  0.0    0  9.1 15 210   M    M   0        20 220
 5  85  50  68   7   0   3 0.00  0.0    0  8.5 17 180   M    M   0        22 180
 6  78  51  65   3   0   0 0.00  0.0    0 11.7 24 210   M    M   1        32 320
 7  85  46  66   4   0   1 0.00  0.0    0  6.8 16 240   M    M   0 8      21 250
 8  77  54  66   4   0   1 0.00  0.0    0  6.3 21  40   M    M   0        25  40
 9  73  52  63   1   2   0 0.10  0.0    0  6.0 18 150   M    M   8 3      22 150
10  81  60  71   8   0   6 0.00  0.0    0 14.5 23 190   M    M   7        30 170
11  85  62  74  11   0   9 0.59  0.0    0 12.0 31  20   M    M   7 13     45  30
12  72  60  66   3   0   1    T  0.0    0  8.8 15  60   M    M   9        20  50
13  74  56  65   1   0   0    T  0.0    0  7.5 15  10   M    M   8 1      20  60
14  71  55  63  -1   2   0 0.54  0.0    0  5.9 13  80   M    M   7 1      17  40
15  78  54  66   2   0   1 0.00  0.0    0  6.8 17 100   M    M   5 128    23 110
16  79  65  72   8   0   7 0.00  0.0    0 14.1 29 110   M    M   9        38 110
17  73  63  68   3   0   3 1.40  0.0    0 15.3 26 230   M    M  10 138    39 240
18  73  64  69   4   0   4 1.41  0.0    0  8.7 21  70   M    M   9 13     28  60
19  81  65  73   8   0   8 0.03  0.0    0  4.6 13 150   M    M   8 128    16 140
20  76  61  69   3   0   4    M  0.0    0  5.8 22 350   M    M   6 13     30  10
21  78  58  68   2   0   3    M  0.0    0  5.1 14 330   M    M   3 1      19 340
22  81  56  69   3   0   4 0.00  0.0    0  5.0 15 320   M    M   1        20 330
23  82  55  69   2   0   4 0.00  0.0    0  3.5 10 140   M    M   2        15 230
24  81  58  70   3   0   5 0.00  0.0    0 10.5 23 190   M    M   2        27 190
25  86  68  77  10   0  12 0.00  0.0    0 11.9 20 190   M    M   7        24 210
26  87  73  80  12   0  15 0.00  0.0    0 14.1 24 170   M    M   8 138    30 150
27  85  63  74   6   0   9 1.00  0.0    0  8.5 29 300   M    M   2 13     41 320
28  87  60  74   6   0   9 0.00  0.0    0  8.7 17 100   M    M   1        24 110
29  81  69  75   7   0  10 1.60  0.0    0 10.5 24 280   M    M   8 138    36 270
================================================================================
SM 2278 1654        31 120  6.78     0.0 249.0          M      133
================================================================================
AV 78.6 57.0                               8.6 FASTST   M    M   5    MAX(MPH)
                                 MISC ---->  # 31  20               # 45   30
================================================================================
NOTES:
# LAST OF SEVERAL OCCURRENCES

COLUMN 17 PEAK WIND IN M.P.H.

PRELIMINARY LOCAL CLIMATOLOGICAL DATA (WS FORM: F-6) , PAGE 2

                                          STATION:  TYLER
                                          MONTH:    APRIL
                                          YEAR:     2016
                                          LATITUDE:   32 22 N
                                          LONGITUDE:  95 24 W

[TEMPERATURE DATA]      [PRECIPITATION DATA]       SYMBOLS USED IN COLUMN 16

AVERAGE MONTHLY: 67.8   TOTAL FOR MONTH:   6.78    1 = FOG OR MIST
DPTR FM NORMAL:   3.6   DPTR FM NORMAL:    3.75    2 = FOG REDUCING VISIBILITY
HIGHEST:    87 ON 28,26 GRTST 24HR  1.60 ON 29-29      TO 1/4 MILE OR LESS
LOWEST:     40 ON  3                               3 = THUNDER
                        SNOW, ICE PELLETS, HAIL    4 = ICE PELLETS
                        TOTAL MONTH:   0.0 INCH    5 = HAIL
                        GRTST 24HR     0.0         6 = FREEZING RAIN OR DRIZZLE
                        GRTST DEPTH:   0           7 = DUSTSTORM OR SANDSTORM:
                                                       VSBY 1/2 MILE OR LESS
                                                   8 = SMOKE OR HAZE
[NO. OF DAYS WITH]      [WEATHER - DAYS WITH]      9 = BLOWING SNOW
                                                   X = TORNADO
MAX 32 OR BELOW:   0    0.01 INCH OR MORE:   9
MAX 90 OR ABOVE:   0    0.10 INCH OR MORE:   8
MIN 32 OR BELOW:   0    0.50 INCH OR MORE:   6
MIN  0 OR BELOW:   0    1.00 INCH OR MORE:   4

[HDD (BASE 65) ]
TOTAL THIS MO.    31    CLEAR  (SCALE 0-3)  12
DPTR FM NORMAL   -65    PTCLDY (SCALE 4-7)  12
TOTAL FM JUL 1  1455    CLOUDY (SCALE 8-10)  5
DPTR FM NORMAL  -806

[CDD (BASE 65) ]
TOTAL THIS MO.   120
DPTR FM NORMAL    47    [PRESSURE DATA]
TOTAL FM JAN 1   177    HIGHEST SLP M ON M
DPTR FM NORMAL    71    LOWEST  SLP 29.63 ON M

[REMARKS]
