000
CXUS54 KMRX 261000
CF6TYS
PRELIMINARY LOCAL CLIMATOLOGICAL DATA (WS FORM: F-6)

                                          STATION:   KNOXVILLE    ASOS
                                          MONTH:     JUNE
                                          YEAR:      2017
                                          LATITUDE:   35 49 N
                                          LONGITUDE:  83 59 W

  TEMPERATURE IN F:       :PCPN:    SNOW:  WIND      :SUNSHINE: SKY     :PK WND
================================================================================
1   2   3   4   5  6A  6B    7    8   9   10  11  12  13   14  15   16   17  18
                                     12Z  AVG MX 2MIN
DY MAX MIN AVG DEP HDD CDD  WTR  SNW DPTH SPD SPD DIR MIN PSBL S-S WX    SPD DR
================================================================================

 1  81  61  71  -1   0   6 0.02  0.0    0  4.4 17 340   M    M   8 138    22 310
 2  85  60  73   1   0   8 0.00  0.0    0  2.8 10 340   M    M   3 18     18 320
 3  85  60  73   1   0   8 0.00  0.0    0  4.3 12  30   M    M   7        14  30
 4  81  62  72   0   0   7 0.08  0.0    0  3.2 20 210   M    M   7 13     23 220
 5  76  67  72  -1   0   7 1.34  0.0    0  5.8 13 220   M    M  10 13      M  M
 6  81  63  72  -1   0   7 0.00  0.0    0  5.9 16  40   M    M  10 12     18  30
 7  78  56  67  -6   0   2 0.00  0.0    0  9.7 14  20   M    M   4        17  70
 8  77  58  68  -5   0   3    T  0.0    0  5.8 14 270   M    M   6        20 240
 9  80  58  69  -5   0   4 0.00  0.0    0  3.0 13 260   M    M   4        16 260
10  85  58  72  -2   0   7 0.00  0.0    0  3.5 15 210   M    M   5        20 250
11  88  63  76   2   0  11 0.00  0.0    0  3.5  8 270   M    M   6         M  M
12  89  70  80   6   0  15 0.00  0.0    0  4.3 15 220   M    M   7        20 210
13  91  68  80   5   0  15 1.50  0.0    0  5.9 16 150   M    M   6 13     19 150
14  87  66  77   2   0  12    T  0.0    0  3.1 24 350   M    M   6 3      32 350
15  87  68  78   3   0  13    T  0.0    0  6.4 24 280   M    M   5 13     29 280
16  85  66  76   1   0  11 0.00  0.0    0  4.5 10 250   M    M   7 18     13 260
17  88  66  77   1   0  12 0.00  0.0    0  6.4 13 230   M    M   5         M  M
18  87  71  79   3   0  14 0.00  0.0    0  9.5 20 240   M    M   5        26 250
19  79  67  73  -3   0   8 0.07  0.0    0  9.6 20 230   M    M   9 13     26 240
20  84  62  73  -3   0   8 0.00  0.0    0  3.6 13  40   M    M   7 12     16  30
21  83  67  75  -1   0  10 0.00  0.0    0  5.8 14 220   M    M   9        18 230
22  77  70  74  -3   0   9 0.20  0.0    0  3.6 14 220   M    M  10 1      16 200
23  88  72  80   3   0  15 0.20  0.0    0 16.6 35 210   M    M   9 1      47 210
24  86  68  77   0   0  12 0.64  0.0    0  7.0 15 280   M    M   8 13     21 280
25  80  61  71  -6   0   6 0.00  0.0    0  4.5 13  40   M    M   5        16  20
================================================================================
SM 2088 1608         0 230  4.05     0.0 142.7          M      168
================================================================================
AV 83.5 64.3                               5.7 FASTST   M    M   7    MAX(MPH)
                                 MISC ---->  # 35 210               # 47  210
================================================================================
NOTES:
# LAST OF SEVERAL OCCURRENCES

COLUMN 17 PEAK WIND IN M.P.H.

PRELIMINARY LOCAL CLIMATOLOGICAL DATA (WS FORM: F-6) , PAGE 2

                                          STATION:  KNOXVILLE    ASOS
                                          MONTH:    JUNE
                                          YEAR:     2017
                                          LATITUDE:   35 49 N
                                          LONGITUDE:  83 59 W

[TEMPERATURE DATA]      [PRECIPITATION DATA]       SYMBOLS USED IN COLUMN 16

AVERAGE MONTHLY: 73.9   TOTAL FOR MONTH:   4.05    1 = FOG OR MIST
DPTR FM NORMAL:  -0.6   DPTR FM NORMAL:    0.96    2 = FOG REDUCING VISIBILITY
HIGHEST:    91 ON 13    GRTST 24HR  1.50 ON 13-13      TO 1/4 MILE OR LESS
LOWEST:     56 ON  7                               3 = THUNDER
                        SNOW, ICE PELLETS, HAIL    4 = ICE PELLETS
                        TOTAL MONTH:   0.0 INCH    5 = HAIL
                        GRTST 24HR     0.0         6 = FREEZING RAIN OR DRIZZLE
                        GRTST DEPTH:   0           7 = DUSTSTORM OR SANDSTORM:
                                                       VSBY 1/2 MILE OR LESS
                                                   8 = SMOKE OR HAZE
[NO. OF DAYS WITH]      [WEATHER - DAYS WITH]      9 = BLOWING SNOW
                                                   X = TORNADO
MAX 32 OR BELOW:   0    0.01 INCH OR MORE:   8
MAX 90 OR ABOVE:   1    0.10 INCH OR MORE:   5
MIN 32 OR BELOW:   0    0.50 INCH OR MORE:   3
MIN  0 OR BELOW:   0    1.00 INCH OR MORE:   2

[HDD (BASE 65) ]
TOTAL THIS MO.     0    CLEAR  (SCALE 0-3)   0
DPTR FM NORMAL     0    PTCLDY (SCALE 4-7)  18
TOTAL FM JUL 1  2591    CLOUDY (SCALE 8-10)  7
DPTR FM NORMAL -1042

[CDD (BASE 65) ]
TOTAL THIS MO.   230
DPTR FM NORMAL   -12    [PRESSURE DATA]
TOTAL FM JAN 1   478    HIGHEST SLP M ON M
DPTR FM NORMAL    74    LOWEST  SLP 29.73 ON  6

[REMARKS]
