000
CXUS55 KSEW 280930
CF6UIL
PRELIMINARY LOCAL CLIMATOLOGICAL DATA (WS FORM: F-6)

                                          STATION:   QUILLAYUTE WA AIRPORT
                                          MONTH:     JULY
                                          YEAR:      2015
                                          LATITUDE:   47 57 N
                                          LONGITUDE: 124 33 W

  TEMPERATURE IN F:       :PCPN:    SNOW:  WIND      :SUNSHINE: SKY     :PK WND
================================================================================
1   2   3   4   5  6A  6B    7    8   9   10  11  12  13   14  15   16   17  18
                                     12Z  AVG MX 2MIN
DY MAX MIN AVG DEP HDD CDD  WTR  SNW DPTH SPD SPD DIR MIN PSBL S-S WX    SPD DR
================================================================================

 1  83  48  66   9   0   1 0.00  0.0    0  5.2 18 320   M    M   1 12     26 330
 2  80  52  66   8   0   1 0.00  0.0    0  4.4 13 260   M    M   0 1      17 230
 3  74  50  62   4   3   0 0.00  0.0    0  4.3 12 220   M    M   6 12     16 210
 4  80  50  65   7   0   0 0.00  0.0    0  4.0 10 240   M    M   0 1      20 210
 5  77  49  63   5   2   0 0.00  0.0    0  4.8 14 250   M    M   3 1      16 360
 6  69  58  64   6   1   0 0.00  0.0    0  5.3 14 220   M    M   9 1      19 250
 7  68  53  61   3   4   0 0.00  0.0    0  3.0 12 260   M    M   6 1      15 260
 8  69  52  61   3   4   0 0.00  0.0    0  4.1 13 260   M    M   6 1      18 290
 9  67  57  62   4   3   0 0.00  0.0    0  3.7 10 250   M    M  10 1      13 220
10  66  60  63   5   2   0    T  0.0    0  5.5 13 210   M    M  10 1      19 200
11  62  59  61   2   4   0 0.28  0.0    0  4.0 12 200   M    M  10 1      21 160
12  64  60  62   3   3   0 0.35  0.0    0  4.7 12 190   M    M  10 1      18 190
13  72  51  62   3   3   0    T  0.0    0  4.4 14 340   M    M   5 12     18 310
14  70  51  61   2   4   0 0.00  0.0    0  5.0 16 340   M    M   5 1      21 350
15  70  58  64   5   1   0    T  0.0    0  5.8 14 270   M    M   8        18 260
16  69  51  60   1   5   0    T  0.0    0  5.9 16 300   M    M   6 1      21 290
17  79  49  64   5   1   0 0.00  0.0    0  5.8 18 330   M    M   0        24 330
18  90  51  71  12   0   6 0.00  0.0    0  4.2 14 320   M    M   0        18 310
19  76  56  66   7   0   1 0.00  0.0    0  7.1 20 190   M    M   5 1      29 200
20  69  58  64   4   1   0    T  0.0    0  5.6 13 250   M    M  10 1      19 200
21  69  55  62   2   3   0    T  0.0    0  6.4 14 270   M    M   9 1      19 280
22  67  52  60   0   5   0    T  0.0    0  4.6 15 260   M    M   7 1      17 270
23  69  50  60   0   5   0 0.00  0.0    0  4.2 14 290   M    M   4 1      18 260
24  64  53  59  -1   6   0 0.21  0.0    0  3.0 13 250   M    M   9 1      18 250
25  69  54  62   2   3   0    T  0.0    0  4.2 14 240   M    M  10 12     21 240
26  69  52  61   1   4   0 0.13  0.0    0  4.6 14 270   M    M   8 1      19 250
27  69  52  61   1   4   0 0.00  0.0    0  4.6 16 320   M    M   6 1      22 330
================================================================================
SM 1930 1441        71   9  0.97     0.0 128.4          M      163
================================================================================
AV 71.5 53.4                               4.8 FASTST   M    M   6    MAX(MPH)
                                 MISC ---->  # 20 190               # 29  200
================================================================================
NOTES:
# LAST OF SEVERAL OCCURRENCES

COLUMN 17 PEAK WIND IN M.P.H.

PRELIMINARY LOCAL CLIMATOLOGICAL DATA (WS FORM: F-6) , PAGE 2

                                          STATION:  QUILLAYUTE WA AIRPORT
                                          MONTH:    JULY
                                          YEAR:     2015
                                          LATITUDE:   47 57 N
                                          LONGITUDE: 124 33 W

[TEMPERATURE DATA]      [PRECIPITATION DATA]       SYMBOLS USED IN COLUMN 16

AVERAGE MONTHLY: 62.4   TOTAL FOR MONTH:   0.97    1 = FOG OR MIST
DPTR FM NORMAL:   3.5   DPTR FM NORMAL:   -0.80    2 = FOG REDUCING VISIBILITY
HIGHEST:    90 ON 18    GRTST 24HR  0.40 ON 11-12      TO 1/4 MILE OR LESS
LOWEST:     48 ON  1                               3 = THUNDER
                        SNOW, ICE PELLETS, HAIL    4 = ICE PELLETS
                        TOTAL MONTH:   0.0 INCH    5 = HAIL
                        GRTST 24HR     0.0         6 = FREEZING RAIN OR DRIZZLE
                        GRTST DEPTH:   0           7 = DUSTSTORM OR SANDSTORM:
                                                       VSBY 1/2 MILE OR LESS
                                                   8 = SMOKE OR HAZE
[NO. OF DAYS WITH]      [WEATHER - DAYS WITH]      9 = BLOWING SNOW
                                                   X = TORNADO
MAX 32 OR BELOW:   0    0.01 INCH OR MORE:   4
MAX 90 OR ABOVE:   1    0.10 INCH OR MORE:   4
MIN 32 OR BELOW:   0    0.50 INCH OR MORE:   0
MIN  0 OR BELOW:   0    1.00 INCH OR MORE:   0

[HDD (BASE 65) ]
TOTAL THIS MO.    71    CLEAR  (SCALE 0-3)   6
DPTR FM NORMAL  -104    PTCLDY (SCALE 4-7)  12
TOTAL FM JUL 1    71    CLOUDY (SCALE 8-10)  9
DPTR FM NORMAL  -104

[CDD (BASE 65) ]
TOTAL THIS MO.     9
DPTR FM NORMAL     9    [PRESSURE DATA]
TOTAL FM JAN 1    22    HIGHEST SLP M ON M
DPTR FM NORMAL    18    LOWEST  SLP 29.75 ON  9

[REMARKS]
