000
CXUS53 KLSX 191600
CF6UIN
PRELIMINARY LOCAL CLIMATOLOGICAL DATA (WS FORM: F-6)

                                          STATION:   QUINCY IL
                                          MONTH:     NOVEMBER
                                          YEAR:      2017
                                          LATITUDE:   39 57 N
                                          LONGITUDE:  91 12 W

  TEMPERATURE IN F:       :PCPN:    SNOW:  WIND      :SUNSHINE: SKY     :PK WND
================================================================================
1   2   3   4   5  6A  6B    7    8   9   10  11  12  13   14  15   16   17  18
                                     12Z  AVG MX 2MIN
DY MAX MIN AVG DEP HDD CDD  WTR  SNW DPTH SPD SPD DIR MIN PSBL S-S WX    SPD DR
================================================================================

 1  51  35  43  -6  22   0 0.00  0.0    0 10.4 22 160   M    M   8 18     30 160
 2  64  44  54   5  11   0 0.00  0.0    0  8.7 20 360   M    M   9 12     24 360
 3  55  34  45  -4  20   0    T  0.0    0 10.5 18 110   M    M   2 18     24 110
 4  59  48  54   6  11   0    T  0.0    0  6.0 16 120   M    M  10 18     21 120
 5  56  38  47  -1  18   0 0.03  0.0    0 10.1 22 360   M    M  10 18     25 360
 6  44  30  37 -10  28   0 0.00  0.0    0  9.6 17  10   M    M   5        21 340
 7  47  30  39  -8  26   0 0.00  0.0    0 13.0 21  10   M    M   5        24  10
 8  49  26  38  -8  27   0 0.00  0.0    0  4.0  9  20   M    M   0 8      12 340
 9  48  24  36 -10  29   0 0.00  0.0    0 12.1 22 320   M    M   1 18     27 320
10  36  19  28 -17  37   0 0.00  0.0    0  9.9 16 120   M    M   2        20 120
11  51  33  42  -3  23   0 0.04  0.0    0 10.1 15 140   M    M   7        20 150
12  45  39  42  -2  23   0 0.05    M    0  6.2 14  10   M    M  10 18     17 360
13  50  38  44   0  21   0 0.00  0.0    0  6.1 14 150   M    M   6 8      18 150
14  52  38  45   2  20   0 0.00  0.0    0 11.0 16 150   M    M  10        23 170
15  58  31  45   2  20   0 0.28    M    0 13.3 25 310   M    M   5 18     33 290
16  45  24  35  -7  30   0 0.00  0.0    0  6.9 13 120   M    M   0        16 120
17  58  32  45   3  20   0 0.00  0.0    0 13.2 21 140   M    M   9 8      25 140
18  57  32  45   4  20   0 0.90  0.0    0 17.5 32 340   M    M   5 13     38 330
================================================================================
SM  925  595       406   0  1.30     0.0 178.6          M      104
================================================================================
AV 51.4 33.1                               9.9 FASTST   M    M   6    MAX(MPH)
                                 MISC ---->  # 32 340               # 38  330
================================================================================
NOTES:
# LAST OF SEVERAL OCCURRENCES

COLUMN 17 PEAK WIND IN M.P.H.

PRELIMINARY LOCAL CLIMATOLOGICAL DATA (WS FORM: F-6) , PAGE 2

                                          STATION:  QUINCY IL
                                          MONTH:    NOVEMBER
                                          YEAR:     2017
                                          LATITUDE:   39 57 N
                                          LONGITUDE:  91 12 W

[TEMPERATURE DATA]      [PRECIPITATION DATA]       SYMBOLS USED IN COLUMN 16

AVERAGE MONTHLY: 42.2   TOTAL FOR MONTH:   1.30    1 = FOG OR MIST
DPTR FM NORMAL:  -3.2   DPTR FM NORMAL:   -0.54    2 = FOG REDUCING VISIBILITY
HIGHEST:    64 ON  2    GRTST 24HR  0.90 ON 18-18      TO 1/4 MILE OR LESS
LOWEST:     19 ON 10                               3 = THUNDER
                        SNOW, ICE PELLETS, HAIL    4 = ICE PELLETS
                        TOTAL MONTH:   0.0 INCH    5 = HAIL
                        GRTST 24HR     0.0         6 = FREEZING RAIN OR DRIZZLE
                        GRTST DEPTH:   0           7 = DUSTSTORM OR SANDSTORM:
                                                       VSBY 1/2 MILE OR LESS
                                                   8 = SMOKE OR HAZE
[NO. OF DAYS WITH]      [WEATHER - DAYS WITH]      9 = BLOWING SNOW
                                                   X = TORNADO
MAX 32 OR BELOW:   0    0.01 INCH OR MORE:   5
MAX 90 OR ABOVE:   0    0.10 INCH OR MORE:   2
MIN 32 OR BELOW:   9    0.50 INCH OR MORE:   1
MIN  0 OR BELOW:   0    1.00 INCH OR MORE:   0

[HDD (BASE 65) ]
TOTAL THIS MO.   406    CLEAR  (SCALE 0-3)   5
DPTR FM NORMAL    53    PTCLDY (SCALE 4-7)   6
TOTAL FM JUL 1   687    CLOUDY (SCALE 8-10)  7
DPTR FM NORMAL   -90

[CDD (BASE 65) ]
TOTAL THIS MO.     0
DPTR FM NORMAL     0    [PRESSURE DATA]
TOTAL FM JAN 1  1229    HIGHEST SLP M ON M
DPTR FM NORMAL   136    LOWEST  SLP 29.31 ON 18

[REMARKS]
