255
CXUS56 KEKA 231230
CF6UKI
PRELIMINARY LOCAL CLIMATOLOGICAL DATA (WS FORM: F-6)

                                          STATION:   UKIAH CA
                                          MONTH:     JANUARY
                                          YEAR:      2018
                                          LATITUDE:   39  7 N
                                          LONGITUDE: 123 12 W

  TEMPERATURE IN F:       :PCPN:    SNOW:  WIND      :SUNSHINE: SKY     :PK WND
================================================================================
1   2   3   4   5  6A  6B    7    8   9   10  11  12  13   14  15   16   17  18
                                     12Z  AVG MX 2MIN
DY MAX MIN AVG DEP HDD CDD  WTR  SNW DPTH SPD SPD DIR MIN PSBL S-S WX    SPD DR
================================================================================

 1  64  35  50   4  15   0    T    M    0  0.5  6 280   M    M   1 28      8  10
 2  64  38  51   5  14   0 0.00  0.0    0  1.2  7 320   M    M   0 1       8 320
 3  56  41  49   3  16   0 0.05    M    0  1.9 10 180   M    M   6 1      13 180
 4  59  52  56  10   9   0 0.07  0.0    0  6.1 14 150   M    M  10 1      21 150
 5  60  44  52   6  13   0 0.24  0.0    0  3.2 13 150   M    M   6 1      18 140
 6  58  37  48   2  17   0 0.00  0.0    0  1.6  8 350   M    M   4 28      9 350
 7  49  37  43  -3  22   0 0.00  0.0    0  0.7  7  10   M    M   6 2       9 360
 8  52  45  49   3  16   0 2.06    M    0  1.4  7 320   M    M  10 1       8 330
 9  58  47  53   7  12   0 0.13    M    0  5.7 21 290   M    M   7 1      28 270
10  52  40  46   0  19   0 0.03    M    0  1.4  7 190   M    M   8 1       9 190
11  53  49  51   5  14   0 0.07    M    0  0.6  7 340   M    M  10 1       8 340
12  61  42  52   6  13   0 0.00    M    0  2.2  8 340   M    M   7 12     11  20
13  66  37  52   6  13   0 0.00  0.0    0  0.8  6 270   M    M   5 12      7 350
14  61  39  50   4  15   0 0.00  0.0    0  0.5  8  60   M    M   1 12     10  60
15  63  39  51   5  14   0 0.24    M    0  3.2 15 150   M    M   5 1      20 150
16  60  52  56   9   9   0 0.11  0.0    0  0.5  6 310   M    M   9 1       7 110
17  64  49  57  10   8   0    T    M    0  3.0  9 160   M    M   6 2      13 180
18  54  44  49   2  16   0 0.37    M    0  4.1 12 150   M    M  10 1      18 150
19  51  36  44  -3  21   0 0.01    M    0  1.2 12 310   M    M   5 12     17 320
20  55  31  43  -4  22   0 0.00  0.0    0  3.0 13 290   M    M   0 1      20 340
21  50  34  42  -5  23   0    M    M    0  4.7 15 150   M    M   7 1      21 170
22  58  39  49   2  16   0 0.41    M    0  2.7 12 190   M    M   5 1      15 190
================================================================================
SM 1268  907       337   0  3.79     0.0  50.2          M      128
================================================================================
AV 57.6 41.2                               2.3 FASTST   M    M   6    MAX(MPH)
                                 MISC ---->  # 21 290               # 28  270
================================================================================
NOTES:
# LAST OF SEVERAL OCCURRENCES

COLUMN 17 PEAK WIND IN M.P.H.

PRELIMINARY LOCAL CLIMATOLOGICAL DATA (WS FORM: F-6) , PAGE 2

                                          STATION:  UKIAH CA
                                          MONTH:    JANUARY
                                          YEAR:     2018
                                          LATITUDE:   39  7 N
                                          LONGITUDE: 123 12 W

[TEMPERATURE DATA]      [PRECIPITATION DATA]       SYMBOLS USED IN COLUMN 16

AVERAGE MONTHLY: 49.4   TOTAL FOR MONTH:   3.79    1 = FOG OR MIST
DPTR FM NORMAL:   3.1   DPTR FM NORMAL:   -2.20    2 = FOG REDUCING VISIBILITY
HIGHEST:    66 ON 13    GRTST 24HR  2.06 ON  8- 8      TO 1/4 MILE OR LESS
LOWEST:     31 ON 20                               3 = THUNDER
                        SNOW, ICE PELLETS, HAIL    4 = ICE PELLETS
                        TOTAL MONTH:   0.0 INCH    5 = HAIL
                        GRTST 24HR     0.0         6 = FREEZING RAIN OR DRIZZLE
                        GRTST DEPTH:   0           7 = DUSTSTORM OR SANDSTORM:
                                                       VSBY 1/2 MILE OR LESS
                                                   8 = SMOKE OR HAZE
[NO. OF DAYS WITH]      [WEATHER - DAYS WITH]      9 = BLOWING SNOW
                                                   X = TORNADO
MAX 32 OR BELOW:   0    0.01 INCH OR MORE:  12
MAX 90 OR ABOVE:   0    0.10 INCH OR MORE:   7
MIN 32 OR BELOW:   1    0.50 INCH OR MORE:   1
MIN  0 OR BELOW:   0    1.00 INCH OR MORE:   1

[HDD (BASE 65) ]
TOTAL THIS MO.   337    CLEAR  (SCALE 0-3)   4
DPTR FM NORMAL   -75    PTCLDY (SCALE 4-7)  13
TOTAL FM JUL 1  1446    CLOUDY (SCALE 8-10)  5
DPTR FM NORMAL  -196

[CDD (BASE 65) ]
TOTAL THIS MO.     0
DPTR FM NORMAL     0    [PRESSURE DATA]
TOTAL FM JAN 1     0    HIGHEST SLP M ON M
DPTR FM NORMAL     0    LOWEST  SLP 29.58 ON  9

[REMARKS]
