000
CXUS53 KSGF 251010
CF6UNO
PRELIMINARY LOCAL CLIMATOLOGICAL DATA (WS FORM: F-6)

                                          STATION:   WEST PLAINS MO
                                          MONTH:     SEPTEMBER
                                          YEAR:      2017
                                          LATITUDE:   36 52 N
                                          LONGITUDE:  91 55 W

  TEMPERATURE IN F:       :PCPN:    SNOW:  WIND      :SUNSHINE: SKY     :PK WND
================================================================================
1   2   3   4   5  6A  6B    7    8   9   10  11  12  13   14  15   16   17  18
                                     12Z  AVG MX 2MIN
DY MAX MIN AVG DEP HDD CDD  WTR  SNW DPTH SPD SPD DIR MIN PSBL S-S WX    SPD DR
================================================================================

 1  79  60  70  -4   0   5 0.00    M    M  6.7 14 360   M    M   4 1      19 360
 2  85  53  69  -5   0   4 0.00    M    M  2.7  9 240   M    M   0 1      15 270
 3  90  60  75   1   0  10 0.00    M    M  4.9 14 210   M    M   1        19 190
 4  93  68  81   7   0  16 0.00    M    M  6.9 16 220   M    M   0 1      23 230
 5  78  58  68  -5   0   3    T    M    M  8.7 18 340   M    M   3        25 340
 6  75  48  62 -11   3   0 0.00    M    M  6.2 20 330   M    M   2        25 350
 7  79  46  63  -9   2   0 0.00    M    M  2.7 13 250   M    M   1 18     18 270
 8  86  50  68  -4   0   3 0.00    M    M  1.4 12  50   M    M   0        14  50
 9  84  52  68  -4   0   3 0.00    M    M  2.9 14  60   M    M   1        19 110
10  82  50  66  -5   0   1 0.00    M    M  4.1 15  40   M    M   1        20  40
11  82  47  65  -6   0   0 0.00    M    M  6.9 16  70   M    M   0        23  60
12  77  58  68  -2   0   3 0.06    M    M  8.4 21  40   M    M   4 1      27  40
13  86  57  72   2   0   7 0.00    M    M  4.7 15 320   M    M   4        18 310
14  88  53  71   1   0   6 0.00    M    M  3.5 10 220   M    M   0 18     14 220
15  87  56  72   3   0   7 0.00    M    M  5.5 14 170   M    M   1 1      19 170
16  89  61  75   6   0  10 0.00    M    M  5.2 17 190   M    M   2 128    24 200
17  85  65  75   7   0  10    T    M    M  5.5 20 360   M    M   2 1      26  10
18  79  65  72   4   0   7 0.41    M    M  2.1 15 270   M    M   5 13     22 280
19  89  61  75   8   0  10 0.00    M    M  4.2 13 180   M    M   3 12     18 180
20  91  71  81  14   0  16 0.00    M    M  7.8 16 190   M    M   1 1      23 190
21  92  69  81  14   0  16 0.00    M    M  5.7 15 160   M    M   1 1      20 160
22  92  67  80  14   0  15 0.00    M    M  3.0 12 160   M    M   1 1      17 130
23  91  63  77  11   0  12 0.00    M    M  2.6 13  90   M    M   1 1      17 100
24  91  63  77  12   0  12 0.04    M    M  4.2 16 230   M    M   2 13     24 220
================================================================================
SM 2050 1401         5 176  0.51    M    116.5          M       40
================================================================================
AV 85.4 58.4                               4.9 FASTST   M    M   2    MAX(MPH)
                                 MISC ---->  # 21  40               # 27   40
================================================================================
NOTES:
# LAST OF SEVERAL OCCURRENCES

COLUMN 17 PEAK WIND IN M.P.H.

PRELIMINARY LOCAL CLIMATOLOGICAL DATA (WS FORM: F-6) , PAGE 2

                                          STATION:  WEST PLAINS MO
                                          MONTH:    SEPTEMBER
                                          YEAR:     2017
                                          LATITUDE:   36 52 N
                                          LONGITUDE:  91 55 W

[TEMPERATURE DATA]      [PRECIPITATION DATA]       SYMBOLS USED IN COLUMN 16

AVERAGE MONTHLY: 71.9   TOTAL FOR MONTH:   0.51    1 = FOG OR MIST
DPTR FM NORMAL:   1.8   DPTR FM NORMAL:   -2.73    2 = FOG REDUCING VISIBILITY
HIGHEST:    93 ON  4    GRTST 24HR  0.41 ON 18-18      TO 1/4 MILE OR LESS
LOWEST:     46 ON  7                               3 = THUNDER
                        SNOW, ICE PELLETS, HAIL    4 = ICE PELLETS
                        TOTAL MONTH:    M          5 = HAIL
                        GRTST 24HR    M  ON   M    6 = FREEZING RAIN OR DRIZZLE
                        GRTST DEPTH:  M  ON   M    7 = DUSTSTORM OR SANDSTORM:
                                                       VSBY 1/2 MILE OR LESS
                                                   8 = SMOKE OR HAZE
[NO. OF DAYS WITH]      [WEATHER - DAYS WITH]      9 = BLOWING SNOW
                                                   X = TORNADO
MAX 32 OR BELOW:   0    0.01 INCH OR MORE:   3
MAX 90 OR ABOVE:   7    0.10 INCH OR MORE:   1
MIN 32 OR BELOW:   0    0.50 INCH OR MORE:   0
MIN  0 OR BELOW:   0    1.00 INCH OR MORE:   0

[HDD (BASE 65) ]
TOTAL THIS MO.     5    CLEAR  (SCALE 0-3)  20
DPTR FM NORMAL   -13    PTCLDY (SCALE 4-7)   4
TOTAL FM JUL 1     6    CLOUDY (SCALE 8-10)  0
DPTR FM NORMAL   -13

[CDD (BASE 65) ]
TOTAL THIS MO.   176
DPTR FM NORMAL    33    [PRESSURE DATA]
TOTAL FM JAN 1  1277    HIGHEST SLP M ON M
DPTR FM NORMAL   -38    LOWEST  SLP 29.74 ON 19

[REMARKS]
