000
CXUS53 KSGF 280800
CF6UNO
PRELIMINARY LOCAL CLIMATOLOGICAL DATA (WS FORM: F-6)

                                          STATION:   WEST PLAINS MO
                                          MONTH:     SEPTEMBER
                                          YEAR:      2016
                                          LATITUDE:   36 52 N
                                          LONGITUDE:  91 55 W

  TEMPERATURE IN F:       :PCPN:    SNOW:  WIND      :SUNSHINE: SKY     :PK WND
================================================================================
1   2   3   4   5  6A  6B    7    8   9   10  11  12  13   14  15   16   17  18
                                     12Z  AVG MX 2MIN
DY MAX MIN AVG DEP HDD CDD  WTR  SNW DPTH SPD SPD DIR MIN PSBL S-S WX    SPD DR
================================================================================

 1  82  60  71  -3   0   6 0.00    M    M  8.5 15  40   M    M   1 1      20  40
 2  78  56  67  -7   0   2 0.00    M    M  6.5 17  60   M    M   2        24  30
 3  82  56  69  -5   0   4 0.00    M    M  3.3 13  50   M    M   3        17  30
 4  85  53  69  -5   0   4 0.00    M    M  2.7 13 170   M    M   0 1      18 150
 5  90  68  79   6   0  14 0.00    M    M  6.2 15 230   M    M   2 1      22 220
 6  91  73  82   9   0  17 0.00    M    M  6.4 14 210   M    M   2 1      19 210
 7  91  73  82  10   0  17 0.00    M    M  7.8 14 200   M    M   1 1      20 210
 8  89  72  81   9   0  16 1.26    M    M  5.7 17 310   M    M   3 13     25 340
 9  90  73  82  10   0  17 0.00    M    M  8.5 17 190   M    M   1        25 230
10  78  57  68  -3   0   3    T    M    M  7.0 18 310   M    M   3 18     24 310
11  79  52  66  -5   0   1 0.00    M    M  3.1  9 150   M    M   0        12 150
12  82  51  67  -3   0   2 0.00    M    M  4.6 13 160   M    M   0        17 180
13  87  60  74   4   0   9 0.00    M    M  2.1  9 150   M    M   1        12 150
14  84  66  75   5   0  10 0.00    M    M  2.3 15  50   M    M   2 13     20 340
15  87  69  78   9   0  13 0.03    M    M  4.3 17  50   M    M   3 13     27 210
16  86  67  77   8   0  12    M    M    M  6.1 20 320   M    M   3 13     25 300
17  83  66  75   7   0  10 0.00    M    M  2.6  9 280   M    M   6 1      14 290
18  76  60  68   0   0   3    M    M    M  2.3 10 150   M    M   4 138    13 150
19  86  58  72   5   0   7 0.00    M    M  1.2  7 230   M    M   1 1      10 200
20  87  63  75   8   0  10 0.00    M    M  2.2  8 120   M    M   0 18     10 110
21  86  61  74   7   0   9 0.00    M    M  2.5  9 170   M    M   2 12     12 160
22  87  60  74   8   0   9 0.00    M    M  1.6  8 250   M    M   0 18     11 270
23  87  60  74   8   0   9 0.00    M    M  2.3 10 160   M    M   0 1      14 160
24  88  63  76  11   0  11 0.00    M    M  2.8 10 120   M    M   0 1      14 180
25  88  64  76  11   0  11 0.00    M    M  4.4 21 350   M    M   2 1      30 350
26  74  48  61  -3   4   0 0.06    M    M  6.1 17  10   M    M   4        22 360
27  78  47  63  -1   2   0 0.00    M    M  5.1 12 270   M    M   0 8      15 280
================================================================================
SM 2281 1656         6 226  1.35    M    118.2          M       46
================================================================================
AV 84.5 61.3                               4.4 FASTST   M    M   2    MAX(MPH)
                                 MISC ---->  # 21 350               # 30  350
================================================================================
NOTES:
# LAST OF SEVERAL OCCURRENCES

COLUMN 17 PEAK WIND IN M.P.H.

PRELIMINARY LOCAL CLIMATOLOGICAL DATA (WS FORM: F-6) , PAGE 2

                                          STATION:  WEST PLAINS MO
                                          MONTH:    SEPTEMBER
                                          YEAR:     2016
                                          LATITUDE:   36 52 N
                                          LONGITUDE:  91 55 W

[TEMPERATURE DATA]      [PRECIPITATION DATA]       SYMBOLS USED IN COLUMN 16

AVERAGE MONTHLY: 72.9   TOTAL FOR MONTH:   1.35    1 = FOG OR MIST
DPTR FM NORMAL:   3.5   DPTR FM NORMAL:   -2.32    2 = FOG REDUCING VISIBILITY
HIGHEST:    91 ON  7, 6 GRTST 24HR  1.26 ON  8- 8      TO 1/4 MILE OR LESS
LOWEST:     47 ON 27                               3 = THUNDER
                        SNOW, ICE PELLETS, HAIL    4 = ICE PELLETS
                        TOTAL MONTH:    M          5 = HAIL
                        GRTST 24HR    M  ON   M    6 = FREEZING RAIN OR DRIZZLE
                        GRTST DEPTH:  M  ON   M    7 = DUSTSTORM OR SANDSTORM:
                                                       VSBY 1/2 MILE OR LESS
                                                   8 = SMOKE OR HAZE
[NO. OF DAYS WITH]      [WEATHER - DAYS WITH]      9 = BLOWING SNOW
                                                   X = TORNADO
MAX 32 OR BELOW:   0    0.01 INCH OR MORE:   3
MAX 90 OR ABOVE:   4    0.10 INCH OR MORE:   1
MIN 32 OR BELOW:   0    0.50 INCH OR MORE:   1
MIN  0 OR BELOW:   0    1.00 INCH OR MORE:   1

[HDD (BASE 65) ]
TOTAL THIS MO.     6    CLEAR  (SCALE 0-3)  21
DPTR FM NORMAL   -21    PTCLDY (SCALE 4-7)   6
TOTAL FM JUL 1     6    CLOUDY (SCALE 8-10)  0
DPTR FM NORMAL   -22

[CDD (BASE 65) ]
TOTAL THIS MO.   226
DPTR FM NORMAL    76    [PRESSURE DATA]
TOTAL FM JAN 1  1515    HIGHEST SLP M ON M
DPTR FM NORMAL   193    LOWEST  SLP 29.83 ON  9

[REMARKS]
