000
CXUS53 KUNR 010945
CF6UNR
PRELIMINARY LOCAL CLIMATOLOGICAL DATA (WS FORM: F-6)

                                          STATION:   EAST RAPID CITY SD
                                          MONTH:     JUNE
                                          YEAR:      2015
                                          LATITUDE:   44  4 N
                                          LONGITUDE: 103 13 W

  TEMPERATURE IN F:       :PCPN:    SNOW:  WIND      :SUNSHINE: SKY     :PK WND
================================================================================
1   2   3   4   5  6A  6B    7    8   9   10  11  12  13   14  15   16   17  18
                                     12Z  AVG MX 2MIN
DY MAX MIN AVG DEP HDD CDD  WTR  SNW DPTH SPD SPD DIR MIN PSBL S-S WX    SPD DR
================================================================================

 1  84  54  69   9   0   4 0.01  0.0    0 10.4 23 140   M    M   M 3      32 140
 2  78  52  65   4   0   0 0.63  0.0    0  8.9 38 290   M    M   M 35     60 290
 3  68  52  60  -1   5   0 0.13  0.0    0  7.6 21  10   M    M   M 3      24  10
 4  62  51  57  -4   8   0 0.94  0.0    0  5.9 20 110   M    M   M 3      26 110
 5  73  57  65   3   0   0 0.01  0.0    0  8.0 20 140   M    M   M        26 130
 6  73  59  66   4   0   1 0.01  0.0    0  7.1 15 360   M    M   M        23 160
 7  78  61  70   8   0   5 0.00  0.0    0  9.6 21 360   M    M   M        29 360
 8  85  63  74  12   0   9 0.00  0.0    0  6.4 13  20   M    M   M        16  30
 9  89  68  79  16   0  14 0.00  0.0    0  6.6 22  10   M    M   M 3      31  10
10  69  57  63   0   2   0 0.47  0.0    0  7.8 17  20   M    M   M        24  20
11  58  54  56  -8   9   0 0.49  0.0    0  5.0 12 200   M    M   M        15 180
12  77  54  66   2   0   1 0.00  0.0    0  9.5 22 150   M    M   M        33 160
13  77  55  66   2   0   1    T  0.0    0 10.1 20  10   M    M   M        25  10
14  69  52  61  -3   4   0 0.08  0.0    0  8.0 23 360   M    M   M 3      33 360
15  66  56  61  -4   4   0 0.21  0.0    0  4.9 12 350   M    M   M 3      15 170
16  71  56  64  -1   1   0 0.21  0.0    0 10.3 21 360   M    M   M        30 180
17  75  54  65  -1   0   0 1.37  0.0    0  6.5 37 320   M    M   M 3      52 320
18  74  56  65  -1   0   0 0.00  0.0    0  7.7 20 140   M    M   M        25 140
19  82  60  71   5   0   6 0.15  0.0    0 10.7 34 360   M    M   M 3      47 360
20  80  60  70   3   0   5 0.60  0.0    0  7.0 22 330   M    M   M 3      31 330
21  82  59  71   4   0   6 0.15  0.0    0  9.6 43 320   M    M   M 35     61 320
22  73  60  67   0   0   2 0.00  0.0    0 11.9 37 320   M    M   M        52 320
23  76  59  68   0   0   3 0.12  0.0    0  7.1 20 130   M    M   5 35     26 140
24  77  59  68   0   0   3 0.97  0.0    0  7.5 22 360   M    M   M 35     33 360
25  70  60  65  -3   0   0 0.20  0.0    0  5.5 14 350   M    M   M 3      20 350
26  78  57  68  -1   0   3 0.00  0.0    0  4.8 10  50   M    M   M        14 260
27  87  62  75   6   0  10 0.00  0.0    0  6.0 15  10   M    M   M        22 360
28  84  65  75   6   0  10 0.00  0.0    0  6.0 12 140   M    M   M        17 140
29  87  64  76   6   0  11 0.06  0.0    0  6.9 23 330   M    M   M 3      32 330
30  86  70  78   8   0  13 0.06  0.0    0  6.3 18 360   M    M   M 3      22  10
================================================================================
SM 2288 1746        33 107  6.87     0.0 229.6          M        5
================================================================================
AV 76.3 58.2                               7.7 FASTST   M    M   5    MAX(MPH)
                                 MISC ---->  # 43 320               # 61  320
================================================================================
NOTES:
# LAST OF SEVERAL OCCURRENCES

COLUMN 17 PEAK WIND IN M.P.H.

PRELIMINARY LOCAL CLIMATOLOGICAL DATA (WS FORM: F-6) , PAGE 2

                                          STATION:  EAST RAPID CITY SD
                                          MONTH:    JUNE
                                          YEAR:     2015
                                          LATITUDE:   44  4 N
                                          LONGITUDE: 103 13 W

[TEMPERATURE DATA]      [PRECIPITATION DATA]       SYMBOLS USED IN COLUMN 16

AVERAGE MONTHLY: 67.2   TOTAL FOR MONTH:   6.87    1 = FOG OR MIST
DPTR FM NORMAL:   2.1   DPTR FM NORMAL:    3.71    2 = FOG REDUCING VISIBILITY
HIGHEST:    89 ON  9    GRTST 24HR  1.37 ON 17-17      TO 1/4 MILE OR LESS
LOWEST:     51 ON  4                               3 = THUNDER
                        SNOW, ICE PELLETS, HAIL    4 = ICE PELLETS
                        TOTAL MONTH:   0.0 INCH    5 = HAIL
                        GRTST 24HR     0.0         6 = FREEZING RAIN OR DRIZZLE
                        GRTST DEPTH:   0           7 = DUSTSTORM OR SANDSTORM:
                                                       VSBY 1/2 MILE OR LESS
                                                   8 = SMOKE OR HAZE
[NO. OF DAYS WITH]      [WEATHER - DAYS WITH]      9 = BLOWING SNOW
                                                   X = TORNADO
MAX 32 OR BELOW:   0    0.01 INCH OR MORE:  20
MAX 90 OR ABOVE:   0    0.10 INCH OR MORE:  14
MIN 32 OR BELOW:   0    0.50 INCH OR MORE:   5
MIN  0 OR BELOW:   0    1.00 INCH OR MORE:   1

[HDD (BASE 65) ]
TOTAL THIS MO.    33    CLEAR  (SCALE 0-3)   0
DPTR FM NORMAL   -55    PTCLDY (SCALE 4-7)   1
TOTAL FM JUL 1  6273    CLOUDY (SCALE 8-10)  0
DPTR FM NORMAL  -587

[CDD (BASE 65) ]
TOTAL THIS MO.   107
DPTR FM NORMAL    16    [PRESSURE DATA]
TOTAL FM JAN 1   115    HIGHEST SLP M ON M
DPTR FM NORMAL     6    LOWEST  SLP 29.32 ON 19

[REMARKS]
#FINAL-06-15#
