000
CXUS54 KEWX 250910
CF6UVA
PRELIMINARY LOCAL CLIMATOLOGICAL DATA (WS FORM: F-6)

                                          STATION:   UVALDE
                                          MONTH:     JULY
                                          YEAR:      2014
                                          LATITUDE:   29 12 N
                                          LONGITUDE:  99 44 W

  TEMPERATURE IN F:       :PCPN:    SNOW:  WIND      :SUNSHINE: SKY     :PK WND
================================================================================
1   2   3   4   5  6A  6B    7    8   9   10  11  12  13   14  15   16   17  18
                                     12Z  AVG MX 2MIN
DY MAX MIN AVG DEP HDD CDD  WTR  SNW DPTH SPD SPD DIR MIN PSBL S-S WX    SPD DR
================================================================================

 1  98  73  86   M   0  21    M    M    M 11.8 20 110   M    M   0 8      28 130
 2  97  72  85   M   0  20    M    M    M  8.8 13 110   M    M   2        21 110
 3  96  70  83   M   0  18    M    M    M  7.1 10 120   M    M   1        16 100
 4  96  69  83   M   0  18    M    M    M  7.6 14 120   M    M   3 3      21 130
 5  96  70  83   M   0  18    M    M    M  8.1 15 170   M    M   2        17 170
 6  98  70  84   M   0  19    M    M    M  8.2 16 120   M    M   1        22 120
 7  96  73  85   M   0  20    M    M    M  9.3 17 140   M    M   1        30 140
 8  98  73  86   M   0  21    M    M    M  9.9 16 170   M    M   2 3      24 190
 9  98  73  86   M   0  21    M    M    M  9.8 18 140   M    M   2        22 150
10  92  70  81   M   0  16    M    M    M  9.4 16 150   M    M   4        23 140
11  93  70  82   M   0  17    M    M    M  8.6 14 150   M    M   5 1      18 130
12  95  73  84   M   0  19    M    M    M  7.2 12 140   M    M   2 1      18 140
13  96  73  85   M   0  20    M    M    M  5.9 10 120   M    M   1        16 150
14  98  73  86   M   0  21    M    M    M  4.7  9 130   M    M   0        16 110
15  96  73  85   M   0  20    M    M    M  7.2 18 360   M    M   1        23 360
16  98  75  87   M   0  22    M    M    M  8.5 18 130   M    M   1        23 120
17  98  76  87   M   0  22    M    M    M  8.4 15 130   M    M   2 3      21 130
18  88  73  81   M   0  16    M    M    M  6.6 14  80   M    M   7 3      18  80
19  91  73  82   M   0  17    M    M    M  6.1  9 120   M    M   5         M  M
20  96  76  86   M   0  21    M    M    M  7.0 12 110   M    M   3 1      17 130
21  93  75  84   M   0  19    M    M    M  8.2 12 100   M    M   4        17 100
22  96  75  86   M   0  21    M    M    M  7.0 10 110   M    M   2         M  M
23  98  75  87   M   0  22    M    M    M  4.5  9 110   M    M   1         M  M
24  96  75  86   M   0  21    M    M    M  5.1 12  30   M    M   1        20 140
================================================================================
SM 2297 1748         0 470    M     M    185.0          M       53
================================================================================
AV 95.7 72.8                               7.7 FASTST   M    M   2    MAX(MPH)
                                 MISC ---->    20   M                 30    M
================================================================================
NOTES:
# LAST OF SEVERAL OCCURRENCES

COLUMN 17 PEAK WIND IN M.P.H.

PRELIMINARY LOCAL CLIMATOLOGICAL DATA (WS FORM: F-6) , PAGE 2

                                          STATION:  UVALDE
                                          MONTH:    JULY
                                          YEAR:     2014
                                          LATITUDE:   29 12 N
                                          LONGITUDE:  99 44 W

[TEMPERATURE DATA]      [PRECIPITATION DATA]       SYMBOLS USED IN COLUMN 16

AVERAGE MONTHLY: 84.3   TOTAL FOR MONTH:      M    1 = FOG OR MIST
DPTR FM NORMAL:     M   DPTR FM NORMAL:       M    2 = FOG REDUCING VISIBILITY
HIGHEST:    98 ON 23,17 GRTST 24HR    M  ON   M        TO 1/4 MILE OR LESS
LOWEST:     69 ON  4                               3 = THUNDER
                        SNOW, ICE PELLETS, HAIL    4 = ICE PELLETS
                        TOTAL MONTH:    M          5 = HAIL
                        GRTST 24HR    M  ON   M    6 = FREEZING RAIN OR DRIZZLE
                        GRTST DEPTH:  M  ON   M    7 = DUSTSTORM OR SANDSTORM:
                                                       VSBY 1/2 MILE OR LESS
                                                   8 = SMOKE OR HAZE
[NO. OF DAYS WITH]      [WEATHER - DAYS WITH]      9 = BLOWING SNOW
                                                   X = TORNADO
MAX 32 OR BELOW:   0    0.01 INCH OR MORE:   0
MAX 90 OR ABOVE:  23    0.10 INCH OR MORE:   0
MIN 32 OR BELOW:   0    0.50 INCH OR MORE:   0
MIN  0 OR BELOW:   0    1.00 INCH OR MORE:   0

[HDD (BASE 65) ]
TOTAL THIS MO.     0    CLEAR  (SCALE 0-3)  18
DPTR FM NORMAL     M    PTCLDY (SCALE 4-7)   6
TOTAL FM JUL 1     0    CLOUDY (SCALE 8-10)  0
DPTR FM NORMAL     M

[CDD (BASE 65) ]
TOTAL THIS MO.   470
DPTR FM NORMAL     M    [PRESSURE DATA]
TOTAL FM JAN 1  1668    HIGHEST SLP M ON M
DPTR FM NORMAL     M    LOWEST  SLP M ON M

[REMARKS]
