000
CXUS54 KCRP 261300
CF6VCT
PRELIMINARY LOCAL CLIMATOLOGICAL DATA (WS FORM: F-6)

                                          STATION:   VICTORIA
                                          MONTH:     SEPTEMBER
                                          YEAR:      2016
                                          LATITUDE:   28 51 N
                                          LONGITUDE:  96 55 W

  TEMPERATURE IN F:       :PCPN:    SNOW:  WIND      :SUNSHINE: SKY     :PK WND
================================================================================
1   2   3   4   5  6A  6B    7    8   9   10  11  12  13   14  15   16   17  18
                                     12Z  AVG MX 2MIN
DY MAX MIN AVG DEP HDD CDD  WTR  SNW DPTH SPD SPD DIR MIN PSBL S-S WX    SPD DR
================================================================================

 1  93  73  83   0   0  18 0.00  0.0    0  5.9 13  50   M    M   1 1      17  50
 2  95  72  84   1   0  19 1.30  0.0    0  5.7 24  20   M    M   3 13     27  20
 3  91  72  82  -1   0  17 0.00  0.0    0  6.0 20 110   M    M   1 13     25 120
 4  89  73  81  -1   0  16 0.33  0.0    0  5.6 24 140   M    M   2 13     30 160
 5  92  74  83   1   0  18 0.00  0.0    0  9.6 22 150   M    M   1        27 150
 6  92  76  84   2   0  19    T  0.0    0 10.2 21 130   M    M   2 1      25 130
 7  93  76  85   3   0  20 0.00  0.0    0  8.1 17 150   M    M   1 1      21 140
 8  92  73  83   1   0  18 0.00  0.0    0  6.3 16 160   M    M   2 1      19 160
 9  91  74  83   2   0  18 0.00  0.0    0  6.5 14 150   M    M   1        18 130
10  92  73  83   2   0  18    T  0.0    0  3.7 24  10   M    M   2 13     34 360
11  91  71  81   0   0  16 0.00  0.0    0  5.2 10  40   M    M   1 1      17  40
12  90  71  81   0   0  16 0.00  0.0    0  4.8 12 120   M    M   1 1      14 160
13  94  72  83   3   0  18 0.57  0.0    0  5.3 18  50   M    M   2 138    24  50
14  92  73  83   3   0  18    T  0.0    0  6.0 21 130   M    M   1 13     26 120
15  92  73  83   3   0  18 0.00  0.0    0  6.4 21 140   M    M   1 1      24 130
16  93  72  83   3   0  18 0.00  0.0    0  5.0 12 360   M    M   1 1      16  10
17  97  73  85   5   0  20 0.00  0.0    0  4.4 13 140   M    M   2 1      15 160
18  97  74  86   7   0  21 0.00  0.0    0  4.8 15 150   M    M   1 1      18 160
19  97  74  86   7   0  21 0.00  0.0    0  4.4 12 130   M    M   2 12     13 130
20  97  71  84   5   0  19 0.00  0.0    0  3.5 21 110   M    M   3 123    27  80
21  94  68  81   3   0  16 0.00  0.0    0  5.6 14 120   M    M   2 1      19 130
22  92  70  81   3   0  16 0.16  0.0    0  9.3 20 160   M    M   2 13     23 140
23  91  73  82   4   0  17 0.17  0.0    0  6.5 23 140   M    M   2 13     31 150
24  89  74  82   4   0  17    T  0.0    0  7.0 21 140   M    M   2 13     24 130
25  89  74  82   4   0  17 0.01  0.0    0  8.4 24 130   M    M   2 3      29 140
================================================================================
SM 2315 1819         0 449  2.54     0.0 154.2          M       41
================================================================================
AV 92.6 72.8                               6.2 FASTST   M    M   2    MAX(MPH)
                                 MISC ---->  # 24  20               # 34  360
================================================================================
NOTES:
# LAST OF SEVERAL OCCURRENCES

COLUMN 17 PEAK WIND IN M.P.H.

PRELIMINARY LOCAL CLIMATOLOGICAL DATA (WS FORM: F-6) , PAGE 2

                                          STATION:  VICTORIA
                                          MONTH:    SEPTEMBER
                                          YEAR:     2016
                                          LATITUDE:   28 51 N
                                          LONGITUDE:  96 55 W

[TEMPERATURE DATA]      [PRECIPITATION DATA]       SYMBOLS USED IN COLUMN 16

AVERAGE MONTHLY: 82.7   TOTAL FOR MONTH:   2.54    1 = FOG OR MIST
DPTR FM NORMAL:   2.3   DPTR FM NORMAL:   -0.99    2 = FOG REDUCING VISIBILITY
HIGHEST:    97 ON 20,19 GRTST 24HR  1.30 ON  2- 2      TO 1/4 MILE OR LESS
LOWEST:     68 ON 21                               3 = THUNDER
                        SNOW, ICE PELLETS, HAIL    4 = ICE PELLETS
                        TOTAL MONTH:   0.0 INCH    5 = HAIL
                        GRTST 24HR     0.0         6 = FREEZING RAIN OR DRIZZLE
                        GRTST DEPTH:   0           7 = DUSTSTORM OR SANDSTORM:
                                                       VSBY 1/2 MILE OR LESS
                                                   8 = SMOKE OR HAZE
[NO. OF DAYS WITH]      [WEATHER - DAYS WITH]      9 = BLOWING SNOW
                                                   X = TORNADO
MAX 32 OR BELOW:   0    0.01 INCH OR MORE:   6
MAX 90 OR ABOVE:  22    0.10 INCH OR MORE:   5
MIN 32 OR BELOW:   0    0.50 INCH OR MORE:   2
MIN  0 OR BELOW:   0    1.00 INCH OR MORE:   1

[HDD (BASE 65) ]
TOTAL THIS MO.     0    CLEAR  (SCALE 0-3)  24
DPTR FM NORMAL     0    PTCLDY (SCALE 4-7)   1
TOTAL FM JUL 1     0    CLOUDY (SCALE 8-10)  0
DPTR FM NORMAL     0

[CDD (BASE 65) ]
TOTAL THIS MO.   449
DPTR FM NORMAL    62    [PRESSURE DATA]
TOTAL FM JAN 1  2936    HIGHEST SLP M ON M
DPTR FM NORMAL   196    LOWEST  SLP 29.84 ON M

[REMARKS]
