000
CXUS55 KVEF 270940
CF6VGT
PRELIMINARY LOCAL CLIMATOLOGICAL DATA (WS FORM: F-6)

                                          STATION:   NORTH_LAS_VEGAS NV
                                          MONTH:     JULY
                                          YEAR:      2015
                                          LATITUDE:   36 12 N
                                          LONGITUDE: 115 12 W

  TEMPERATURE IN F:       :PCPN:    SNOW:  WIND      :SUNSHINE: SKY     :PK WND
================================================================================
1   2   3   4   5  6A  6B    7    8   9   10  11  12  13   14  15   16   17  18
                                     12Z  AVG MX 2MIN
DY MAX MIN AVG DEP HDD CDD  WTR  SNW DPTH SPD SPD DIR MIN PSBL S-S WX    SPD DR
================================================================================

 1 106  87  97   7   0  32    T  0.0    0 13.3 30 210   M    M   0        38 220
 2 103  81  92   2   0  27    T  0.0    0  5.7 17 140   M    M   1        21 140
 3 108  86  97   7   0  32 0.00  0.0    0  5.8 16 270   M    M   0        22 180
 4 101  89  95   5   0  30 0.00  0.0    0  7.1 21 150   M    M   1        24 140
 5 103  85  94   4   0  29    T  0.0    0 10.4 32 330   M    M   1        40 330
 6  99  75  87  -3   0  22    T  0.0    0  5.7 31 330   M    M   1        39 330
 7  99  75  87  -4   0  22    T  0.0    0  6.3 17 180   M    M   1        23 160
 8 102  82  92   1   0  27 0.00  0.0    0 11.5 26 180   M    M   0        38 180
 9  94  77  86  -5   0  21    T  0.0    0 11.5 28 160   M    M   0        34 150
10  93  71  82  -9   0  17 0.00  0.0    0 10.0 25 150   M    M   0        31 150
11  96  72  84  -7   0  19 0.00  0.0    0  9.4 25 150   M    M   0        30 140
12  99  74  87  -4   0  22 0.00  0.0    0  4.9 17  70   M    M   0        22 340
13 103  75  89  -3   0  24 0.00  0.0    0  7.5 22 210   M    M   0        33 190
14 104  75  90  -2   0  25 0.00  0.0    0  9.0 28 210   M    M   0        37 210
15 102  73  88  -4   0  23 0.00  0.0    0  8.2 22 190   M    M   0        28 180
16 104  75  90  -2   0  25 0.00  0.0    0  6.9 24 180   M    M   0        29 180
17 105  76  91  -1   0  26 0.00  0.0    0 10.4 24 200   M    M   0        32 180
18  95  76  86  -6   0  21    T  0.0    0 14.5 33 210   M    M   0        42 230
19  93  73  83  -9   0  18    T  0.0    0  8.1 30 330   M    M   0        35 330
20  85  72  79 -13   0  14    T  0.0    0  9.2 29 320   M    M   7        36 320
21  98  74  86  -6   0  21 0.00  0.0    0  6.6 17 230   M    M   1        26 230
22 101  78  90  -2   0  25 0.00  0.0    0  9.3 25 190   M    M   1        32 180
23 100  76  88  -4   0  23 0.00  0.0    0  8.8 22 190   M    M   0        28 200
24 100  77  89  -3   0  24 0.00  0.0    0 11.5 23 210   M    M   0        31 190
25 103  73  88  -4   0  23 0.00  0.0    0  6.5 18 190   M    M   0        21 160
26 103  73  88  -4   0  23 0.00  0.0    0  9.8 24 240   M    M   0        29 250
================================================================================
SM 2599 2000         0 615    T      0.0 227.9          M       14
================================================================================
AV100.0 76.9                               8.8 FASTST   M    M   1    MAX(MPH)
                                 MISC ---->  # 33 210               # 42  230
================================================================================
NOTES:
# LAST OF SEVERAL OCCURRENCES

COLUMN 17 PEAK WIND IN M.P.H.

PRELIMINARY LOCAL CLIMATOLOGICAL DATA (WS FORM: F-6) , PAGE 2

                                          STATION:  NORTH_LAS_VEGAS NV
                                          MONTH:    JULY
                                          YEAR:     2015
                                          LATITUDE:   36 12 N
                                          LONGITUDE: 115 12 W

[TEMPERATURE DATA]      [PRECIPITATION DATA]       SYMBOLS USED IN COLUMN 16

AVERAGE MONTHLY: 88.4   TOTAL FOR MONTH:      T    1 = FOG OR MIST
DPTR FM NORMAL:  -2.9   DPTR FM NORMAL:   -0.33    2 = FOG REDUCING VISIBILITY
HIGHEST:   108 ON  3    GRTST 24HR    T  ON 20-20      TO 1/4 MILE OR LESS
LOWEST:     71 ON 10                               3 = THUNDER
                        SNOW, ICE PELLETS, HAIL    4 = ICE PELLETS
                        TOTAL MONTH:   0.0 INCH    5 = HAIL
                        GRTST 24HR     0.0         6 = FREEZING RAIN OR DRIZZLE
                        GRTST DEPTH:   0           7 = DUSTSTORM OR SANDSTORM:
                                                       VSBY 1/2 MILE OR LESS
                                                   8 = SMOKE OR HAZE
[NO. OF DAYS WITH]      [WEATHER - DAYS WITH]      9 = BLOWING SNOW
                                                   X = TORNADO
MAX 32 OR BELOW:   0    0.01 INCH OR MORE:   0
MAX 90 OR ABOVE:  25    0.10 INCH OR MORE:   0
MIN 32 OR BELOW:   0    0.50 INCH OR MORE:   0
MIN  0 OR BELOW:   0    1.00 INCH OR MORE:   0

[HDD (BASE 65) ]
TOTAL THIS MO.     0    CLEAR  (SCALE 0-3)  25
DPTR FM NORMAL     0    PTCLDY (SCALE 4-7)   1
TOTAL FM JUL 1     0    CLOUDY (SCALE 8-10)  0
DPTR FM NORMAL     0

[CDD (BASE 65) ]
TOTAL THIS MO.   615
DPTR FM NORMAL   -69    [PRESSURE DATA]
TOTAL FM JAN 1  1866    HIGHEST SLP M ON M
DPTR FM NORMAL   101    LOWEST  SLP 29.49 ON  8

[REMARKS]
