000
CXUS55 KVEF 230940
CF6VGT
PRELIMINARY LOCAL CLIMATOLOGICAL DATA (WS FORM: F-6)

                                          STATION:   NORTH_LAS_VEGAS NV
                                          MONTH:     FEBRUARY
                                          YEAR:      2017
                                          LATITUDE:   36 12 N
                                          LONGITUDE: 115 12 W

  TEMPERATURE IN F:       :PCPN:    SNOW:  WIND      :SUNSHINE: SKY     :PK WND
================================================================================
1   2   3   4   5  6A  6B    7    8   9   10  11  12  13   14  15   16   17  18
                                     12Z  AVG MX 2MIN
DY MAX MIN AVG DEP HDD CDD  WTR  SNW DPTH SPD SPD DIR MIN PSBL S-S WX    SPD DR
================================================================================

 1  63  39  51   1  14   0 0.00  0.0    0  3.8  9  70   M    M   0        13 100
 2  66  45  56   6   9   0 0.00  0.0    0  4.0 15  80   M    M   0        19  80
 3  71  47  59   9   6   0 0.00  0.0    0 11.5 26 220   M    M   4        34 210
 4  65  46  56   5   9   0 0.00  0.0    0  5.4 20 200   M    M   0        24 200
 5  63  43  53   2  12   0 0.00  0.0    0  3.5 10 110   M    M   0        14 140
 6  64  52  58   7   7   0 0.00  0.0    0 17.2 31 220   M    M   2        41 220
 7  72  49  61  10   4   0 0.00  0.0    0  9.8 23 220   M    M   3        29 210
 8  68  50  59   8   6   0 0.00  0.0    0  4.2 12  80   M    M   0        15 160
 9  73  50  62  11   3   0 0.00  0.0    0  3.2 10 120   M    M   0        13 100
10  75  57  66  14   0   1 0.00  0.0    0 12.0 21 230   M    M   3        27 240
11  64  52  58   6   7   0 0.08  0.0    0 12.0 21 330   M    M   6        24 330
12  65  51  58   6   7   0 0.01  0.0    0 12.2 26 330   M    M   8        35 330
13  70  50  60   8   5   0    T  0.0    0  9.4 21 360   M    M   1        27 360
14  70  50  60   8   5   0 0.00  0.0    0  6.2 16  10   M    M   0        22 350
15  70  44  57   5   8   0 0.00  0.0    0  3.7  9 120   M    M   0        12 120
16  70  45  58   6   7   0 0.00  0.0    0  6.8 17  90   M    M   1        22 200
17  63  51  57   4   8   0 0.05  0.0    0  8.8 25 180   M    M   7        31 170
18  58  50  54   1  11   0 0.71  0.0    0  8.2 22 170   M    M  10 1      30 170
19  61  47  54   1  11   0 0.04    M    0  5.9 13 220   M    M   5 1      15 230
20  65  51  58   5   7   0 0.00  0.0    0 11.3 23 140   M    M   7        27 120
21  69  52  61   7   4   0 0.00  0.0    0 14.3 36 200   M    M   0        48 210
22  65  47  56   2   9   0    T    M    0 17.5 38 330   M    M   2        50 220
================================================================================
SM 1470 1068       159   1  0.89     0.0 190.9          M       59
================================================================================
AV 66.8 48.6                               8.7 FASTST   M    M   3    MAX(MPH)
                                 MISC ---->  # 38 330               # 50  220
================================================================================
NOTES:
# LAST OF SEVERAL OCCURRENCES

COLUMN 17 PEAK WIND IN M.P.H.

PRELIMINARY LOCAL CLIMATOLOGICAL DATA (WS FORM: F-6) , PAGE 2

                                          STATION:  NORTH_LAS_VEGAS NV
                                          MONTH:    FEBRUARY
                                          YEAR:     2017
                                          LATITUDE:   36 12 N
                                          LONGITUDE: 115 12 W

[TEMPERATURE DATA]      [PRECIPITATION DATA]       SYMBOLS USED IN COLUMN 16

AVERAGE MONTHLY: 57.7   TOTAL FOR MONTH:   0.89    1 = FOG OR MIST
DPTR FM NORMAL:   5.9   DPTR FM NORMAL:    0.20    2 = FOG REDUCING VISIBILITY
HIGHEST:    75 ON 10    GRTST 24HR  0.72 ON 18-19      TO 1/4 MILE OR LESS
LOWEST:     39 ON  1                               3 = THUNDER
                        SNOW, ICE PELLETS, HAIL    4 = ICE PELLETS
                        TOTAL MONTH:   0.0 INCH    5 = HAIL
                        GRTST 24HR     0.0         6 = FREEZING RAIN OR DRIZZLE
                        GRTST DEPTH:   0           7 = DUSTSTORM OR SANDSTORM:
                                                       VSBY 1/2 MILE OR LESS
                                                   8 = SMOKE OR HAZE
[NO. OF DAYS WITH]      [WEATHER - DAYS WITH]      9 = BLOWING SNOW
                                                   X = TORNADO
MAX 32 OR BELOW:   0    0.01 INCH OR MORE:   5
MAX 90 OR ABOVE:   0    0.10 INCH OR MORE:   1
MIN 32 OR BELOW:   0    0.50 INCH OR MORE:   1
MIN  0 OR BELOW:   0    1.00 INCH OR MORE:   0

[HDD (BASE 65) ]
TOTAL THIS MO.   159    CLEAR  (SCALE 0-3)  14
DPTR FM NORMAL  -133    PTCLDY (SCALE 4-7)   6
TOTAL FM JUL 1  1421    CLOUDY (SCALE 8-10)  2
DPTR FM NORMAL  -278

[CDD (BASE 65) ]
TOTAL THIS MO.     1
DPTR FM NORMAL     1    [PRESSURE DATA]
TOTAL FM JAN 1     1    HIGHEST SLP M ON M
DPTR FM NORMAL     1    LOWEST  SLP 29.39 ON 18

[REMARKS]
