000
CXUS55 KVEF 270940
CF6VGT
PRELIMINARY LOCAL CLIMATOLOGICAL DATA (WS FORM: F-6)

                                          STATION:   NORTH_LAS_VEGAS NV
                                          MONTH:     FEBRUARY
                                          YEAR:      2015
                                          LATITUDE:   36 12 N
                                          LONGITUDE: 115 12 W

  TEMPERATURE IN F:       :PCPN:    SNOW:  WIND      :SUNSHINE: SKY     :PK WND
================================================================================
1   2   3   4   5  6A  6B    7    8   9   10  11  12  13   14  15   16   17  18
                                     12Z  AVG MX 2MIN
DY MAX MIN AVG DEP HDD CDD  WTR  SNW DPTH SPD SPD DIR MIN PSBL S-S WX    SPD DR
================================================================================

 1  64  43  54   4  11   0 0.00  0.0    0  4.2 16 320   M    M   0        18 320
 2  66  44  55   5  10   0 0.00  0.0    0  2.5 12  50   M    M   0        13  50
 3  68  44  56   6   9   0 0.00  0.0    0  3.8  9 320   M    M   0        11 300
 4  70  46  58   7   7   0 0.00  0.0    0  3.9  9 310   M    M   0        10 330
 5  70  46  58   7   7   0 0.00  0.0    0  4.1  8 300   M    M   0        11 130
 6  73  46  60   9   5   0 0.00  0.0    0  4.5 12 210   M    M   0        15  60
 7  76  59  68  17   0   3 0.00  0.0    0  9.1 24 180   M    M   1        30 190
 8  75  52  64  13   1   0 0.00  0.0    0  4.3 13 140   M    M   0        17 220
 9  79  52  66  15   0   1 0.00  0.0    0 10.0 22 160   M    M   0        28 210
10  73  55  64  12   1   0 0.00  0.0    0 11.2 22 350   M    M   0        29 350
11  72  53  63  11   2   0 0.00  0.0    0  7.4 20 350   M    M   0        25 350
12  73  45  59   7   6   0 0.00  0.0    0  4.4 13 340   M    M   0        16 340
13  77  50  64  12   1   0 0.00  0.0    0  4.6 17 330   M    M   0        20 320
14  77  48  63  11   2   0 0.00  0.0    0  3.4  8 310   M    M   0         9 120
15  77  51  64  12   1   0 0.00  0.0    0  5.1 12 150   M    M   0        14 140
16  74  48  61   9   4   0 0.00  0.0    0  6.9 17  80   M    M   0        21  80
17  66  47  57   4   8   0 0.00  0.0    0  4.2 12 220   M    M   0        14 100
18  72  43  58   5   7   0 0.00  0.0    0  3.1  8 340   M    M   0         9 130
19  73  48  61   8   4   0 0.00  0.0    0  3.3  8 320   M    M   0         9 280
20  73  49  61   8   4   0 0.00  0.0    0  5.7 13 330   M    M   0        15 120
21  70  48  59   5   6   0 0.00  0.0    0  4.9 12 150   M    M   0        14  10
22  60  42  51  -3  14   0 0.07  0.0    0  8.4 21 120   M    M   8        25 120
23  48  38  43 -11  22   0 0.44  0.0    0  8.9 20 360   M    M   9 1      26 360
24  65  44  55   1  10   0 0.00  0.0    0 11.6 24 340   M    M   3        33 360
25  70  41  56   2   9   0 0.00  0.0    0  4.5 14 130   M    M   0        16 160
26  72  44  58   4   7   0 0.00  0.0    0  7.4 20 320   M    M   0        25 360
================================================================================
SM 1833 1226       158   4  0.51     0.0 151.4          M       21
================================================================================
AV 70.5 47.2                               5.8 FASTST   M    M   1    MAX(MPH)
                                 MISC ---->  # 24 180               # 33  360
================================================================================
NOTES:
# LAST OF SEVERAL OCCURRENCES

COLUMN 17 PEAK WIND IN M.P.H.

PRELIMINARY LOCAL CLIMATOLOGICAL DATA (WS FORM: F-6) , PAGE 2

                                          STATION:  NORTH_LAS_VEGAS NV
                                          MONTH:    FEBRUARY
                                          YEAR:     2015
                                          LATITUDE:   36 12 N
                                          LONGITUDE: 115 12 W

[TEMPERATURE DATA]      [PRECIPITATION DATA]       SYMBOLS USED IN COLUMN 16

AVERAGE MONTHLY: 58.8   TOTAL FOR MONTH:   0.51    1 = FOG OR MIST
DPTR FM NORMAL:   6.7   DPTR FM NORMAL:   -0.31    2 = FOG REDUCING VISIBILITY
HIGHEST:    79 ON  9    GRTST 24HR  0.51 ON 22-23      TO 1/4 MILE OR LESS
LOWEST:     38 ON 23                               3 = THUNDER
                        SNOW, ICE PELLETS, HAIL    4 = ICE PELLETS
                        TOTAL MONTH:   0.0 INCH    5 = HAIL
                        GRTST 24HR     0.0         6 = FREEZING RAIN OR DRIZZLE
                        GRTST DEPTH:   0           7 = DUSTSTORM OR SANDSTORM:
                                                       VSBY 1/2 MILE OR LESS
                                                   8 = SMOKE OR HAZE
[NO. OF DAYS WITH]      [WEATHER - DAYS WITH]      9 = BLOWING SNOW
                                                   X = TORNADO
MAX 32 OR BELOW:   0    0.01 INCH OR MORE:   2
MAX 90 OR ABOVE:   0    0.10 INCH OR MORE:   1
MIN 32 OR BELOW:   0    0.50 INCH OR MORE:   0
MIN  0 OR BELOW:   0    1.00 INCH OR MORE:   0

[HDD (BASE 65) ]
TOTAL THIS MO.   158    CLEAR  (SCALE 0-3)  24
DPTR FM NORMAL  -177    PTCLDY (SCALE 4-7)   1
TOTAL FM JUL 1  1272    CLOUDY (SCALE 8-10)  1
DPTR FM NORMAL  -470

[CDD (BASE 65) ]
TOTAL THIS MO.     4
DPTR FM NORMAL     4    [PRESSURE DATA]
TOTAL FM JAN 1     4    HIGHEST SLP M ON M
DPTR FM NORMAL     4    LOWEST  SLP 29.62 ON 21

[REMARKS]
