000
CXUS53 KSGF 270800
CF6VIH
PRELIMINARY LOCAL CLIMATOLOGICAL DATA (WS FORM: F-6)

                                          STATION:   VICHY-ROLLA MO
                                          MONTH:     JULY
                                          YEAR:      2016
                                          LATITUDE:   38  7 N
                                          LONGITUDE:  91 46 W

  TEMPERATURE IN F:       :PCPN:    SNOW:  WIND      :SUNSHINE: SKY     :PK WND
================================================================================
1   2   3   4   5  6A  6B    7    8   9   10  11  12  13   14  15   16   17  18
                                     12Z  AVG MX 2MIN
DY MAX MIN AVG DEP HDD CDD  WTR  SNW DPTH SPD SPD DIR MIN PSBL S-S WX    SPD DR
================================================================================

 1  83  65  74  -2   0   9 0.00    M    M  5.9 14  50   M    M   4 1      20  50
 2  67  62  65 -11   0   0 1.52    M    M 10.1 17 130   M    M   8 13     24 110
 3  74  64  69  -7   0   4 0.68    M    M  5.7 14 150   M    M  10 123    21 160
 4  79  64  72  -4   0   7 0.66  0.0    0  4.5 13 280   M    M   6 13     17 130
 5  92  66  79   2   0  14 0.00    M    M  6.8 14 190   M    M   2 1      17 190
 6  85  74  80   3   0  15 0.04    M    M  8.5 18 200   M    M   2 13     25 230
 7  86  67  77   0   0  12 0.81    M    M  9.3 28 300   M    M   1 13     35 310
 8  86  68  77   0   0  12 1.47    M    M  7.9 40 300   M    M   3 13     60 290
 9  88  68  78   1   0  13 0.00    M    M   M   M   M   M    M   3 12      M  M
10  89  67  78   1   0  13 0.00    M    M  7.9 13 180   M    M   0        18 150
11  89  72  81   4   0  16 0.00    M    M 11.1 18 180   M    M   1        24 160
12  85  68  77   0   0  12 0.06    M    M  8.7 28 320   M    M   3 13     36 320
13  89  67  78   1   0  13    M    M    M  8.2 51 280   M    M   3 13     66 270
14  87  66  77   0   0  12 0.00    M    M  7.3 18 280   M    M   1 3      25 280
15  87  66  77  -1   0  12 0.00    M    M  4.3 10  60   M    M   1        20  20
16  86  67  77  -1   0  12 0.00    M    0  7.1 14 160   M    M   2        21 110
17  91  73  82   4   0  17 0.00    M    0  9.7 16 200   M    M   0        22 220
18  91  73  82   4   0  17 0.00    M    0  5.6 14 220   M    M   0        17 270
19  92  73  83   5   0  18 0.00    M    0  5.8 17 120   M    M   1        23 120
20  93  72  83   5   0  18 0.00    M    0  6.7 15 170   M    M   1        18 170
21  94  74  84   6   0  19 0.00    M    M  7.5 12 250   M    M   0        17 200
22  89  75  82   4   0  17 0.00    M    M  7.3 23  40   M    M   1        29  40
23  96  73  85   7   0  20 0.00    M    M  6.1 10 180   M    M   2        21 210
24  96  75  86   8   0  21 0.00    M    M  7.8 13 240   M    M   0        15 230
25  84  71  78   0   0  13 0.11  0.0    0  6.9 33 320   M    M   3 13     45 320
26  89  70  80   2   0  15 0.01  0.0    0  4.0 20 140   M    M   5 13     24 130
================================================================================
SM 2267 1800         0 351  5.36     0.0 180.7          M       63
================================================================================
AV 87.2 69.2                               7.2 FASTST   M    M   2    MAX(MPH)
                                 MISC ---->  # 51 280               # 66  270
================================================================================
NOTES:
# LAST OF SEVERAL OCCURRENCES

COLUMN 17 PEAK WIND IN M.P.H.

PRELIMINARY LOCAL CLIMATOLOGICAL DATA (WS FORM: F-6) , PAGE 2

                                          STATION:  VICHY-ROLLA MO
                                          MONTH:    JULY
                                          YEAR:     2016
                                          LATITUDE:   38  7 N
                                          LONGITUDE:  91 46 W

[TEMPERATURE DATA]      [PRECIPITATION DATA]       SYMBOLS USED IN COLUMN 16

AVERAGE MONTHLY: 78.2   TOTAL FOR MONTH:   5.36    1 = FOG OR MIST
DPTR FM NORMAL:   0.9   DPTR FM NORMAL:    1.60    2 = FOG REDUCING VISIBILITY
HIGHEST:    96 ON 24,23 GRTST 24HR  2.28 ON  7- 8      TO 1/4 MILE OR LESS
LOWEST:     62 ON  2                               3 = THUNDER
                        SNOW, ICE PELLETS, HAIL    4 = ICE PELLETS
                        TOTAL MONTH:   0.0 INCH    5 = HAIL
                        GRTST 24HR     0.0         6 = FREEZING RAIN OR DRIZZLE
                        GRTST DEPTH:   0           7 = DUSTSTORM OR SANDSTORM:
                                                       VSBY 1/2 MILE OR LESS
                                                   8 = SMOKE OR HAZE
[NO. OF DAYS WITH]      [WEATHER - DAYS WITH]      9 = BLOWING SNOW
                                                   X = TORNADO
MAX 32 OR BELOW:   0    0.01 INCH OR MORE:   9
MAX 90 OR ABOVE:   8    0.10 INCH OR MORE:   6
MIN 32 OR BELOW:   0    0.50 INCH OR MORE:   5
MIN  0 OR BELOW:   0    1.00 INCH OR MORE:   2

[HDD (BASE 65) ]
TOTAL THIS MO.     0    CLEAR  (SCALE 0-3)  18
DPTR FM NORMAL     0    PTCLDY (SCALE 4-7)   6
TOTAL FM JUL 1     0    CLOUDY (SCALE 8-10)  2
DPTR FM NORMAL     0

[CDD (BASE 65) ]
TOTAL THIS MO.   351
DPTR FM NORMAL    32    [PRESSURE DATA]
TOTAL FM JAN 1   776    HIGHEST SLP M ON M
DPTR FM NORMAL   115    LOWEST  SLP 29.75 ON  7

[REMARKS]
