000
CXUS55 KLOX 211155
CF6VNY
PRELIMINARY LOCAL CLIMATOLOGICAL DATA (WS FORM: F-6)

                                          STATION:   VAN NUYS AIRPORT CA
                                          MONTH:     NOVEMBER
                                          YEAR:      2017
                                          LATITUDE:   34 13 N
                                          LONGITUDE: 118 29 W

  TEMPERATURE IN F:       :PCPN:    SNOW:  WIND      :SUNSHINE: SKY     :PK WND
================================================================================
1   2   3   4   5  6A  6B    7    8   9   10  11  12  13   14  15   16   17  18
                                     12Z  AVG MX 2MIN
DY MAX MIN AVG DEP HDD CDD  WTR  SNW DPTH SPD SPD DIR MIN PSBL S-S WX    SPD DR
================================================================================

 1  73  60  67   3   0   2 0.00  0.0    0  3.6 12 160   M    M  10        15 160
 2  66  58  62  -2   3   0    T  0.0    0  2.6 10 180   M    M  10        12 200
 3  70  56  63  -1   2   0 0.00  0.0    0  2.6 12 170   M    M   6        15 170
 4  73  51  62  -2   3   0 0.00  0.0    0  3.5 12 240   M    M   1        17 250
 5  71  55  63   0   2   0 0.02  0.0    0  3.9 13 170   M    M   6 1      16 140
 6  73  55  64   1   1   0 0.00  0.0    0  3.9 13 170   M    M   3        16 150
 7  77  54  66   3   0   1 0.00  0.0    0  2.0 12 170   M    M   1        17 180
 8  79  52  66   3   0   1 0.00  0.0    0  2.1 12 160   M    M   1        16 170
 9  73  53  63   1   2   0 0.00  0.0    0  2.8 12 170   M    M   4 1      14 190
10  72  51  62   0   3   0 0.00  0.0    0  2.7 12 170   M    M   3        14 160
11  75  48  62   0   3   0 0.00  0.0    0  2.4 10 160   M    M   0        14 150
12  72  50  61  -1   4   0 0.00  0.0    0  1.6  8 160   M    M   1         9 160
13  79  48  64   3   1   0 0.00  0.0    0  1.2 13 160   M    M   1        14 160
14  82  51  67   6   0   2 0.00  0.0    0  1.8 10 140   M    M   0        13 150
15  84  52  68   7   0   3 0.00  0.0    0  1.7  9 110   M    M   2        12 100
16  82  56  69   9   0   4    T  0.0    0  2.6  9 320   M    M   5        15 320
17  74  57  66   6   0   1    T  0.0    0  3.1 10 290   M    M   3        14 270
18  76  50  63   3   2   0 0.00  0.0    0  9.0 21 350   M    M   0        26 350
19  78  52  65   5   0   0 0.00  0.0    0  6.0 15  10   M    M   0        20  10
20  80  47  64   5   1   0 0.00  0.0    0  2.8 15 340   M    M   1        23 320
================================================================================
SM 1509 1056        27  14  0.02     0.0  61.9          M       58
================================================================================
AV 75.5 52.8                               3.1 FASTST   M    M   3    MAX(MPH)
                                 MISC ---->  # 21 350               # 26  350
================================================================================
NOTES:
# LAST OF SEVERAL OCCURRENCES

COLUMN 17 PEAK WIND IN M.P.H.

PRELIMINARY LOCAL CLIMATOLOGICAL DATA (WS FORM: F-6) , PAGE 2

                                          STATION:  VAN NUYS AIRPORT CA
                                          MONTH:    NOVEMBER
                                          YEAR:     2017
                                          LATITUDE:   34 13 N
                                          LONGITUDE: 118 29 W

[TEMPERATURE DATA]      [PRECIPITATION DATA]       SYMBOLS USED IN COLUMN 16

AVERAGE MONTHLY: 64.1   TOTAL FOR MONTH:   0.02    1 = FOG OR MIST
DPTR FM NORMAL:   2.2   DPTR FM NORMAL:   -0.63    2 = FOG REDUCING VISIBILITY
HIGHEST:    84 ON 15    GRTST 24HR  0.02 ON  5- 5      TO 1/4 MILE OR LESS
LOWEST:     47 ON 20                               3 = THUNDER
                        SNOW, ICE PELLETS, HAIL    4 = ICE PELLETS
                        TOTAL MONTH:   0.0 INCH    5 = HAIL
                        GRTST 24HR     0.0         6 = FREEZING RAIN OR DRIZZLE
                        GRTST DEPTH:   0           7 = DUSTSTORM OR SANDSTORM:
                                                       VSBY 1/2 MILE OR LESS
                                                   8 = SMOKE OR HAZE
[NO. OF DAYS WITH]      [WEATHER - DAYS WITH]      9 = BLOWING SNOW
                                                   X = TORNADO
MAX 32 OR BELOW:   0    0.01 INCH OR MORE:   1
MAX 90 OR ABOVE:   0    0.10 INCH OR MORE:   0
MIN 32 OR BELOW:   0    0.50 INCH OR MORE:   0
MIN  0 OR BELOW:   0    1.00 INCH OR MORE:   0

[HDD (BASE 65) ]
TOTAL THIS MO.    27    CLEAR  (SCALE 0-3)  14
DPTR FM NORMAL   -58    PTCLDY (SCALE 4-7)   4
TOTAL FM JUL 1    29    CLOUDY (SCALE 8-10)  2
DPTR FM NORMAL  -104

[CDD (BASE 65) ]
TOTAL THIS MO.    14
DPTR FM NORMAL   -10    [PRESSURE DATA]
TOTAL FM JAN 1  2166    HIGHEST SLP M ON M
DPTR FM NORMAL   625    LOWEST  SLP 29.86 ON  1

[REMARKS]
