000
CXUS52 KMLB 301053
CF6VRB
PRELIMINARY LOCAL CLIMATOLOGICAL DATA (WS FORM: F-6)

                                          STATION:   VERO BEACH
                                          MONTH:     JUNE
                                          YEAR:      2015
                                          LATITUDE:   27 39 N
                                          LONGITUDE:  80 25 W

  TEMPERATURE IN F:       :PCPN:    SNOW:  WIND      :SUNSHINE: SKY     :PK WND
================================================================================
1   2   3   4   5  6A  6B    7    8   9   10  11  12  13   14  15   16   17  18
                                     12Z  AVG MX 2MIN
DY MAX MIN AVG DEP HDD CDD  WTR  SNW DPTH SPD SPD DIR MIN PSBL S-S WX    SPD DR
================================================================================

 1  89  69  79   0   0  14 0.00  0.0    0  6.8 17 120   M    M   2 18     22 110
 2  87  70  79   0   0  14 0.02  0.0    0  5.1 14 110   M    M   3 3      18 110
 3  86  70  78  -1   0  13 0.07  0.0    0  6.0 14 200   M    M   6 1      17 200
 4  88  69  79   0   0  14 0.00  0.0    0  6.6 17  40   M    M   3        22  30
 5  88  68  78  -1   0  13 0.00  0.0    0  5.2 15  40   M    M   2        21  60
 6  89  71  80   0   0  15 0.00  0.0    0  5.7 15  30   M    M   2        19  20
 7  89  69  79  -1   0  14    T  0.0    0  7.2 16  80   M    M   3        22  60
 8  89  69  79  -1   0  14 0.00  0.0    0  7.4 18 130   M    M   2        24 120
 9  91  70  81   1   0  16 0.00  0.0    0  6.4 21 140   M    M   2 3      26 140
10  92  70  81   1   0  16 3.12  0.0    0  7.6 22 340   M    M   3 13     27  30
11  89  70  80   0   0  15 0.00  0.0    0  8.7 18 240   M    M   1        27 220
12  90  74  82   2   0  17 0.00  0.0    0  9.6 20 120   M    M   2        24 120
13  90  80  85   5   0  20 0.00  0.0    0  9.9 16 120   M    M   3        22 130
14  89  79  84   4   0  19 0.00  0.0    0  9.8 16 100   M    M   1        21 100
15  90  76  83   3   0  18 0.00  0.0    0  8.3 16 120   M    M   3        21 110
16  90  73  82   2   0  17 0.00  0.0    0  6.8 15 100   M    M   2 1      21  90
17  91  73  82   2   0  17 0.00  0.0    0  7.1 16 130   M    M   1        21 120
18  92  73  83   3   0  18 0.00  0.0    0  7.8 17 140   M    M   1        21 130
19  95  75  85   5   0  20 0.00  0.0    0  6.2 15 140   M    M   1 3      19 130
20  95  73  84   3   0  19 0.00  0.0    0  6.1 25 290   M    M   1 3      33 300
21  94  71  83   2   0  18 0.00  0.0    0  6.5 16  80   M    M   2        17 120
22  93  73  83   2   0  18 0.00  0.0    0  7.4 20 130   M    M   0 1      22 130
23  92  76  84   3   0  19 0.05  0.0    0  7.1 18 280   M    M   2 38     23 280
24  93  72  83   2   0  18 0.00  0.0    0  7.6 18 140   M    M   1        23 120
25  93  75  84   3   0  19 0.00  0.0    0  7.0 17 360   M    M   1 3      22  10
26  94  71  83   2   0  18 0.04  0.0    0  5.8 21 140   M    M   1 13     26 120
27  96  74  85   4   0  20 0.00  0.0    0  7.2 20 130   M    M   1        24 140
28  97  77  87   6   0  22 0.00  0.0    0  8.3 21 120   M    M   2        24 130
29  96  73  85   4   0  20 1.24  0.0    0  6.4 30 240   M    M   1 138    41 210
================================================================================
SM 2647 2103         0 495  4.54     0.0 207.6          M       55
================================================================================
AV 91.3 72.5                               7.2 FASTST   M    M   2    MAX(MPH)
                                 MISC ---->  # 30 240               # 41  210
================================================================================
NOTES:
# LAST OF SEVERAL OCCURRENCES

COLUMN 17 PEAK WIND IN M.P.H.

PRELIMINARY LOCAL CLIMATOLOGICAL DATA (WS FORM: F-6) , PAGE 2

                                          STATION:  VERO BEACH
                                          MONTH:    JUNE
                                          YEAR:     2015
                                          LATITUDE:   27 39 N
                                          LONGITUDE:  80 25 W

[TEMPERATURE DATA]      [PRECIPITATION DATA]       SYMBOLS USED IN COLUMN 16

AVERAGE MONTHLY: 81.9   TOTAL FOR MONTH:   4.54    1 = FOG OR MIST
DPTR FM NORMAL:   1.7   DPTR FM NORMAL:   -1.90    2 = FOG REDUCING VISIBILITY
HIGHEST:    97 ON 28    GRTST 24HR  3.12 ON 10-10      TO 1/4 MILE OR LESS
LOWEST:     68 ON  5                               3 = THUNDER
                        SNOW, ICE PELLETS, HAIL    4 = ICE PELLETS
                        TOTAL MONTH:   0.0 INCH    5 = HAIL
                        GRTST 24HR     0.0         6 = FREEZING RAIN OR DRIZZLE
                        GRTST DEPTH:   0           7 = DUSTSTORM OR SANDSTORM:
                                                       VSBY 1/2 MILE OR LESS
                                                   8 = SMOKE OR HAZE
[NO. OF DAYS WITH]      [WEATHER - DAYS WITH]      9 = BLOWING SNOW
                                                   X = TORNADO
MAX 32 OR BELOW:   0    0.01 INCH OR MORE:   6
MAX 90 OR ABOVE:  19    0.10 INCH OR MORE:   2
MIN 32 OR BELOW:   0    0.50 INCH OR MORE:   2
MIN  0 OR BELOW:   0    1.00 INCH OR MORE:   2

[HDD (BASE 65) ]
TOTAL THIS MO.     0    CLEAR  (SCALE 0-3)  25
DPTR FM NORMAL     0    PTCLDY (SCALE 4-7)   4
TOTAL FM JUL 1   384    CLOUDY (SCALE 8-10)  0
DPTR FM NORMAL   -72

[CDD (BASE 65) ]
TOTAL THIS MO.   495
DPTR FM NORMAL    54    [PRESSURE DATA]
TOTAL FM JAN 1  1647    HIGHEST SLP M ON M
DPTR FM NORMAL   400    LOWEST  SLP 29.91 ON M

[REMARKS]
