000
CXUS51 KAKQ 291010
CF6WAL
PRELIMINARY LOCAL CLIMATOLOGICAL DATA (WS FORM: F-6)

                                          STATION:   WALLOPS ISLAND VA
                                          MONTH:     JULY
                                          YEAR:      2015
                                          LATITUDE:   37 55 N
                                          LONGITUDE:  75 28 W

  TEMPERATURE IN F:       :PCPN:    SNOW:  WIND      :SUNSHINE: SKY     :PK WND
================================================================================
1   2   3   4   5  6A  6B    7    8   9   10  11  12  13   14  15   16   17  18
                                     12Z  AVG MX 2MIN
DY MAX MIN AVG DEP HDD CDD  WTR  SNW DPTH SPD SPD DIR MIN PSBL S-S WX    SPD DR
================================================================================

 1  85  72  79   3   0  14 0.00  0.0    0  8.3 16 260   M    M   3        23 260
 2  83  68  76   0   0  11 0.06  0.0    0  5.8 14 270   M    M   4 18     19 280
 3  80  65  73  -3   0   8 0.00  0.0    0  8.0 17 120   M    M   0 18     20 120
 4  84  73  79   3   0  14 0.84  0.0    0  8.1 15  50   M    M   9 13     19  70
 5  80  70  75  -2   0  10 0.01  0.0    0  5.9 10 140   M    M   5 12     13 150
 6  84  72  78   1   0  13 0.16  0.0    0  9.3 18 180   M    M   2 13     23 170
 7  87  75  81   4   0  16 0.00  0.0    0 10.4 18 180   M    M   1        22 180
 8  90  77  84   7   0  19 0.00  0.0    0  8.8 14 240   M    M   1        20 230
 9  90  75  83   6   0  18 0.28  0.0    0  9.3 25 280   M    M   3 138    39 290
10  86  73  80   3   0  15    T  0.0    0  7.6 17 310   M    M   1        23 290
11  76  68  72  -5   0   7 0.49  0.0    0  3.5 12  40   M    M   9 1      13  40
12  82  66  74  -3   0   9 0.00  0.0    0  5.4 10  80   M    M   0        18 260
13  82  69  76  -1   0  11    T  0.0    0  6.9 15 160   M    M   6        19 150
14  85  74  80   3   0  15    T  0.0    0  8.6 20 190   M    M   4        23 180
15  85  72  79   2   0  14 0.07  0.0    0  7.3 18 290   M    M   4 13     25 290
16  78  68  73  -4   0   8 0.00  0.0    0 10.9 20  50   M    M   5        24  50
17  81  64  73  -4   0   8 0.00  0.0    0  6.5 14 140   M    M   2        19 130
18  83  73  78   1   0  13 0.00  0.0    0 11.0 20 200   M    M   3        26 190
19  89  72  81   4   0  16 0.00  0.0    0  7.4 16 180   M    M   1 1      20 170
20  93  76  85   8   0  20 0.00  0.0    0  7.1 15 190   M    M   3 1      18 180
21  89  75  82   5   0  17 0.15  0.0    0  6.0 18 180   M    M   4 138    23 170
22  86  69  78   1   0  13 0.00  0.0    0  7.7 16 190   M    M   1        20 260
23  86  68  77   0   0  12 0.00  0.0    0  5.0 14 290   M    M   4        17 280
24  85  64  75  -2   0  10 0.00  0.0    0  5.4 15 150   M    M   2        19 160
25  86  62  74  -3   0   9 0.00  0.0    0  5.8 13 170   M    M   0        17 150
26  84  66  75  -2   0  10 0.00  0.0    0  8.0 15 180   M    M   0        18 170
27  85  70  78   1   0  13 2.14  0.0    0  8.9 30 120   M    M   3 123    39 140
28  86  74  80   3   0  15    T  0.0    0  7.6 17 190   M    M   4        22 190
================================================================================
SM 2370 1970         0 358  4.20     0.0 210.5          M       84
================================================================================
AV 84.6 70.4                               7.5 FASTST   M    M   3    MAX(MPH)
                                 MISC ---->  # 30 120               # 39  290
================================================================================
NOTES:
# LAST OF SEVERAL OCCURRENCES

COLUMN 17 PEAK WIND IN M.P.H.

PRELIMINARY LOCAL CLIMATOLOGICAL DATA (WS FORM: F-6) , PAGE 2

                                          STATION:  WALLOPS ISLAND VA
                                          MONTH:    JULY
                                          YEAR:     2015
                                          LATITUDE:   37 55 N
                                          LONGITUDE:  75 28 W

[TEMPERATURE DATA]      [PRECIPITATION DATA]       SYMBOLS USED IN COLUMN 16

AVERAGE MONTHLY: 77.5   TOTAL FOR MONTH:   4.20    1 = FOG OR MIST
DPTR FM NORMAL:   0.6   DPTR FM NORMAL:    0.62    2 = FOG REDUCING VISIBILITY
HIGHEST:    93 ON 20    GRTST 24HR  2.14 ON 27-27      TO 1/4 MILE OR LESS
LOWEST:     62 ON 25                               3 = THUNDER
                        SNOW, ICE PELLETS, HAIL    4 = ICE PELLETS
                        TOTAL MONTH:   0.0 INCH    5 = HAIL
                        GRTST 24HR     0.0         6 = FREEZING RAIN OR DRIZZLE
                        GRTST DEPTH:   0           7 = DUSTSTORM OR SANDSTORM:
                                                       VSBY 1/2 MILE OR LESS
                                                   8 = SMOKE OR HAZE
[NO. OF DAYS WITH]      [WEATHER - DAYS WITH]      9 = BLOWING SNOW
                                                   X = TORNADO
MAX 32 OR BELOW:   0    0.01 INCH OR MORE:   9
MAX 90 OR ABOVE:   3    0.10 INCH OR MORE:   6
MIN 32 OR BELOW:   0    0.50 INCH OR MORE:   2
MIN  0 OR BELOW:   0    1.00 INCH OR MORE:   1

[HDD (BASE 65) ]
TOTAL THIS MO.     0    CLEAR  (SCALE 0-3)  17
DPTR FM NORMAL     0    PTCLDY (SCALE 4-7)   9
TOTAL FM JUL 1     0    CLOUDY (SCALE 8-10)  2
DPTR FM NORMAL     0

[CDD (BASE 65) ]
TOTAL THIS MO.   358
DPTR FM NORMAL    25    [PRESSURE DATA]
TOTAL FM JAN 1   792    HIGHEST SLP M ON M
DPTR FM NORMAL   158    LOWEST  SLP 29.58 ON M

[REMARKS]
