000
CXUS51 KAKQ 251010
CF6WAL
PRELIMINARY LOCAL CLIMATOLOGICAL DATA (WS FORM: F-6)

                                          STATION:   WALLOPS ISLAND VA
                                          MONTH:     JULY
                                          YEAR:      2014
                                          LATITUDE:   37 55 N
                                          LONGITUDE:  75 28 W

  TEMPERATURE IN F:       :PCPN:    SNOW:  WIND      :SUNSHINE: SKY     :PK WND
================================================================================
1   2   3   4   5  6A  6B    7    8   9   10  11  12  13   14  15   16   17  18
                                     12Z  AVG MX 2MIN
DY MAX MIN AVG DEP HDD CDD  WTR  SNW DPTH SPD SPD DIR MIN PSBL S-S WX    SPD DR
================================================================================

 1  87  73  80   4   0  15 0.00  0.0    0 13.5 21 200   M    M   0        25 210
 2  90  76  83   7   0  18 0.00  0.0    0 12.9 23 210   M    M   1 3      28 220
 3  90  75  83   7   0  18 0.14  0.0    0 12.0 23 200   M    M   3 13     29 190
 4  83  65  74  -2   0   9 0.42  0.0    0 14.6 31 360   M    M   6 1      45 360
 5  82  62  72  -5   0   7 0.00  0.0    0  8.3 20 200   M    M   0        25 200
 6  83  63  73  -4   0   8 0.00  0.0    0 13.1 23 200   M    M   0        28 210
 7  93  70  82   5   0  17 0.00  0.0    0 11.0 20 230   M    M   1        27 220
 8  95  75  85   8   0  20 0.32  0.0    0 14.3 23 210   M    M   1 13     33 220
 9  88  73  81   4   0  16 0.23  0.0    0  8.5 22 210   M    M   3 13     30 220
10  83  70  77   0   0  12 0.73  0.0    0  7.3 32 210   M    M   5 1238   46 190
11  81  69  75  -2   0  10 0.00  0.0    0  5.9 15  80   M    M   5 12     19 100
12  81  66  74  -3   0   9 0.00  0.0    0  5.9 14 160   M    M   3 1      16 160
13  84  72  78   1   0  13 0.00  0.0    0 13.5 23 210   M    M   2        29 210
14  87  74  81   4   0  16 0.00  0.0    0 13.1 23 210   M    M   2        30 210
15  86  73  80   3   0  15 0.32  0.0    0 12.3 32 210   M    M   4 138    43 210
16  81  70  76  -1   0  11 0.90  0.0    0  5.4 13 200   M    M   7 1      15 210
17  85  65  75  -2   0  10 0.00  0.0    0  5.6 14  80   M    M   3        20 150
18  83  64  74  -3   0   9 0.00  0.0    0  7.7 16  90   M    M   0        20 110
19  79  67  73  -4   0   8 0.04  0.0    0  9.0 17  80   M    M   5 1      22 110
20  80  70  75  -2   0  10    T  0.0    0  8.4 16  50   M    M  10        19  50
21  80  68  74  -3   0   9 0.00  0.0    0  5.8 13  80   M    M   4        17  80
22  83  67  75  -2   0  10 0.00  0.0    0  5.0 10 140   M    M   2        14  70
23  87  70  79   2   0  14 0.00  0.0    0  8.7 20 210   M    M   2 13     26 210
24  83  71  77   0   0  12 0.24  0.0    0  4.1 14 300   M    M   6 13     20 290
================================================================================
SM 2034 1668         0 296  3.34     0.0 225.9          M       75
================================================================================
AV 84.8 69.5                               9.4 FASTST   M    M   3    MAX(MPH)
                                 MISC ---->  # 32 210               # 46  190
================================================================================
NOTES:
# LAST OF SEVERAL OCCURRENCES

COLUMN 17 PEAK WIND IN M.P.H.

PRELIMINARY LOCAL CLIMATOLOGICAL DATA (WS FORM: F-6) , PAGE 2

                                          STATION:  WALLOPS ISLAND VA
                                          MONTH:    JULY
                                          YEAR:     2014
                                          LATITUDE:   37 55 N
                                          LONGITUDE:  75 28 W

[TEMPERATURE DATA]      [PRECIPITATION DATA]       SYMBOLS USED IN COLUMN 16

AVERAGE MONTHLY: 77.1   TOTAL FOR MONTH:   3.34    1 = FOG OR MIST
DPTR FM NORMAL:   0.3   DPTR FM NORMAL:    0.39    2 = FOG REDUCING VISIBILITY
HIGHEST:    95 ON  8    GRTST 24HR  1.22 ON 15-16      TO 1/4 MILE OR LESS
LOWEST:     62 ON  5                               3 = THUNDER
                        SNOW, ICE PELLETS, HAIL    4 = ICE PELLETS
                        TOTAL MONTH:   0.0 INCH    5 = HAIL
                        GRTST 24HR     0.0         6 = FREEZING RAIN OR DRIZZLE
                        GRTST DEPTH:   0           7 = DUSTSTORM OR SANDSTORM:
                                                       VSBY 1/2 MILE OR LESS
                                                   8 = SMOKE OR HAZE
[NO. OF DAYS WITH]      [WEATHER - DAYS WITH]      9 = BLOWING SNOW
                                                   X = TORNADO
MAX 32 OR BELOW:   0    0.01 INCH OR MORE:   9
MAX 90 OR ABOVE:   4    0.10 INCH OR MORE:   8
MIN 32 OR BELOW:   0    0.50 INCH OR MORE:   2
MIN  0 OR BELOW:   0    1.00 INCH OR MORE:   0

[HDD (BASE 65) ]
TOTAL THIS MO.     0    CLEAR  (SCALE 0-3)  15
DPTR FM NORMAL     0    PTCLDY (SCALE 4-7)   8
TOTAL FM JUL 1     0    CLOUDY (SCALE 8-10)  1
DPTR FM NORMAL     0

[CDD (BASE 65) ]
TOTAL THIS MO.   296
DPTR FM NORMAL    11    [PRESSURE DATA]
TOTAL FM JAN 1   705    HIGHEST SLP M ON M
DPTR FM NORMAL   119    LOWEST  SLP 29.67 ON  4

[REMARKS]
