000
CXUS55 KLOX 281655
CF6WJF
PRELIMINARY LOCAL CLIMATOLOGICAL DATA (WS FORM: F-6)

                                          STATION:   LANCASTER FOX FIELD CA
                                          MONTH:     APRIL
                                          YEAR:      2016
                                          LATITUDE:   34 43 N
                                          LONGITUDE: 118 13 W

  TEMPERATURE IN F:       :PCPN:    SNOW:  WIND      :SUNSHINE: SKY     :PK WND
================================================================================
1   2   3   4   5  6A  6B    7    8   9   10  11  12  13   14  15   16   17  18
                                     12Z  AVG MX 2MIN
DY MAX MIN AVG DEP HDD CDD  WTR  SNW DPTH SPD SPD DIR MIN PSBL S-S WX    SPD DR
================================================================================

 1  77  39  58   2   7   0 0.00  0.0    0  6.4 16 280   M    M   0        20 280
 2  81  40  61   5   4   0 0.00  0.0    0  6.0 23 240   M    M   0        28 250
 3  82  44  63   7   2   0 0.00  0.0    0  7.0 21 240   M    M   0        34 230
 4  81  56  69  13   0   4 0.00  0.0    0 16.0 28 270   M    M   0        34 270
 5  88  49  69  13   0   4 0.00  0.0    0  7.9 21 280   M    M   0        25 280
 6  90  46  68  12   0   3 0.00  0.0    0 10.1 24  70   M    M   0        32  80
 7  73  57  65   8   0   0 0.04  0.0    0 10.5 25 250   M    M   5 8      32 240
 8  62  54  58   1   7   0 0.11  0.0    0  9.1 18 240   M    M  10 1      22 230
 9  66  50  58   1   7   0    T  0.0    0 12.8 21 240   M    M   7        25 240
10  69  44  57   0   8   0 0.00  0.0    0 12.8 29 220   M    M   2        34 210
11  72  50  61   3   4   0 0.00  0.0    0 10.2 18 250   M    M   4        25 200
12  76  44  60   2   5   0 0.00  0.0    0 12.0 24 250   M    M   0        31 240
13  75  54  65   7   0   0 0.00  0.0    0 20.3 30 260   M    M   0        36 280
14  68  52  60   2   5   0 0.00  0.0    0 25.7 41 270   M    M   0 8      50 280
15  72  45  59   0   6   0 0.00  0.0    0 14.4 31 290   M    M   0        38 240
16  81  37  59   0   6   0 0.00  0.0    0  8.3 18  60   M    M   0        25  70
17  82  38  60   1   5   0 0.00  0.0    0  6.6 23  80   M    M   0        28 100
18  87  41  64   4   1   0 0.00  0.0    0  6.6 24 230   M    M   0        28 230
19  87  50  69   9   0   4 0.00  0.0    0  8.6 20 230   M    M   0        39 250
20  87  45  66   6   0   1 0.00  0.0    0 11.6 26 220   M    M   0        39 250
21  87  47  67   7   0   2 0.00  0.0    0 11.5 26 220   M    M   0        34 240
22  76  51  64   3   1   0 0.00  0.0    0 20.8 36 210   M    M   1 8      45 220
23  73  46  60  -1   5   0 0.00  0.0    0 17.5 35 280   M    M   0        40 280
24  72  51  62   1   3   0 0.00  0.0    0 18.9 33 280   M    M   1        39 280
25  61  45  53  -9  12   0 0.00  0.0    0 24.4 43 300   M    M   0        50 300
26  72  45  59  -3   6   0 0.00  0.0    0 18.7 33 270   M    M   0        39 270
27  71  46  59  -3   6   0 0.00  0.0    0 25.2 37 280   M    M   1        45 270
================================================================================
SM 2068 1266       100  18  0.15     0.0 359.9          M       31
================================================================================
AV 76.6 46.9                              13.3 FASTST   M    M   1    MAX(MPH)
                                 MISC ---->  # 43 300               # 50  280
================================================================================
NOTES:
# LAST OF SEVERAL OCCURRENCES

COLUMN 17 PEAK WIND IN M.P.H.

PRELIMINARY LOCAL CLIMATOLOGICAL DATA (WS FORM: F-6) , PAGE 2

                                          STATION:  LANCASTER FOX FIELD CA
                                          MONTH:    APRIL
                                          YEAR:     2016
                                          LATITUDE:   34 43 N
                                          LONGITUDE: 118 13 W

[TEMPERATURE DATA]      [PRECIPITATION DATA]       SYMBOLS USED IN COLUMN 16

AVERAGE MONTHLY: 61.7   TOTAL FOR MONTH:   0.15    1 = FOG OR MIST
DPTR FM NORMAL:   3.1   DPTR FM NORMAL:   -0.18    2 = FOG REDUCING VISIBILITY
HIGHEST:    90 ON  6    GRTST 24HR  0.14 ON  7- 8      TO 1/4 MILE OR LESS
LOWEST:     37 ON 16                               3 = THUNDER
                        SNOW, ICE PELLETS, HAIL    4 = ICE PELLETS
                        TOTAL MONTH:   0.0 INCH    5 = HAIL
                        GRTST 24HR     0.0         6 = FREEZING RAIN OR DRIZZLE
                        GRTST DEPTH:   0           7 = DUSTSTORM OR SANDSTORM:
                                                       VSBY 1/2 MILE OR LESS
                                                   8 = SMOKE OR HAZE
[NO. OF DAYS WITH]      [WEATHER - DAYS WITH]      9 = BLOWING SNOW
                                                   X = TORNADO
MAX 32 OR BELOW:   0    0.01 INCH OR MORE:   2
MAX 90 OR ABOVE:   1    0.10 INCH OR MORE:   1
MIN 32 OR BELOW:   0    0.50 INCH OR MORE:   0
MIN  0 OR BELOW:   0    1.00 INCH OR MORE:   0

[HDD (BASE 65) ]
TOTAL THIS MO.   100    CLEAR  (SCALE 0-3)  23
DPTR FM NORMAL   -95    PTCLDY (SCALE 4-7)   3
TOTAL FM JUL 1  2608    CLOUDY (SCALE 8-10)  1
DPTR FM NORMAL  -248

[CDD (BASE 65) ]
TOTAL THIS MO.    18
DPTR FM NORMAL    -3    [PRESSURE DATA]
TOTAL FM JAN 1    24    HIGHEST SLP M ON M
DPTR FM NORMAL     1    LOWEST  SLP 29.69 ON 27

[REMARKS]
