000
CXUS56 KLKN 211009
CF6WMC
PRELIMINARY LOCAL CLIMATOLOGICAL DATA (WS FORM: F-6)

                                          STATION:   WINNEMUCCA AIRPORT NV
                                          MONTH:     DECEMBER
                                          YEAR:      2014
                                          LATITUDE:   40 54 N
                                          LONGITUDE: 117 48 W

  TEMPERATURE IN F:       :PCPN:    SNOW:  WIND      :SUNSHINE: SKY     :PK WND
================================================================================
1   2   3   4   5  6A  6B    7    8   9   10  11  12  13   14  15   16   17  18
                                     12Z  AVG MX 2MIN
DY MAX MIN AVG DEP HDD CDD  WTR  SNW DPTH SPD SPD DIR MIN PSBL S-S WX    SPD DR
================================================================================

 1  48  30  39   7  26   0 0.01    T    2  3.5 12 260   M    M   6 1      13 270
 2  43  27  35   4  30   0 0.01  0.0    0  5.8 15  30   M    M   4 1      20  30
 3  56  32  44  13  21   0 0.03  0.0    0  5.3 20 250   M    M   7 1      23 250
 4  55  32  44  13  21   0 0.02  0.0    0  3.6 16 330   M    M   6        20 320
 5  51  28  40   9  25   0 0.00  0.0    0  5.4 14 180   M    M   3 1      17 170
 6  56  32  44  14  21   0 0.00  0.0    0  7.5 18 170   M    M   6        23 170
 7  51  27  39   9  26   0 0.00  0.0    0  6.2 14  40   M    M   0        17  30
 8  53  24  39   9  26   0 0.00  0.0    0  4.8 10  90   M    M   2        12 110
 9  50  29  40  10  25   0 0.00  0.0    0  3.5 14 290   M    M   2        17 170
10  50  29  40  10  25   0 0.00  0.0    0  6.6 15  60   M    M   0        18  60
11  64  40  52  22  13   0 0.00  0.0    0 12.9 28 160   M    M   3        37 150
12  52  32  42  13  23   0 0.05  0.0    0 10.6 28 190   M    M   7 1      38 150
13  43  26  35   6  30   0 0.00  0.0    0  4.1 10 220   M    M   7        14 310
14  40  19  30   1  35   0 0.00  0.0    0  5.4 16  30   M    M   4        19  40
15  39  28  34   5  31   0 0.00  0.0    0  7.2 12  50   M    M   7        16  30
16  44  29  37   8  28   0    T    T    0  6.1 15 160   M    M   6        20 170
17  44  21  33   4  32   0 0.00  0.0    0  3.7 15 290   M    M   7        19 290
18  46  24  35   6  30   0 0.00  0.0    0  5.2 15 170   M    M   8        18 170
19  42  33  38   9  27   0 0.22  0.0    0  9.0 17 160   M    M   7 1      21 170
20  44  36  40  11  25   0 0.66    M    0 11.5 21 170   M    M  10 1      26 170
================================================================================
SM  971  578       520   0  1.00    T    127.9          M      102
================================================================================
AV 48.5 28.9                               6.4 FASTST   M    M   5    MAX(MPH)
                                 MISC ---->  # 28 160               # 38  150
================================================================================
NOTES:
# LAST OF SEVERAL OCCURRENCES

COLUMN 17 PEAK WIND IN M.P.H.

PRELIMINARY LOCAL CLIMATOLOGICAL DATA (WS FORM: F-6) , PAGE 2

                                          STATION:  WINNEMUCCA AIRPORT NV
                                          MONTH:    DECEMBER
                                          YEAR:     2014
                                          LATITUDE:   40 54 N
                                          LONGITUDE: 117 48 W

[TEMPERATURE DATA]      [PRECIPITATION DATA]       SYMBOLS USED IN COLUMN 16

AVERAGE MONTHLY: 38.7   TOTAL FOR MONTH:   1.00    1 = FOG OR MIST
DPTR FM NORMAL:   8.9   DPTR FM NORMAL:    0.42    2 = FOG REDUCING VISIBILITY
HIGHEST:    64 ON 11    GRTST 24HR  0.70 ON 19-20      TO 1/4 MILE OR LESS
LOWEST:     19 ON 14                               3 = THUNDER
                        SNOW, ICE PELLETS, HAIL    4 = ICE PELLETS
                        TOTAL MONTH:    T          5 = HAIL
                        GRTST 24HR    T  ON 16-16  6 = FREEZING RAIN OR DRIZZLE
                        GRTST DEPTH:   2 ON  1     7 = DUSTSTORM OR SANDSTORM:
                                                       VSBY 1/2 MILE OR LESS
                                                   8 = SMOKE OR HAZE
[NO. OF DAYS WITH]      [WEATHER - DAYS WITH]      9 = BLOWING SNOW
                                                   X = TORNADO
MAX 32 OR BELOW:   0    0.01 INCH OR MORE:   7
MAX 90 OR ABOVE:   0    0.10 INCH OR MORE:   2
MIN 32 OR BELOW:  17    0.50 INCH OR MORE:   1
MIN  0 OR BELOW:   0    1.00 INCH OR MORE:   0

[HDD (BASE 65) ]
TOTAL THIS MO.   520    CLEAR  (SCALE 0-3)   5
DPTR FM NORMAL  -183    PTCLDY (SCALE 4-7)  14
TOTAL FM JUL 1  1814    CLOUDY (SCALE 8-10)  1
DPTR FM NORMAL  -457

[CDD (BASE 65) ]
TOTAL THIS MO.     0
DPTR FM NORMAL     0    [PRESSURE DATA]
TOTAL FM JAN 1   674    HIGHEST SLP M ON M
DPTR FM NORMAL   133    LOWEST  SLP 29.61 ON 11

[REMARKS]
