000
CXUS56 KMTR 201000
CF6WVI
PRELIMINARY LOCAL CLIMATOLOGICAL DATA (WS FORM: F-6)

                                          STATION:   WATSONVILLE AIRPORT
                                          MONTH:     NOVEMBER
                                          YEAR:      2014
                                          LATITUDE:   36 55 N
                                          LONGITUDE: 121 47 W

  TEMPERATURE IN F:       :PCPN:    SNOW:  WIND      :SUNSHINE: SKY     :PK WND
================================================================================
1   2   3   4   5  6A  6B    7    8   9   10  11  12  13   14  15   16   17  18
                                     12Z  AVG MX 2MIN
DY MAX MIN AVG DEP HDD CDD  WTR  SNW DPTH SPD SPD DIR MIN PSBL S-S WX    SPD DR
================================================================================

 1  63  49  56  -2   9   0 0.47  0.0    0  3.3 12 220   M    M   6 1      18 240
 2  67  47  57  -1   8   0 0.00  0.0    0  4.3 15 240   M    M   0 1      18 210
 3  69  44  57  -1   8   0 0.00  0.0    0  3.4 13 240   M    M   0        16 240
 4  76  46  61   4   4   0 0.00  0.0    0  3.6  8  90   M    M   0        14 290
 5  84  49  67  10   0   2 0.00  0.0    0  3.8 12  50   M    M   0        17  70
 6  75  51  63   6   2   0 0.00  0.0    0  2.9  9 300   M    M   0        13  70
 7  75  49  62   5   3   0 0.00  0.0    0  3.0  8 150   M    M   3 12     10 160
 8  81  52  67  11   0   2 0.00  0.0    0  2.8  8 260   M    M   0 1      10 230
 9  75  50  63   7   2   0 0.00  0.0    0  2.9 10 230   M    M   3 1      18 150
10  62  53  58   2   7   0 0.00  0.0    0  2.6 10 230   M    M  10 12     14 240
11  65  56  61   5   4   0 0.00  0.0    0  3.4  9 240   M    M  10 1      13 200
12  66  56  61   5   4   0    T  0.0    0  2.4 12 230   M    M   8        16 180
13  63  56  60   5   5   0 0.33  0.0    0  1.8  8 120   M    M  10 18     25  90
14  67  53  60   5   5   0 0.00  0.0    0  2.8  9 200   M    M   7 12     13 240
15  66  49  58   3   7   0 0.00  0.0    0  3.5  9 170   M    M   2 18     24  90
16  68  46  57   3   8   0 0.00  0.0    0  3.2 13  50   M    M   0        17  50
17  73  45  59   5   6   0 0.00  0.0    0  3.5  9 110   M    M   0        11 110
18  76  48  62   8   3   0 0.00  0.0    0  2.8  9 270   M    M   0        12 270
19  65  52  59   5   6   0 0.11  0.0    0  2.9  9 190   M    M   7 18     14 180
================================================================================
SM 1336  951        91   4  0.91     0.0  58.9          M       66
================================================================================
AV 70.3 50.1                               3.1 FASTST   M    M   3    MAX(MPH)
                                 MISC ---->  # 15 240               # 25   90
================================================================================
NOTES:
# LAST OF SEVERAL OCCURRENCES

COLUMN 17 PEAK WIND IN M.P.H.

PRELIMINARY LOCAL CLIMATOLOGICAL DATA (WS FORM: F-6) , PAGE 2

                                          STATION:  WATSONVILLE AIRPORT
                                          MONTH:    NOVEMBER
                                          YEAR:     2014
                                          LATITUDE:   36 55 N
                                          LONGITUDE: 121 47 W

[TEMPERATURE DATA]      [PRECIPITATION DATA]       SYMBOLS USED IN COLUMN 16

AVERAGE MONTHLY: 60.2   TOTAL FOR MONTH:   0.91    1 = FOG OR MIST
DPTR FM NORMAL:   4.2   DPTR FM NORMAL:   -0.19    2 = FOG REDUCING VISIBILITY
HIGHEST:    84 ON  5    GRTST 24HR  1.09 ON 31- 1      TO 1/4 MILE OR LESS
LOWEST:     44 ON  3                               3 = THUNDER
                        SNOW, ICE PELLETS, HAIL    4 = ICE PELLETS
                        TOTAL MONTH:   0.0 INCH    5 = HAIL
                        GRTST 24HR     0.0         6 = FREEZING RAIN OR DRIZZLE
                        GRTST DEPTH:   0           7 = DUSTSTORM OR SANDSTORM:
                                                       VSBY 1/2 MILE OR LESS
                                                   8 = SMOKE OR HAZE
[NO. OF DAYS WITH]      [WEATHER - DAYS WITH]      9 = BLOWING SNOW
                                                   X = TORNADO
MAX 32 OR BELOW:   0    0.01 INCH OR MORE:   3
MAX 90 OR ABOVE:   0    0.10 INCH OR MORE:   3
MIN 32 OR BELOW:   0    0.50 INCH OR MORE:   0
MIN  0 OR BELOW:   0    1.00 INCH OR MORE:   0

[HDD (BASE 65) ]
TOTAL THIS MO.    91    CLEAR  (SCALE 0-3)  12
DPTR FM NORMAL   -83    PTCLDY (SCALE 4-7)   4
TOTAL FM JUL 1   146    CLOUDY (SCALE 8-10)  3
DPTR FM NORMAL  -403

[CDD (BASE 65) ]
TOTAL THIS MO.     4
DPTR FM NORMAL     4    [PRESSURE DATA]
TOTAL FM JAN 1   351    HIGHEST SLP M ON M
DPTR FM NORMAL   235    LOWEST  SLP 29.75 ON  1

[REMARKS]
