693
CXAK56 PAYA 220903
CF6YAK

PRELIMINARY LOCAL CLIMATOLOGICAL DATA (WS FORM: F-6)

                                          STATION:   YAKUTAT
                                          MONTH:     05
                                          YEAR:      2015
                                          LATITUDE:   59 31 N
                                          LONGITUDE: 139 40 W

  TEMPERATURE IN F:       :PCPN:    SNOW:  WIND      :SUNSHINE: SKY     :PK WND
================================================================================
1   2   3   4   5  6A  6B    7     8   9   10  11  12  13   14  15   16  17  18
                                      12Z  AVG MX 2MIN
DY MAX MIN AVG DEP HDD CDD  WTR   SNW DPTH SPD SPD DIR MIN PSBL S-S WX   SPD DR
================================================================================

 1  51  29  40  -1  25   0  0.02  0.0   0  3.9 15  260   M    M   M 1     20 250
 2  50  31  41  -1  24   0  0.07  0.0   0  2.6 12  240   M    M   M       14 240
 3  57  28  43   1  22   0  0.00  0.0   0  4.7 13  350   M    M   M 1     17 350
 4  60  29  45   3  20   0  0.00  0.0   0  3.3 12  230   M    M   M 1     16 240
 5  54  30  42   0  23   0  0.00  0.0   0  5.3 17  260   M    M   M 1     23 240
 6  53  37  45   2  20   0  0.00  0.0   0  3.5 13  260   M    M   M 1     16 240
 7  46  43  45   2  20   0  0.34  0.0   0  7.3 14  100   M    M   M 1     18  90
 8  52  45  49   6  16   0  0.62  0.0   0  6.8 12   90   M    M   M 1     19  90
 9  51  44  48   5  17   0  0.40  0.0   0  7.3 17  130   M    M   M 1     28 130
10  53  42  48   5  17   0     T  0.0   0  3.4 12  190   M    M   M       13 190
11  51  41  46   2  19   0  0.06  0.0   0  5.8 16  150   M    M   M 1     22 140
12  61  42  52   8  13   0     T  0.0   0  3.5 12  330   M    M   M       17 320
13  67  33  50   6  15   0  0.00  0.0   0  3.4 14  230   M    M   M       17 230
14  54  37  46   2  19   0  0.00  0.0   0  4.2 10  210   M    M   M 2     13 210
15  50  47  49   4  16   0  0.00  0.0   0  2.9 10  270   M    M   M 1     13 270
16  55  46  51   6  14   0  0.00  0.0   0  4.3 14  260   M    M   M       17 260
17  56  35  46   1  19   0  0.00  0.0   0  4.3 13  270   M    M   M 2     17 240
18  56  41  49   4  16   0  0.00  0.0   0  5.1 15  260   M    M   M       19 270
19  55  39  47   2  18   0  0.00  0.0   0  5.5 14  260   M    M   M       18 230
20  56  39  48   2  17   0  0.00  0.0   0  5.4 16  240   M    M   M       21 250
21  56  45  51   5  14   0  0.00  0.0   0  6.8 14  250   M    M   M       18 250
================================================================================
SM 1144  803       384   0  1.51 0.0     99.3           M        M
================================================================================
AV 54.5 38.2                              4.7 FASTST  PSBL  %   M    MAX(MPH)
                                 MISC ---->  #  17  130                 28 130
================================================================================
NOTES:
# LAST OF SEVERAL OCCURRENCES

COLUMN 17 PEAK WIND IN M.P.H.

PRELIMINARY LOCAL CLIMATOLOGICAL DATA (WS FORM: F-6) , PAGE 2

                                          STATION:   YAKUTAT
                                          MONTH:     05
                                          YEAR:      2015
                                          LATITUDE:  59 31 N
                                          LONGITUDE: 139 40 W

[TEMPERATURE DATA]      [PRECIPITATION DATA]       SYMBOLS USED IN COLUMN 16

AVERAGE MONTHLY:46.4   TOTAL FOR MONTH: 1.51       1 = FOG
DPTR FM NORMAL:  2.7   DPTR FM NORMAL: -4.12       2 = FOG REDUCING VISIBILITY
HIGHEST:    67 ON 13    GRTST 24HR   0.62 ON  8        TO 1/4 MILE OR LESS
LOWEST:     28 ON  3                               3 = THUNDER
                        SNOW, ICE PELLETS, HAIL    4 = ICE PELLETS
                        TOTAL MONTH: 0.0         5 = HAIL
                        GRTST 24HR   0.0           6 = GLAZE OR RIME
                        GRTST DEPTH:    0          7 = BLOWING DUST OR SAND:
                                                       VSBY 1/2 MILE OR LESS
                                                   8 = SMOKE OR HAZE
[NO. OF DAYS WITH]      [WEATHER - DAYS WITH]      9 = BLOWING SNOW
                                                   X = TORNADO
MAX 32 OR BELOW:   0    0.01 INCH OR MORE:   6
MAX 70 OR ABOVE:   0    0.10 INCH OR MORE:   3
MIN 32 OR BELOW:   5    0.50 INCH OR MORE:   1
MIN  0 OR BELOW:   0    1.00 INCH OR MORE:   0

[HDD (BASE 65) ]
TOTAL THIS MO.   384    CLEAR  (SCALE 0-3)   M
DPTR FM NORMAL   -65    PTCLDY (SCALE 4-7)   M
SEASONAL TOTAL  7512    CLOUDY (SCALE 8-10)  M
DPTR FM NORMAL  -904

[CDD (BASE 65) ]
TOTAL THIS MO.     0
DPTR FM NORMAL     0    [PRESSURE DATA]
SEASONAL TOTAL     0    HIGHEST SLP     M
DPTR FM NORMAL     0    LOWEST  SLP     M

[REMARKS]
