000
CXUS56 KPDT 020532
CF6YKM
PRELIMINARY LOCAL CLIMATOLOGICAL DATA (WS FORM: F-6)

                                          STATION:   YAKIMA WA
                                          MONTH:     APRIL
                                          YEAR:      2016
                                          LATITUDE:   46 34 N
                                          LONGITUDE: 120 32 W

  TEMPERATURE IN F:       :PCPN:    SNOW:  WIND      :SUNSHINE: SKY     :PK WND
================================================================================
1   2   3   4   5  6A  6B    7    8   9   10  11  12  13   14  15   16   17  18
                                     12Z  AVG MX 2MIN
DY MAX MIN AVG DEP HDD CDD  WTR  SNW DPTH SPD SPD DIR MIN PSBL S-S WX    SPD DR
================================================================================

 1  77  41  59  13   6   0 0.00  0.0    0  5.5 13 270   M    M   0        14 150
 2  79  42  61  14   4   0 0.00  0.0    0  7.1 17 290   M    M   0        21 290
 3  75  38  57  10   8   0 0.00  0.0    0  5.2 20 190   M    M   0        24 190
 4  62  42  52   5  13   0    T  0.0    0 13.7 31 280   M    M   5        40 270
 5  62  39  51   4  14   0 0.00  0.0    0  4.2 13 340   M    M   1        17 340
 6  75  33  54   7  11   0 0.00  0.0    0  4.3  9 290   M    M   0        13 120
 7  82  40  61  14   4   0 0.00  0.0    0  5.9 14 250   M    M   0        17 240
 8  86  44  65  17   0   0 0.00  0.0    0  4.8 13 280   M    M   0        14 320
 9  85  46  66  18   0   1 0.00  0.0    0  4.9 14  30   M    M   0        18  40
10  79  44  62  14   3   0 0.00  0.0    0  5.8 14 330   M    M   1        18 320
11  77  47  62  14   3   0 0.00  0.0    0  5.2 13 350   M    M   0        21 190
12  69  49  59  11   6   0    T  0.0    0  5.8 21 190   M    M   4        28 200
13  62  37  50   2  15   0 0.00  0.0    0  4.9 17 190   M    M   4        23 210
14  61  38  50   1  15   0 0.26  0.0    0  7.3 18 310   M    M   5        25 260
15  68  34  51   2  14   0 0.00  0.0    0  3.5 13 360   M    M   2        17 350
16  70  37  54   5  11   0 0.00  0.0    0  5.4 10  70   M    M   0         M  M
17  78  37  58   9   7   0 0.00  0.0    M  5.3 13 250   M    M   0        15 240
18  84  41  63  14   2   0 0.00  0.0    M  5.4 10 270   M    M   0        13 180
19  87  45  66  16   0   1 0.00  0.0    0  6.0  9 280   M    M   0         M  M
20  88  45  67  17   0   2 0.00  0.0    M  5.5 12  30   M    M   0        17 260
21  80  53  67  17   0   2 0.00  0.0    0  5.2 13 140   M    M   0        17 130
22  76  52  64  14   1   0 0.00  0.0    0  8.9 20 230   M    M   3        24 210
23  74  52  63  13   2   0 0.00  0.0    0 10.6 25 280   M    M   2        32 280
24  67  46  57   6   8   0 0.01  0.0    0  8.1 21  20   M    M   5        31  10
25  67  41  54   3  11   0 0.00  0.0    0 13.0 28 320   M    M   0        35 330
26  70  32  51   0  14   0 0.00  0.0    0  5.0 13 340   M    M   1        16 140
27  68  48  58   6   7   0 0.00  0.0    0  5.1 21 320   M    M   3        25 320
28  75  38  57   5   8   0 0.00  0.0    0  6.4 21 320   M    M   3        27 320
29  69  44  57   5   8   0    T  0.0    0 12.9 28 320   M    M   4        35 320
30  77  50  64  12   1   0 0.00  0.0    0  6.9 15  40   M    M   5        19  20
================================================================================
SM 2229 1275       196   6  0.27     0.0 197.8          M       48
================================================================================
AV 74.3 42.5                               6.6 FASTST   M    M   2    MAX(MPH)
                                 MISC ---->  # 31 280               # 40  270
================================================================================
NOTES:
# LAST OF SEVERAL OCCURRENCES

COLUMN 17 PEAK WIND IN M.P.H.

PRELIMINARY LOCAL CLIMATOLOGICAL DATA (WS FORM: F-6) , PAGE 2

                                          STATION:  YAKIMA WA
                                          MONTH:    APRIL
                                          YEAR:     2016
                                          LATITUDE:   46 34 N
                                          LONGITUDE: 120 32 W

[TEMPERATURE DATA]      [PRECIPITATION DATA]       SYMBOLS USED IN COLUMN 16

AVERAGE MONTHLY: 58.4   TOTAL FOR MONTH:   0.27    1 = FOG OR MIST
DPTR FM NORMAL:   9.3   DPTR FM NORMAL:   -0.28    2 = FOG REDUCING VISIBILITY
HIGHEST:    88 ON 20    GRTST 24HR  0.26 ON 14-14      TO 1/4 MILE OR LESS
LOWEST:     32 ON 26                               3 = THUNDER
                        SNOW, ICE PELLETS, HAIL    4 = ICE PELLETS
                        TOTAL MONTH:   0.0 INCH    5 = HAIL
                        GRTST 24HR     0.0         6 = FREEZING RAIN OR DRIZZLE
                        GRTST DEPTH:   0           7 = DUSTSTORM OR SANDSTORM:
                                                       VSBY 1/2 MILE OR LESS
                                                   8 = SMOKE OR HAZE
[NO. OF DAYS WITH]      [WEATHER - DAYS WITH]      9 = BLOWING SNOW
                                                   X = TORNADO
MAX 32 OR BELOW:   0    0.01 INCH OR MORE:   2
MAX 90 OR ABOVE:   0    0.10 INCH OR MORE:   1
MIN 32 OR BELOW:   1    0.50 INCH OR MORE:   0
MIN  0 OR BELOW:   0    1.00 INCH OR MORE:   0

[HDD (BASE 65) ]
TOTAL THIS MO.   196    CLEAR  (SCALE 0-3)  22
DPTR FM NORMAL  -282    PTCLDY (SCALE 4-7)   8
TOTAL FM JUL 1  4505    CLOUDY (SCALE 8-10)  0
DPTR FM NORMAL -1177

[CDD (BASE 65) ]
TOTAL THIS MO.     6
DPTR FM NORMAL     5    [PRESSURE DATA]
TOTAL FM JAN 1     6    HIGHEST SLP 30.51 ON  5
DPTR FM NORMAL     5    LOWEST  SLP 29.54 ON 22

[REMARKS]
#FINAL-04-16#
