000
CXUS51 KPBZ 280804
CF6ZZV
PRELIMINARY LOCAL CLIMATOLOGICAL DATA (WS FORM: F-6)

                                          STATION:   ZANESVILLE OH
                                          MONTH:     MAY
                                          YEAR:      2017
                                          LATITUDE:   39 56 N
                                          LONGITUDE:  81 54 W

  TEMPERATURE IN F:       :PCPN:    SNOW:  WIND      :SUNSHINE: SKY     :PK WND
================================================================================
1   2   3   4   5  6A  6B    7    8   9   10  11  12  13   14  15   16   17  18
                                     12Z  AVG MX 2MIN
DY MAX MIN AVG DEP HDD CDD  WTR  SNW DPTH SPD SPD DIR MIN PSBL S-S WX    SPD DR
================================================================================

 1  77  54  66  10   0   1 0.56  0.0    0 12.1 28 260   M    M   6 13     37 270
 2  64  47  56  -1   9   0 0.03    M    0 14.5 31 250   M    M   9        44 240
 3  60  45  53  -4  12   0    T    M    0  5.5 14 340   M    M   9        18 330
 4  63  49  56  -1   9   0 0.47    M    0  7.6 22 160   M    M   9 1      28 150
 5  65  45  55  -3  10   0 0.45    M    M  9.0 17 330   M    M  10 1      24 330
 6  58  44  51  -7  14   0 0.22    M    0  9.7 21 320   M    M   9 38     27 330
 7  59  40  50  -8  15   0 0.03    M    0  9.1 20 310   M    M   5 1      28 320
 8  59  32  46 -12  19   0 0.00  0.0    0  6.5 18 280   M    M   0        24 290
 9  66  33  50  -9  15   0 0.00    M    M  3.8 16 240   M    M   3        21 220
10  75  47  61   2   4   0    T    M    M  2.1  9 240   M    M   5 8      14 240
11  66  55  61   2   4   0 0.11  0.0    0  6.6 17 320   M    M   9 18     26 230
12  61  51  56  -4   9   0 0.00  0.0    0  5.7 10  20   M    M  10 1      14  30
13  72  46  59  -1   6   0 0.00    M    M  3.6 14 270   M    M   5 128    18 320
14  79  51  65   5   0   0 0.00  0.0    0  8.2 21 320   M    M   4        27 320
15  74  46  60   0   5   0 0.00    M    M  2.1  9 320   M    M   1        13 350
16  85  47  66   5   0   1 0.00  0.0    0  5.0 16 200   M    M   0        20 190
17  87  61  74  13   0   9    T    M    0  7.1 20 220   M    M   1        29 210
18  83  67  75  14   0  10 0.20    M    0  8.0 18 220   M    M   1 13     29 230
19  83  59  71  10   0   6 0.72  0.0    0  4.2 26 320   M    M   3 13     32 320
20  76  55  66   4   0   1    T  0.0    0  6.1 12 100   M    M   8 1      15  50
21  72  65  69   7   0   4 0.23  0.0    0  8.1 15 190   M    M   6 1      21 160
22  68  51  60  -2   5   0 0.00    M    M  6.8 16 290   M    M   3        21 260
23  75  49  62   0   3   0 0.00    M    M  5.8 15 120   M    M   1        20  60
24  70  60  65   2   0   0 0.12  0.0    0  8.0 17 100   M    M   9 1      25 130
25  64  59  62  -1   3   0 0.64  0.0    0  7.7 16 320   M    M   9 138    20 320
26  75  59  67   4   0   2    T  0.0    0  7.9 17 290   M    M   7 13     23 300
27  78  60  69   5   0   4 0.31    M    M  4.3 17 330   M    M   7 13     24 320
================================================================================
SM 1914 1377       142  38  4.09     0.0 185.1          M      149
================================================================================
AV 70.9 51.0                               6.9 FASTST   M    M   6    MAX(MPH)
                                 MISC ---->  # 31 250               # 44  240
================================================================================
NOTES:
# LAST OF SEVERAL OCCURRENCES

COLUMN 17 PEAK WIND IN M.P.H.

PRELIMINARY LOCAL CLIMATOLOGICAL DATA (WS FORM: F-6) , PAGE 2

                                          STATION:  ZANESVILLE OH
                                          MONTH:    MAY
                                          YEAR:     2017
                                          LATITUDE:   39 56 N
                                          LONGITUDE:  81 54 W

[TEMPERATURE DATA]      [PRECIPITATION DATA]       SYMBOLS USED IN COLUMN 16

AVERAGE MONTHLY: 60.9   TOTAL FOR MONTH:   4.09    1 = FOG OR MIST
DPTR FM NORMAL:   0.9   DPTR FM NORMAL:    0.48    2 = FOG REDUCING VISIBILITY
HIGHEST:    87 ON 17    GRTST 24HR  0.72 ON 19-19      TO 1/4 MILE OR LESS
LOWEST:     32 ON  8                               3 = THUNDER
                        SNOW, ICE PELLETS, HAIL    4 = ICE PELLETS
                        TOTAL MONTH:   0.0 INCH    5 = HAIL
                        GRTST 24HR     0.0         6 = FREEZING RAIN OR DRIZZLE
                        GRTST DEPTH:   0           7 = DUSTSTORM OR SANDSTORM:
                                                       VSBY 1/2 MILE OR LESS
                                                   8 = SMOKE OR HAZE
[NO. OF DAYS WITH]      [WEATHER - DAYS WITH]      9 = BLOWING SNOW
                                                   X = TORNADO
MAX 32 OR BELOW:   0    0.01 INCH OR MORE:  13
MAX 90 OR ABOVE:   0    0.10 INCH OR MORE:  11
MIN 32 OR BELOW:   1    0.50 INCH OR MORE:   3
MIN  0 OR BELOW:   0    1.00 INCH OR MORE:   0

[HDD (BASE 65) ]
TOTAL THIS MO.   142    CLEAR  (SCALE 0-3)   7
DPTR FM NORMAL   -27    PTCLDY (SCALE 4-7)  10
TOTAL FM JUL 1  4427    CLOUDY (SCALE 8-10) 10
DPTR FM NORMAL -1099

[CDD (BASE 65) ]
TOTAL THIS MO.    38
DPTR FM NORMAL     4    [PRESSURE DATA]
TOTAL FM JAN 1    70    HIGHEST SLP M ON M
DPTR FM NORMAL    27    LOWEST  SLP 29.34 ON  5

[REMARKS]
