000
CXUS51 KOKX 061457
CLABDR

CLIMATE REPORT
NATIONAL WEATHER SERVICE NEW YORK NY
956 AM EST MON JAN 6 2014


...THE BRIDGEPORT CT CLIMATE SUMMARY FOR THE YEAR OF 2013...

CLIMATE NORMAL PERIOD 1981 TO 2010
CLIMATE RECORD PERIOD 1948 TO 2014

WEATHER         OBSERVED          NORMAL  DEPART  LAST YEAR`S
                 VALUE   DATE(S)  VALUE   FROM    VALUE  DATE(S)
                                          NORMAL
................................................................
TEMPERATURE (F)
RECORD
 HIGH             103   07/22/2011
                        07/22/1957
 LOW               -7   01/22/1984
HIGHEST            95   07/16        MM      MM       96  06/21
LOWEST              7   02/10        MM      MM       12  01/16
                                                          01/04
AVG. MAXIMUM     60.5              60.3     0.2     63.2
AVG. MINIMUM     45.4              44.7     0.7     48.1
MEAN             52.9              52.5     0.4     55.6
DAYS MAX >= 90     14               6.3     7.7       13
DAYS MAX <= 32     21              18.2     2.8        3
DAYS MIN <= 32    104              92.1    11.9       67
DAYS MIN <= 0       0               0.3    -0.3        0

PRECIPITATION (INCHES)
RECORD
 MAXIMUM        58.90   2006
 MINIMUM        40.27   2009
TOTALS          36.66R            42.74   -6.08    40.99
DAILY AVG.       0.10              0.12   -0.02     0.11
DAYS >= .01       120             121.7    -1.7      131
DAYS >= .10        72              76.1    -4.1       80
DAYS >= .50        23              28.1    -5.1       21
DAYS >= 1.00        8               9.8    -1.8        7
GREATEST
 24 HR. TOTAL    6.19   MM                       12/31 TO 12/31
                                                          12/31 TO 12/31
                                                          12/31 TO 12/31
 STORM TOTAL       MM                                 MM
 (MM/DD(HH))            MM                    12/31(00) TO 12/31(00)
                                                 12/31(00) TO 12/31(00)1
                                                 12/31(00) TO 12/31(00)1

SNOWFALL (INCHES)
RECORDS
 TOTAL           53.9   2011
 24 HR TOTAL     15.0   MM
 SNOW DEPTH        26   01/27/2011
TOTALS           59.0R             27.6    31.4     25.8
 LIQUID EQUIV    5.90              2.80    3.10     2.58
SINCE 7/1        10.9               5.8     5.1     16.2
 LIQUID 7/1      1.09              0.60    0.49     1.62
SNOWDEPTH AVG.      1                MM      MM        0
DAYS >= TRACE      41              14.6    26.4       28
DAYS >= 1.0         9               8.0     1.0        7
GREATEST
 SNOW DEPTH        30R  02/09                          7  11/08
 24 HR TOTAL     18.5R  MM                       12/31 TO 12/31
                                                          12/31 TO 12/31
                                                          12/31 TO 12/31
 STORM TOTAL       MM                                  T
 (MM/DD(HH))            MM                    12/31(00) TO 12/31(00)
                                                 12/31(00) TO 12/31(00)1
                                                 12/31(00) TO 12/31(00)1

DEGREE_DAYS
HEATING TOTAL    5272              5392    -120     4389
 SINCE 7/1         MM              1893      MM       MM
COOLING TOTAL    1003               825     178     1075
 SINCE 1/1       1003               825     178     1075
..................................................

WIND (MPH)
AVERAGE WIND SPEED              8.4
RESULTANT WIND SPEED/DIRECTION   2/284
HIGHEST WIND SPEED/DIRECTION    49/190    DATE  01/31
HIGHEST GUST SPEED/DIRECTION    61/180    DATE  01/31

SKY COVER
POSSIBLE SUNSHINE (PERCENT)   MM
AVERAGE SKY COVER           0.40
NUMBER OF DAYS FAIR          198
NUMBER OF DAYS PC             97
NUMBER OF DAYS CLOUDY         70

AVERAGE RH (PERCENT)     68

WEATHER CONDITIONS. NUMBER OF DAYS WITH
THUNDERSTORM              0     MIXED PRECIP               0
HEAVY RAIN               29     RAIN                      51
LIGHT RAIN              126     FREEZING RAIN              4
LT FREEZING RAIN          8     HAIL                       0
HEAVY SNOW                1     SNOW                       4
LIGHT SNOW               32     SLEET                      1
FOG                     152     FOG W/VIS <= 1/4 MILE     23
HAZE                     61

-  INDICATES NEGATIVE NUMBERS.
R  INDICATES RECORD WAS SET OR TIED.
MM INDICATES DATA IS MISSING.
T  INDICATES TRACE AMOUNT.

$$
