000
CXUS53 KILX 030228
CLAPIA

CLIMATE REPORT
NATIONAL WEATHER SERVICE LINCOLN IL
825 PM CST FRI JAN 2 2015

...................................

...THE PEORIA IL CLIMATE SUMMARY FOR THE YEAR OF 2014...

CLIMATE NORMAL PERIOD 1981 TO 2010
CLIMATE RECORD PERIOD 1883 TO 2015

WEATHER         OBSERVED          NORMAL  DEPART  LAST YEAR`S
                 VALUE   DATE(S)  VALUE   FROM    VALUE  DATE(S)
                                          NORMAL
................................................................
TEMPERATURE (F)
RECORD
 HIGH             113   07/15/1936
 LOW              -27   01/05/1884
HIGHEST            96   08/25        MM      MM       99  08/30
LOWEST            -14   01/06        MM      MM       -2  12/24
AVG. MAXIMUM     59.6              61.5    -1.9     60.6
AVG. MINIMUM     41.0              42.2    -1.2     41.6
MEAN             50.3              51.9    -1.6     51.1
DAYS MAX >= 90     13              18.7    -5.7       23
DAYS MAX <= 32     57              37.0    20.0       44
DAYS MIN <= 32    129             115.9    13.1      137
DAYS MIN <= 0      19               7.2    11.8        2

PRECIPITATION (INCHES)
RECORD
 MAXIMUM        55.35   1990
 MINIMUM        22.16   1988
TOTALS          39.77             36.49    3.28    43.56
DAILY AVG.       0.11              0.10    0.01     0.12
DAYS >= .01       133             116.5    16.5      119
DAYS >= .10        74              69.6     4.4       76
DAYS >= .50        23              24.1    -1.1       30
DAYS >= 1.00        7               8.5    -1.5       14
GREATEST
 24 HR. TOTAL    3.37   09/09 TO 09/10              3.79

SNOWFALL (INCHES)
RECORDS
 TOTAL           52.3   1977
 24 HR TOTAL     18.0   02/27/1900 TO 02/28/1900
TOTALS           49.8              24.6    25.2     28.6
DAYS >= TRACE      61              19.9    41.1       58
DAYS >= 1.0        18               7.6    10.4        8
GREATEST
 SNOW DEPTH        12   02/18                          7
 24 HR TOTAL      5.5   02/20                        7.0

DEGREE_DAYS
HEATING TOTAL    6369              5831     538     6111
COOLING TOTAL    1156              1040     116     1174

FREEZE DATES
RECORD
 EARLIEST     09/20/1991
 LATEST       05/25/1925
EARLIEST                        10/14
LATEST                          04/19
.................................................................

WIND (MPH)
AVERAGE WIND SPEED              8.0
HIGHEST WIND SPEED/DIRECTION    41/240    DATE  02/20
HIGHEST GUST SPEED/DIRECTION    54/270    DATE  01/26

SKY COVER
POSSIBLE SUNSHINE (PERCENT)   MM
AVERAGE SKY COVER           0.40
NUMBER OF DAYS FAIR          194
NUMBER OF DAYS PC             94
NUMBER OF DAYS CLOUDY         77

AVERAGE RH (PERCENT)     67

WEATHER CONDITIONS. NUMBER OF DAYS WITH
THUNDERSTORM             48     MIXED PRECIP               0
HEAVY RAIN               35     RAIN                      55
LIGHT RAIN              135     FREEZING RAIN              2
LT FREEZING RAIN          5     HAIL                       0
HEAVY SNOW                6     SNOW                      17
LIGHT SNOW               61     SLEET                      0
FOG                     165     FOG W/VIS <= 1/4 MILE     26
HAZE                    151

-  INDICATES NEGATIVE NUMBERS.
R  INDICATES RECORD WAS SET OR TIED.
MM INDICATES DATA IS MISSING.
T  INDICATES TRACE AMOUNT.

&&

RECORDS ESTABLISHED DURING 2014:

ANNUAL RECORDS:
* 2ND SNOWIEST CALENDAR YEAR ON RECORD AT 49.8 INCHES

SEASONAL RECORDS:
* SNOWIEST CALENDAR WINTER ON RECORD AT 57.6 INCHES
* 8TH COLDEST WINTER ON RECORD AT 20.2 DEGREES
* 2ND SNOWIEST WINTER (DEC-FEB) ON RECORD AT 49.6 INCHES
* 8TH WETTEST SUMMER ON RECORD AT 18.10 INCHES

JANUARY:
* 2ND SNOWIEST JANUARY ON RECORD AT 18.2 INCHES
* RECORD COLD HIGH OF -5 DEGREES ON THE 6TH

FEBRUARY:
* 6TH COLDEST FEBRUARY ON RECORD AT 17.9 DEGREES
* 2ND SNOWIEST FEBRUARY ON RECORD AT 22.9 INCHES
* RECORD COLD HIGH OF 6 DEGREES ON THE 6TH
* RECORD LOW TEMPERATURE OF -13 DEGREES ON THE 11TH
* RECORD DAILY SNOWFALL OF 4.2 INCHES ON THE 14TH

MARCH:
* TIED RECORD COLD HIGH TEMPERATURE OF 13 DEGREES ON THE 2ND
* RECORD LOW TEMPERATURE OF -6 DEGREES ON THE 3RD

APRIL:
* RECORD RAINFALL OF 2.02 INCHES ON THE 3RD

MAY -- NO RECORDS ESTABLISHED

JUNE:
* 2ND WETTEST JUNE ON RECORD AT 9.67 INCHES
* RECORD WARM LOW OF 76 DEGREES ON THE 17TH

JULY:
* RECORD COOL HIGH TEMPERATURE OF 69 DEGREES ON THE 2ND
* RECORD COOL HIGH TEMPERATURE OF 70 DEGREES ON THE 15TH

AUGUST:
* 8TH WETTEST AUGUST ON RECORD AT 6.94 INCHES
* RECORD DAILY RAINFALL OF 1.54 INCHES ON THE 4TH

SEPTEMBER:
* RECORD  COOL HIGH TEMPERATURE OF 56 DEGREES ON THE 12TH

OCTOBER:
* RECORD DAILY SNOWFALL OF A TRACE ON THE 4TH
* 2ND EARLIEST SNOWFALL ON RECORD ON THE 4TH

NOVEMBER:
* TIED RECORD LOW TEMPERATURE OF 12 DEGREES ON THE 18TH
* RECORD COLD HIGH OF 22 DEGREES ON THE 18TH

DECEMBER:
* TIED LEAST SNOWIEST DECEMBER ON RECORD
* RECORD WARM LOW OF 47 DEGREES ON THE 15TH

$$
GEELHART
