314
CDUS41 KBTV 180546
CLI1V4


CLIMATE REPORT
NATIONAL WEATHER SERVICE BURLINGTON VT
1242 AM EST SAT NOV 18 2017


...................................

...THE ST. JOHNSBURY VT CLIMATE SUMMARY FOR NOVEMBER 17 2017...

CLIMATE NORMAL PERIOD 1981 TO 2010
CLIMATE RECORD PERIOD 1894 TO 2017


WEATHER ITEM   OBSERVED TIME   RECORD YEAR NORMAL DEPARTURE LAST
                VALUE   (LST)  VALUE       VALUE  FROM      YEAR
                                                  NORMAL
..................................................................
TEMPERATURE (F)
 YESTERDAY
  MAXIMUM         36        MM  69    2006  44     -8       47
  MINIMUM         20    900 PM   0    1916  28     -8       44
  AVERAGE         28                        36     -8       46

PRECIPITATION (IN)
  YESTERDAY        0.00          0.96 1965   0.11  -0.11     0.00
  MONTH TO DATE    1.40                      1.95  -0.55     1.54
  SINCE SEP 1      9.88                      9.21   0.67     6.38
  SINCE JAN 1     39.42                     34.97   4.45    34.32

DEGREE DAYS
 HEATING
  YESTERDAY       37                        29      8       19
  MONTH TO DATE  496                       447     49      408
  SINCE SEP 1    966                      1184   -218     1040
  SINCE JUL 1   1057                      1234   -177     1067

 COOLING
  YESTERDAY        0                         0      0        0
  MONTH TO DATE    0                         0      0        0
  SINCE SEP 1     69                        35     34       49
  SINCE JAN 1    331                       433   -102      457
..................................................................


WIND (MPH)
  HIGHEST WIND SPEED    MM   HIGHEST WIND DIRECTION    MM
  HIGHEST GUST SPEED    MM   HIGHEST GUST DIRECTION    MM
  AVERAGE WIND SPEED    MM


SKY COVER
  AVERAGE SKY COVER 0.0


WEATHER CONDITIONS
 THE FOLLOWING WEATHER WAS RECORDED YESTERDAY.
  NO SIGNIFICANT WEATHER WAS OBSERVED.


RELATIVE HUMIDITY (PERCENT)
 HIGHEST    91           900 PM
 LOWEST     68           400 PM
 AVERAGE    80

..........................................................


THE ST. JOHNSBURY VT CLIMATE NORMALS FOR TODAY
                         NORMAL    RECORD    YEAR
 MAXIMUM TEMPERATURE (F)   43        65      1927
 MINIMUM TEMPERATURE (F)   27        -2      1904


SUNRISE AND SUNSET
NOVEMBER 18 2017......SUNRISE   648 AM EST   SUNSET   418 PM EST
NOVEMBER 19 2017......SUNRISE   650 AM EST   SUNSET   417 PM EST


-  INDICATES NEGATIVE NUMBERS.
R  INDICATES RECORD WAS SET OR TIED.
MM INDICATES DATA IS MISSING.
T  INDICATES TRACE AMOUNT.




$$
