000
CDUS41 KBTV 260532
CLI1V4


CLIMATE REPORT
NATIONAL WEATHER SERVICE BURLINGTON VT
131 AM EDT TUE MAY 26 2015


...................................

...THE ST. JOHNSBURY VT CLIMATE SUMMARY FOR MAY 25 2015...

CLIMATE NORMAL PERIOD 1981 TO 2010
CLIMATE RECORD PERIOD 1894 TO 2015


WEATHER ITEM   OBSERVED TIME   RECORD YEAR NORMAL DEPARTURE LAST
                VALUE   (LST)  VALUE       VALUE  FROM      YEAR
                                                  NORMAL
..................................................................
TEMPERATURE (F)
 YESTERDAY
  MAXIMUM         74        MM  90    2010  71      3       77
                                      2007
  MINIMUM         49        MM  24    1956  47      2       48
  AVERAGE         62                        59      3       63

PRECIPITATION (IN)
  YESTERDAY        0.14          1.35 2013   0.12   0.02     0.01
  MONTH TO DATE    1.70                      2.67  -0.97     3.18
  SINCE MAR 1      5.49                      8.04  -2.55     9.13
  SINCE JAN 1     10.05                     12.72  -2.67    14.26

DEGREE DAYS
 HEATING
  YESTERDAY        3                         7     -4        2
  MONTH TO DATE  178                       251    -73      244
  SINCE MAR 1   2155                      1946    209     2341
  SINCE JUL 1   8220                      7670    550     8373

 COOLING
  YESTERDAY        0                         1     -1        0
  MONTH TO DATE   12                         8      4        4
  SINCE MAR 1     12                         9      3        4
  SINCE JAN 1     12                         9      3        4
..................................................................


WIND (MPH)
  HIGHEST WIND SPEED    MM   HIGHEST WIND DIRECTION    MM
  HIGHEST GUST SPEED    MM   HIGHEST GUST DIRECTION    MM
  AVERAGE WIND SPEED    MM


SKY COVER
  AVERAGE SKY COVER 0.0


WEATHER CONDITIONS
 THE FOLLOWING WEATHER WAS RECORDED YESTERDAY.
  NO SIGNIFICANT WEATHER WAS OBSERVED.


RELATIVE HUMIDITY (PERCENT)
 HIGHEST    97          1000 PM
 LOWEST     46          1200 PM
 AVERAGE    72

..........................................................


THE ST. JOHNSBURY VT CLIMATE NORMALS FOR TODAY
                         NORMAL    RECORD    YEAR
 MAXIMUM TEMPERATURE (F)   72        89      2010
 MINIMUM TEMPERATURE (F)   48        28      1956


SUNRISE AND SUNSET
MAY 26 2015...........SUNRISE   511 AM EDT   SUNSET   820 PM EDT
MAY 27 2015...........SUNRISE   510 AM EDT   SUNSET   821 PM EDT


-  INDICATES NEGATIVE NUMBERS.
R  INDICATES RECORD WAS SET OR TIED.
MM INDICATES DATA IS MISSING.
T  INDICATES TRACE AMOUNT.




$$
