000
CDUS41 KBTV 290523
CLI1V4


CLIMATE REPORT
NATIONAL WEATHER SERVICE BURLINGTON VT
121 AM EDT THU SEP 29 2016


...................................

...THE ST. JOHNSBURY VT CLIMATE SUMMARY FOR SEPTEMBER 28 2016...

CLIMATE NORMAL PERIOD 1981 TO 2010
CLIMATE RECORD PERIOD 1894 TO 2016


WEATHER ITEM   OBSERVED TIME   RECORD YEAR NORMAL DEPARTURE LAST
                VALUE   (LST)  VALUE       VALUE  FROM      YEAR
                                                  NORMAL
..................................................................
TEMPERATURE (F)
 YESTERDAY
  MAXIMUM         69        MM  83    1908  66      3       73
  MINIMUM         45        MM  22    1947  44      1       39
  AVERAGE         57                        55      2       56

PRECIPITATION (IN)
  YESTERDAY        0.00          1.75 1942   0.13  -0.13     0.07
  MONTH TO DATE    1.48                      3.14  -1.66     2.28
  SINCE SEP 1      1.48                      3.14  -1.66     2.28
  SINCE JAN 1     29.42                     28.90   0.52    30.77

DEGREE DAYS
 HEATING
  YESTERDAY        8                        11     -3        9
  MONTH TO DATE  123                       163    -40       94
  SINCE SEP 1    123                       163    -40       94
  SINCE JUL 1    150                       213    -63      130

 COOLING
  YESTERDAY        0                         0      0        0
  MONTH TO DATE   49                        33     16       79
  SINCE SEP 1     49                        33     16       79
  SINCE JAN 1    457                       431     26      437
..................................................................


WIND (MPH)
  HIGHEST WIND SPEED    MM   HIGHEST WIND DIRECTION    MM
  HIGHEST GUST SPEED    MM   HIGHEST GUST DIRECTION    MM
  AVERAGE WIND SPEED    MM


SKY COVER
  AVERAGE SKY COVER 0.0


WEATHER CONDITIONS
 THE FOLLOWING WEATHER WAS RECORDED YESTERDAY.
  NO SIGNIFICANT WEATHER WAS OBSERVED.


RELATIVE HUMIDITY (PERCENT)
 HIGHEST   100          1200 AM
 LOWEST     53           200 PM
 AVERAGE    77

..........................................................


THE ST. JOHNSBURY VT CLIMATE NORMALS FOR TODAY
                         NORMAL    RECORD    YEAR
 MAXIMUM TEMPERATURE (F)   65        82      1952
 MINIMUM TEMPERATURE (F)   43        24      1947


SUNRISE AND SUNSET
SEPTEMBER 29 2016.....SUNRISE   644 AM EDT   SUNSET   632 PM EDT
SEPTEMBER 30 2016.....SUNRISE   645 AM EDT   SUNSET   630 PM EDT


-  INDICATES NEGATIVE NUMBERS.
R  INDICATES RECORD WAS SET OR TIED.
MM INDICATES DATA IS MISSING.
T  INDICATES TRACE AMOUNT.




$$
