000
CDUS41 KBTV 100537
CLI1V4


CLIMATE REPORT
NATIONAL WEATHER SERVICE BURLINGTON VT
1233 AM EST WED FEB 10 2016


...................................

...THE ST. JOHNSBURY VT CLIMATE SUMMARY FOR FEBRUARY 9 2016...

CLIMATE NORMAL PERIOD 1981 TO 2010
CLIMATE RECORD PERIOD 1894 TO 2016


WEATHER ITEM   OBSERVED TIME   RECORD YEAR NORMAL DEPARTURE LAST
                VALUE   (LST)  VALUE       VALUE  FROM      YEAR
                                                  NORMAL
..................................................................
TEMPERATURE (F)
 YESTERDAY
  MAXIMUM         27        MM  48    1949  30     -3       18
  MINIMUM         17        MM -36    1934   6     11       12
  AVERAGE         22                        18      4       15

PRECIPITATION (IN)
  YESTERDAY        0.06          1.30 1906   0.08  -0.02     0.03
  MONTH TO DATE    0.45                      0.74  -0.29     1.14
  SINCE DEC 1      6.54                      6.33   0.21     7.86
  SINCE JAN 1      1.64                      3.25  -1.61     3.97

DEGREE DAYS
 HEATING
  YESTERDAY       43                        47     -4       50
  MONTH TO DATE  310                       429   -119      513
  SINCE DEC 1   2558                      3222   -664     3290
  SINCE JUL 1   4035                      4878   -843     4942

 COOLING
  YESTERDAY        0                         0      0        0
  MONTH TO DATE    0                         0      0        0
  SINCE DEC 1      0                         0      0        0
  SINCE JAN 1      0                         0      0        0
..................................................................


WIND (MPH)
  HIGHEST WIND SPEED    MM   HIGHEST WIND DIRECTION    MM
  HIGHEST GUST SPEED    MM   HIGHEST GUST DIRECTION    MM
  AVERAGE WIND SPEED    MM


SKY COVER
  AVERAGE SKY COVER 0.0


WEATHER CONDITIONS
 THE FOLLOWING WEATHER WAS RECORDED YESTERDAY.
  NO SIGNIFICANT WEATHER WAS OBSERVED.


RELATIVE HUMIDITY (PERCENT)
 HIGHEST    84          1200 AM
 LOWEST     55           400 PM
 AVERAGE    70

..........................................................


THE ST. JOHNSBURY VT CLIMATE NORMALS FOR TODAY
                         NORMAL    RECORD    YEAR
 MAXIMUM TEMPERATURE (F)   30        49      1966
 MINIMUM TEMPERATURE (F)    7       -34      1948


SUNRISE AND SUNSET
FEBRUARY 10 2016......SUNRISE   656 AM EST   SUNSET   509 PM EST
FEBRUARY 11 2016......SUNRISE   654 AM EST   SUNSET   511 PM EST


-  INDICATES NEGATIVE NUMBERS.
R  INDICATES RECORD WAS SET OR TIED.
MM INDICATES DATA IS MISSING.
T  INDICATES TRACE AMOUNT.




$$
