000
CDUS41 KBTV 310528
CLI1V4


CLIMATE REPORT
NATIONAL WEATHER SERVICE BURLINGTON VT
119 AM EDT WED AUG 31 2016


...................................

...THE ST. JOHNSBURY VT CLIMATE SUMMARY FOR AUGUST 30 2016...

CLIMATE NORMAL PERIOD 1981 TO 2010
CLIMATE RECORD PERIOD 1894 TO 2016


WEATHER ITEM   OBSERVED TIME   RECORD YEAR NORMAL DEPARTURE LAST
                VALUE   (LST)  VALUE       VALUE  FROM      YEAR
                                                  NORMAL
..................................................................
TEMPERATURE (F)
 YESTERDAY
  MAXIMUM         76        MM  95    1953  76      0       78
  MINIMUM         52        MM  36    1986  55     -3       61
  AVERAGE         64                        66     -2       70

PRECIPITATION (IN)
  YESTERDAY        0.00          1.00 1959   0.10  -0.10     0.00
  MONTH TO DATE    5.33                      4.12   1.21     3.74
  SINCE JUN 1     15.15                     12.25   2.90    17.12
  SINCE JAN 1     27.73                     25.66   2.07    28.49

DEGREE DAYS
 HEATING
  YESTERDAY        1                         2     -1        0
  MONTH TO DATE   11                        35    -24        7
  SINCE JUN 1    118                       122     -4      145
  SINCE JUL 1     27                        50    -23       36

 COOLING
  YESTERDAY        0                         3     -3        5
  MONTH TO DATE  143                       119     24      141
  SINCE JUN 1    362                       378    -16      315
  SINCE JAN 1    405                       396      9      353
..................................................................


WIND (MPH)
  HIGHEST WIND SPEED    MM   HIGHEST WIND DIRECTION    MM
  HIGHEST GUST SPEED    MM   HIGHEST GUST DIRECTION    MM
  AVERAGE WIND SPEED    MM


SKY COVER
  AVERAGE SKY COVER 0.0


WEATHER CONDITIONS
 THE FOLLOWING WEATHER WAS RECORDED YESTERDAY.
  NO SIGNIFICANT WEATHER WAS OBSERVED.


RELATIVE HUMIDITY (PERCENT)
 HIGHEST    93          1200 AM
 LOWEST     46           100 PM
 AVERAGE    70

..........................................................


THE ST. JOHNSBURY VT CLIMATE NORMALS FOR TODAY
                         NORMAL    RECORD    YEAR
 MAXIMUM TEMPERATURE (F)   76        91      1973
 MINIMUM TEMPERATURE (F)   55        33      1965


SUNRISE AND SUNSET
AUGUST 31 2016........SUNRISE   610 AM EDT   SUNSET   725 PM EDT
SEPTEMBER  1 2016.....SUNRISE   611 AM EDT   SUNSET   724 PM EDT


-  INDICATES NEGATIVE NUMBERS.
R  INDICATES RECORD WAS SET OR TIED.
MM INDICATES DATA IS MISSING.
T  INDICATES TRACE AMOUNT.




$$
