000
CDUS41 KBTV 220526
CLI1V4


CLIMATE REPORT
NATIONAL WEATHER SERVICE BURLINGTON VT
124 AM EDT MON MAY 22 2017


...................................

...THE ST. JOHNSBURY VT CLIMATE SUMMARY FOR MAY 21 2017...

CLIMATE NORMAL PERIOD 1981 TO 2010
CLIMATE RECORD PERIOD 1894 TO 2017


WEATHER ITEM   OBSERVED TIME   RECORD YEAR NORMAL DEPARTURE LAST
                VALUE   (LST)  VALUE       VALUE  FROM      YEAR
                                                  NORMAL
..................................................................
TEMPERATURE (F)
 YESTERDAY
  MAXIMUM         69        MM  93    1911  70     -1       77
  MINIMUM         34        MM  25    1906  46    -12       41
  AVERAGE         52                        58     -6       59

PRECIPITATION (IN)
  YESTERDAY        0.00          1.76 1940   0.12  -0.12     0.00
  MONTH TO DATE    3.22                      2.21   1.01     2.47
  SINCE MAR 1      9.54                      7.58   1.96     7.27
  SINCE JAN 1     15.28                     12.26   3.02    12.01

DEGREE DAYS
 HEATING
  YESTERDAY       13                         8      5        6
  MONTH TO DATE  293                       223     70      283
  SINCE MAR 1   2087                      1918    169     1947
  SINCE JUL 1   7100                      7642   -542     6832

 COOLING
  YESTERDAY        0                         1     -1        0
  MONTH TO DATE   12                         4      8        0
  SINCE MAR 1     13                         5      8        0
  SINCE JAN 1     13                         5      8        0
..................................................................


WIND (MPH)
  HIGHEST WIND SPEED    MM   HIGHEST WIND DIRECTION    MM
  HIGHEST GUST SPEED    MM   HIGHEST GUST DIRECTION    MM
  AVERAGE WIND SPEED    MM


SKY COVER
  AVERAGE SKY COVER 0.0


WEATHER CONDITIONS
 THE FOLLOWING WEATHER WAS RECORDED YESTERDAY.
  NO SIGNIFICANT WEATHER WAS OBSERVED.


RELATIVE HUMIDITY (PERCENT)
 HIGHEST   100           400 AM
 LOWEST     22           100 PM
 AVERAGE    61

..........................................................


THE ST. JOHNSBURY VT CLIMATE NORMALS FOR TODAY
                         NORMAL    RECORD    YEAR
 MAXIMUM TEMPERATURE (F)   71        96      1911
 MINIMUM TEMPERATURE (F)   46        26      1936


SUNRISE AND SUNSET
MAY 22 2017...........SUNRISE   514 AM EDT   SUNSET   816 PM EDT
MAY 23 2017...........SUNRISE   513 AM EDT   SUNSET   817 PM EDT


-  INDICATES NEGATIVE NUMBERS.
R  INDICATES RECORD WAS SET OR TIED.
MM INDICATES DATA IS MISSING.
T  INDICATES TRACE AMOUNT.




$$
