000
CDUS41 KBTV 160631
CLI1V4


CLIMATE REPORT
NATIONAL WEATHER SERVICE BURLINGTON VT
230 AM EDT TUE SEP 16 2014


...................................

...THE ST. JOHNSBURY VT CLIMATE SUMMARY FOR SEPTEMBER 15 2014...

CLIMATE NORMAL PERIOD 1981 TO 2010
CLIMATE RECORD PERIOD 1894 TO 2014


WEATHER ITEM   OBSERVED TIME   RECORD YEAR NORMAL DEPARTURE LAST
                VALUE   (LST)  VALUE       VALUE  FROM      YEAR
                                                  NORMAL
..................................................................
TEMPERATURE (F)
 YESTERDAY
  MAXIMUM         60    410 PM  94    1915  71    -11       68
  MINIMUM         34    753 AM  26    1913  50    -16       42
  AVERAGE         47                        60    -13       55

PRECIPITATION (IN)
  YESTERDAY        0.00          1.75 1904   0.11  -0.11     0.00
  MONTH TO DATE    0.99                      1.54  -0.55     3.04
  SINCE SEP 1      0.99                      1.54  -0.55     3.04
  SINCE JAN 1     28.43                     27.30   1.13    28.01

DEGREE DAYS
 HEATING
  YESTERDAY       18                         6     12       10
  MONTH TO DATE  101                        57     44       95
  SINCE SEP 1    101                        57     44       95
  SINCE JUL 1    158                       107     51      155

 COOLING
  YESTERDAY        0                         1     -1        0
  MONTH TO DATE   26                        26      0       40
  SINCE SEP 1     26                        26      0       40
  SINCE JAN 1    245                       424   -179      407
..................................................................


WIND (MPH)
  HIGHEST WIND SPEED    MM   HIGHEST WIND DIRECTION    MM
  HIGHEST GUST SPEED    MM   HIGHEST GUST DIRECTION    MM
  AVERAGE WIND SPEED    MM


SKY COVER
  AVERAGE SKY COVER 0.0


WEATHER CONDITIONS
 THE FOLLOWING WEATHER WAS RECORDED YESTERDAY.
  NO SIGNIFICANT WEATHER WAS OBSERVED.


RELATIVE HUMIDITY (PERCENT)
 HIGHEST   100          1200 AM
 LOWEST     51           300 PM
 AVERAGE    76

..........................................................


THE ST. JOHNSBURY VT CLIMATE NORMALS FOR TODAY
                         NORMAL    RECORD    YEAR
 MAXIMUM TEMPERATURE (F)   71        95      1939
 MINIMUM TEMPERATURE (F)   50        28      1913


SUNRISE AND SUNSET
SEPTEMBER 16 2014.....SUNRISE   628 AM EDT   SUNSET   657 PM EDT
SEPTEMBER 17 2014.....SUNRISE   629 AM EDT   SUNSET   655 PM EDT


-  INDICATES NEGATIVE NUMBERS.
R  INDICATES RECORD WAS SET OR TIED.
MM INDICATES DATA IS MISSING.
T  INDICATES TRACE AMOUNT.




$$
