186
CDUS41 KBTV 300546
CLI1V4


CLIMATE REPORT
NATIONAL WEATHER SERVICE BURLINGTON VT
144 AM EDT MON MAY 30 2016


...................................

...THE ST. JOHNSBURY VT CLIMATE SUMMARY FOR MAY 29 2016...

CLIMATE NORMAL PERIOD 1981 TO 2010
CLIMATE RECORD PERIOD 1894 TO 2016


WEATHER ITEM   OBSERVED TIME   RECORD YEAR NORMAL DEPARTURE LAST
                VALUE   (LST)  VALUE       VALUE  FROM      YEAR
                                                  NORMAL
..................................................................
TEMPERATURE (F)
 YESTERDAY
  MAXIMUM         80   1250 PM  92    1978  73      7       83
  MINIMUM         60    502 AM  29    1970  49     11       55
  AVERAGE         70                        61      9       69

PRECIPITATION (IN)
  YESTERDAY        0.00          2.05 2012   0.11  -0.11     0.00
  MONTH TO DATE    3.03                      3.12  -0.09     1.71
  SINCE MAR 1      7.83                      8.49  -0.66     5.50
  SINCE JAN 1     12.57                     13.17  -0.60    10.06

DEGREE DAYS
 HEATING
  YESTERDAY        0                         6     -6        0
  MONTH TO DATE  288                       275     13      178
  SINCE MAR 1   1952                      1970    -18     2155
  SINCE JUL 1   6837                      7694   -857     8220

 COOLING
  YESTERDAY        5                         1      4        4
  MONTH TO DATE   32                        12     20       31
  SINCE MAR 1     32                        13     19       31
  SINCE JAN 1     32                        13     19       31
..................................................................


WIND (MPH)
  HIGHEST WIND SPEED    MM   HIGHEST WIND DIRECTION    MM
  HIGHEST GUST SPEED    MM   HIGHEST GUST DIRECTION    MM
  AVERAGE WIND SPEED    MM


SKY COVER
  AVERAGE SKY COVER 0.0


WEATHER CONDITIONS
 THE FOLLOWING WEATHER WAS RECORDED YESTERDAY.
  NO SIGNIFICANT WEATHER WAS OBSERVED.


RELATIVE HUMIDITY (PERCENT)
 HIGHEST    90           200 AM
 LOWEST     54          1200 PM
 AVERAGE    72

..........................................................


THE ST. JOHNSBURY VT CLIMATE NORMALS FOR TODAY
                         NORMAL    RECORD    YEAR
 MAXIMUM TEMPERATURE (F)   73        94      1929
 MINIMUM TEMPERATURE (F)   49        29      1915


SUNRISE AND SUNSET
MAY 30 2016...........SUNRISE   508 AM EDT   SUNSET   824 PM EDT
MAY 31 2016...........SUNRISE   507 AM EDT   SUNSET   825 PM EDT


-  INDICATES NEGATIVE NUMBERS.
R  INDICATES RECORD WAS SET OR TIED.
MM INDICATES DATA IS MISSING.
T  INDICATES TRACE AMOUNT.




$$
