000
CDUS41 KBTV 250546
CLI1V4


CLIMATE REPORT
NATIONAL WEATHER SERVICE BURLINGTON VT
1242 AM EST SAT FEB 25 2017


...................................

...THE ST. JOHNSBURY VT CLIMATE SUMMARY FOR FEBRUARY 24 2017...

CLIMATE NORMAL PERIOD 1981 TO 2010
CLIMATE RECORD PERIOD 1894 TO 2017


WEATHER ITEM   OBSERVED TIME   RECORD YEAR NORMAL DEPARTURE LAST
                VALUE   (LST)  VALUE       VALUE  FROM      YEAR
                                                  NORMAL
..................................................................
TEMPERATURE (F)
 YESTERDAY
  MAXIMUM         53        MM  55    1930  34     19       34
  MINIMUM         29        MM -33    1914  10     19       28
  AVERAGE         41                        22     19       31

PRECIPITATION (IN)
  YESTERDAY        0.14          0.90 1962   0.07   0.07     0.90
                                      1962
                                      2016
  MONTH TO DATE    3.00                      1.86   1.14     2.40
  SINCE DEC 1      8.43                      7.45   0.98     8.49
  SINCE JAN 1      4.86                      4.37   0.49     3.59

DEGREE DAYS
 HEATING
  YESTERDAY       24                        43    -19       34
  MONTH TO DATE  985                      1106   -121      998
  SINCE DEC 1   3435                      3899   -464     3246
  SINCE JUL 1   4895                      5555   -660     4723

 COOLING
  YESTERDAY        0                         0      0        0
  MONTH TO DATE    0                         0      0        0
  SINCE DEC 1      0                         0      0        0
  SINCE JAN 1      0                         0      0        0
..................................................................


WIND (MPH)
  HIGHEST WIND SPEED    MM   HIGHEST WIND DIRECTION    MM
  HIGHEST GUST SPEED    MM   HIGHEST GUST DIRECTION    MM
  AVERAGE WIND SPEED    MM


SKY COVER
  AVERAGE SKY COVER 0.0


WEATHER CONDITIONS
 THE FOLLOWING WEATHER WAS RECORDED YESTERDAY.
  NO SIGNIFICANT WEATHER WAS OBSERVED.


RELATIVE HUMIDITY (PERCENT)
 HIGHEST   100          1200 AM
 LOWEST     63          1200 PM
 AVERAGE    82

..........................................................


THE ST. JOHNSBURY VT CLIMATE NORMALS FOR TODAY
                         NORMAL    RECORD    YEAR
 MAXIMUM TEMPERATURE (F)   34        60      2016
 MINIMUM TEMPERATURE (F)   11       -28      1914


SUNRISE AND SUNSET
FEBRUARY 25 2017......SUNRISE   632 AM EST   SUNSET   531 PM EST
FEBRUARY 26 2017......SUNRISE   630 AM EST   SUNSET   532 PM EST


-  INDICATES NEGATIVE NUMBERS.
R  INDICATES RECORD WAS SET OR TIED.
MM INDICATES DATA IS MISSING.
T  INDICATES TRACE AMOUNT.




$$
