000
CDUS41 KBTV 310536
CLI1V4


CLIMATE REPORT
NATIONAL WEATHER SERVICE BURLINGTON VT
134 AM EDT MON AUG 31 2015


...................................

...THE ST. JOHNSBURY VT CLIMATE SUMMARY FOR AUGUST 30 2015...

CLIMATE NORMAL PERIOD 1981 TO 2010
CLIMATE RECORD PERIOD 1894 TO 2015


WEATHER ITEM   OBSERVED TIME   RECORD YEAR NORMAL DEPARTURE LAST
                VALUE   (LST)  VALUE       VALUE  FROM      YEAR
                                                  NORMAL
..................................................................
TEMPERATURE (F)
 YESTERDAY
  MAXIMUM         78    426 PM  95    1953  76      2       76
  MINIMUM         61    701 AM  36    1986  55      6       51
  AVERAGE         70                        66      4       64

PRECIPITATION (IN)
  YESTERDAY        0.00          1.00 1959   0.10  -0.10     0.00
  MONTH TO DATE    3.74                      4.12  -0.38     1.70
  SINCE JUN 1     17.12                     12.25   4.87    11.66
  SINCE JAN 1     28.49                     25.66   2.83    27.36

DEGREE DAYS
 HEATING
  YESTERDAY        0                         2     -2        1
  MONTH TO DATE    7                        35    -28       39
  SINCE JUN 1    145                       122     23      126
  SINCE JUL 1     36                        50    -14       57

 COOLING
  YESTERDAY        5                         3      2        0
  MONTH TO DATE  141                       119     22       55
  SINCE JUN 1    315                       378    -63      213
  SINCE JAN 1    353                       396    -43      217
..................................................................


WIND (MPH)
  HIGHEST WIND SPEED    MM   HIGHEST WIND DIRECTION    MM
  HIGHEST GUST SPEED    MM   HIGHEST GUST DIRECTION    MM
  AVERAGE WIND SPEED    MM


SKY COVER
  AVERAGE SKY COVER 0.0


WEATHER CONDITIONS
 THE FOLLOWING WEATHER WAS RECORDED YESTERDAY.
  NO SIGNIFICANT WEATHER WAS OBSERVED.


RELATIVE HUMIDITY (PERCENT)
 HIGHEST    93          1200 AM
 LOWEST     50           300 PM
 AVERAGE    72

..........................................................


THE ST. JOHNSBURY VT CLIMATE NORMALS FOR TODAY
                         NORMAL    RECORD    YEAR
 MAXIMUM TEMPERATURE (F)   76        91      1973
 MINIMUM TEMPERATURE (F)   55        33      1965


SUNRISE AND SUNSET
AUGUST 31 2015........SUNRISE   609 AM EDT   SUNSET   727 PM EDT
SEPTEMBER  1 2015.....SUNRISE   610 AM EDT   SUNSET   725 PM EDT


-  INDICATES NEGATIVE NUMBERS.
R  INDICATES RECORD WAS SET OR TIED.
MM INDICATES DATA IS MISSING.
T  INDICATES TRACE AMOUNT.




$$
